000
CXUS56 KLOX 011647
CLMLAX
CLIMATE REPORT
NATIONAL WEATHER SERVICE LOS ANGELES/OXNARD
947 AM PDT TUE AUG 01 2023
...................................
...THE LOS ANGELES INTL AIRPORT CA CLIMATE SUMMARY FOR THE MONTH OF JULY 2023...
CLIMATE NORMAL PERIOD: 1991 TO 2020
CLIMATE RECORD PERIOD: 1944 TO 2023
WEATHER OBSERVED NORMAL DEPART LAST YEAR`S
VALUE DATE(S) VALUE FROM VALUE
NORMAL
..............................................................
TEMPERATURE (F)
HIGHEST 84 07/31
LOWEST 58 07/02
07/03
07/04
AVG. MAXIMUM 74.7 75.1 -0.4
AVG. MINIMUM 62.7 64.0 -1.3
MEAN 68.7 69.6 -0.9
DAYS MAX >= 90 0
DAYS MAX <= 32 0
DAYS MIN <= 32 0
DAYS MIN <= 0 0
PRECIPITATION (INCHES)
TOTALS 0.00 0.04 -0.04
DAILY AVG. 0.00 0.00 -0.00
DAYS >= .01 0
DAYS >= .10 0
DAYS >= .50 0
DAYS >= 1.00 0
GREATEST
24 HR. TOTAL 0.00 06/30 TO 06/30
DEGREE DAYS
HEATING TOTAL 4 2 2 0
SINCE 7/1 4 0 4 MM
COOLING TOTAL 128 142 -14 148
SINCE 1/1 139 260 -121 MM
..............................................................
WIND (MPH)
AVERAGE WIND SPEED 7.6
HIGHEST WIND SPEED/DIRECTION 18/250 DATE 07/05
18/260 07/23
18/260 07/24
HIGHEST GUST SPEED/DIRECTION 24/250 DATE 07/13
SKY COVER
POSSIBLE SUNSHINE (PERCENT) MM
AVERAGE SKY COVER 0.46
NUMBER OF DAYS FAIR 10
NUMBER OF DAYS PC 19
NUMBER OF DAYS CLOUDY 2
AVERAGE RH (PERCENT) 80
WEATHER CONDITIONS. NUMBER OF DAYS WITH
THUNDERSTORM 0 MIXED PRECIP 0
HEAVY RAIN 0 RAIN 0
LIGHT RAIN 0 FREEZING RAIN 0
LT FREEZING RAIN 0 HAIL 0
HEAVY SNOW 0 SNOW 0
LIGHT SNOW 0 SLEET 0
FOG 22 FOG W/VIS <= 1/4 MILE 4
HAZE 16
- INDICATES NEGATIVE NUMBERS.
R INDICATES RECORD WAS SET OR TIED.
MM INDICATES DATA IS MISSING.
T INDICATES TRACE AMOUNT.
$$