000
CXUS52 KILM 011100
CF6LBT
PRELIMINARY LOCAL CLIMATOLOGICAL DATA (WS FORM: F-6)
STATION: LUMBERTON NORTH CAROLINA
MONTH: DECEMBER
YEAR: 2022
LATITUDE: 34 35 N
LONGITUDE: 79 4 W
TEMPERATURE IN F: :PCPN: SNOW: WIND :SUNSHINE: SKY :PK WND
================================================================================
1 2 3 4 5 6A 6B 7 8 9 10 11 12 13 14 15 16 17 18
12Z AVG MX 2MIN
DY MAX MIN AVG DEP HDD CDD WTR SNW DPTH SPD SPD DIR MIN PSBL S-S WX SPD DR
================================================================================
1 56 30 43 -7 22 0 0.00 M M 4.6 16 360 M M 0 19 360
2 61 28 45 -5 20 0 0.00 M M 2.0 9 110 M M 1 1 14 120
3 72 48 60 10 5 0 0.04 M M 3.8 17 220 M M 6 1 23 240
4 60 47 54 4 11 0 0.00 M M 6.3 15 20 M M 3 1 20 40
5 57 36 47 -2 18 0 0.00 M M 3.4 8 60 M M 7 11 60
6 68 51 60 11 5 0 0.01 M M 2.2 8 70 M M 10 1 10 130
7 74 55 65 16 0 0 0.00 M M 3.5 10 230 M M 8 1 M M
8 67 58 63 14 2 0 T M M 5.1 13 30 M M 10 1 26 360
9 58 49 54 5 11 0 0.07 M M 8.5 16 30 M M 10 1 22 70
10 56 45 51 3 14 0 0.00 M M 6.7 10 30 M M 10 14 50
11 52 47 50 2 15 0 0.00 M M 3.7 9 20 M M 9 11 280
12 57 41 49 1 16 0 0.00 M M 6.7 17 10 M M 4 20 20
13 52 30 41 -7 24 0 0.00 M M 5.2 17 60 M M M 22 50
14 48 28 38 -10 27 0 0.00 M M 4.4 10 80 M M 10 15 120
15 68 44 56 8 9 0 0.79 M M 6.6 16 270 M M 8 1 20 270
16 52 40 46 -1 19 0 0.00 M M 6.6 15 230 M M 4 8 20 230
17 52 36 44 -3 21 0 0.00 M M 6.7 15 210 M M 2 21 220
18 52 30 41 -6 24 0 0.00 M M 5.4 14 270 M M 0 18 300
19 49 26 38 -9 27 0 0.00 M M 3.3 12 20 M M 0 15 20
20 42 34 38 -9 27 0 T M M 5.7 10 20 M M 6 14 50
21 45 36 41 -5 24 0 0.10 M M 10.0 16 20 M M 10 21 20
22 64 43 54 8 11 0 1.04 M M 8.8 23 240 M M 9 1 27 240
23 54 23 39 -7 26 0 0.04 M M 17.0 40 240 M M 3 1 52 230
24 29 16 23 -23 42 0 0.00 M M 11.0 20 250 M M 0 26 260
25 39 18 29 -17 36 0 0.00 M M 5.3 12 250 M M 0 17 250
26 46 16 31 -15 34 0 0.00 M M M M M M M M M M
27 50 22 36 -10 29 0 0.00 M M 0.5 6 40 M M 0 8 80
28 56 24 40 -6 25 0 0.00 M M 0.5 7 200 M M 0 1 11 200
29 67 27 47 1 18 0 0.00 M M 0.6 7 330 M M 0 11 300
30 73 35 54 9 11 0 0.00 M M 3.5 14 110 M M 2 1 19 70
31 69 50 60 15 5 0 0.02 M M 5.2 13 260 M M 8 12 18 240
================================================================================
SM 1745 1113 578 0 2.11 M 162.8 M 140
================================================================================
AV 56.3 35.9 5.4 FASTST M M 5 MAX(MPH)
MISC ----> 40 240 52 230
================================================================================
NOTES:
# LAST OF SEVERAL OCCURRENCES
COLUMN 17 PEAK WIND IN M.P.H.
PRELIMINARY LOCAL CLIMATOLOGICAL DATA (WS FORM: F-6) , PAGE 2
STATION: LUMBERTON NORTH CAROLINA
MONTH: DECEMBER
YEAR: 2022
LATITUDE: 34 35 N
LONGITUDE: 79 4 W
[TEMPERATURE DATA] [PRECIPITATION DATA] SYMBOLS USED IN COLUMN 16
AVERAGE MONTHLY: 46.1 TOTAL FOR MONTH: 2.11 1 = FOG OR MIST
DPTR FM NORMAL: -1.4 DPTR FM NORMAL: -1.20 2 = FOG REDUCING VISIBILITY
HIGHEST: 74 ON 7 GRTST 24HR 1.08 ON 22-23 TO 1/4 MILE OR LESS
LOWEST: 16 ON 26,24 3 = THUNDER
SNOW, ICE PELLETS, HAIL 4 = ICE PELLETS
TOTAL MONTH: M 5 = HAIL
GRTST 24HR M ON M 6 = FREEZING RAIN OR DRIZZLE
GRTST DEPTH: M ON M 7 = DUSTSTORM OR SANDSTORM:
VSBY 1/2 MILE OR LESS
8 = SMOKE OR HAZE
[NO. OF DAYS WITH] [WEATHER - DAYS WITH] 9 = BLOWING SNOW
X = TORNADO
MAX 32 OR BELOW: 1 0.01 INCH OR MORE: 8
MAX 90 OR ABOVE: 0 0.10 INCH OR MORE: 3
MIN 32 OR BELOW: 13 0.50 INCH OR MORE: 2
MIN 0 OR BELOW: 0 1.00 INCH OR MORE: 1
[HDD (BASE 65) ]
TOTAL THIS MO. 578 CLEAR (SCALE 0-3) 12
DPTR FM NORMAL 32 PTCLDY (SCALE 4-7) 9
TOTAL FM JUL 1 940 CLOUDY (SCALE 8-10) 10
DPTR FM NORMAL -63
[CDD (BASE 65) ]
TOTAL THIS MO. 0
DPTR FM NORMAL -4 [PRESSURE DATA]
TOTAL FM JAN 1 2338 HIGHEST SLP 30.57 ON 2
DPTR FM NORMAL 250 LOWEST SLP 29.56 ON 23
[REMARKS]
#FINAL-12-22#