000
CXUS52 KILM 011133
CF6LBT
PRELIMINARY LOCAL CLIMATOLOGICAL DATA (WS FORM: F-6)
STATION: LUMBERTON NORTH CAROLINA
MONTH: APRIL
YEAR: 2021
LATITUDE: 34 35 N
LONGITUDE: 79 4 W
TEMPERATURE IN F: :PCPN: SNOW: WIND :SUNSHINE: SKY :PK WND
================================================================================
1 2 3 4 5 6A 6B 7 8 9 10 11 12 13 14 15 16 17 18
12Z AVG MX 2MIN
DY MAX MIN AVG DEP HDD CDD WTR SNW DPTH SPD SPD DIR MIN PSBL S-S WX SPD DR
================================================================================
1 65 40 53 -5 12 0 0.01 M M M M M M M M M M
2 52 32 42 -17 23 0 0.00 M M M M M M M M M M
3 60 29 45 -14 20 0 0.00 M M M M M M M M M M
4 75 39 57 -2 8 0 0.00 M M M M M M M M M M
5 79 44 62 3 3 0 0.00 M M M M M M M M M M
6 85 51 68 8 0 3 0.00 M M M M M M M M M M
7 87 50 69 9 0 4 0.00 M M M M M M M M M M
8 85 52 69 9 0 4 0.00 M M M M M M M M M M
9 83 59 71 11 0 6 0.00 M M M M M M M M M M
10 79 63 71 11 0 6 0.52 M M M M M M M M M M
11 79 62 71 10 0 6 0.00 M M M M M M M M M M
12 82 54 68 7 0 3 0.00 M M M M M M M M M M
13 80 52 66 5 0 1 0.00 M M M M M M M M M M
14 84 56 70 9 0 5 0.00 M M M M M M M M M M
15 73 55 64 2 1 0 0.03 M M M M M M M M M M
16 71 46 59 -3 6 0 0.00 M M M M M M M M M M
17 74 50 62 0 3 0 0.00 M M M M M M M M M M
18 79 52 66 4 0 1 0.00 M M M M M M M M M M
19 73 48 61 -1 4 0 0.00 M M M M M M M M M M
20 76 44 60 -3 5 0 0.00 M M M M M M M M M M
21 81 45 63 0 2 0 0.00 M M M M M M M M M M
22 62 35 49 -14 16 0 0.00 M M M M M M M M M M
23 70 36 53 -11 12 0 0.00 M M M M M M M M M M
24 68 46 57 -7 8 0 0.00 M M M M M M M M M M
25 75 51 63 -1 2 0 0.29 M M M M M M M M M M
26 79 44 62 -2 3 0 0.00 M M M M M M M M M M
27 84 50 67 3 0 2 0.00 M M M M M M M M M M
28 86 61 74 9 0 9 0.00 M M M M M M M M M M
29 87 66 77 12 0 12 0.00 M M M M M M M M M M
30 81 63 72 7 0 7 0.00 M M M M M M M M M M
================================================================================
SM 2294 1475 128 69 0.85 M M M M
================================================================================
AV 76.5 49.2 M FASTST M M M MAX(MPH)
MISC ----> M M M M
================================================================================
NOTES:
# LAST OF SEVERAL OCCURRENCES
COLUMN 17 PEAK WIND IN M.P.H.
PRELIMINARY LOCAL CLIMATOLOGICAL DATA (WS FORM: F-6) , PAGE 2
STATION: LUMBERTON NORTH CAROLINA
MONTH: APRIL
YEAR: 2021
LATITUDE: 34 35 N
LONGITUDE: 79 4 W
[TEMPERATURE DATA] [PRECIPITATION DATA] SYMBOLS USED IN COLUMN 16
AVERAGE MONTHLY: 62.8 TOTAL FOR MONTH: 0.85 1 = FOG OR MIST
DPTR FM NORMAL: 1.1 DPTR FM NORMAL: -1.97 2 = FOG REDUCING VISIBILITY
HIGHEST: 87 ON 29, 7 GRTST 24HR 0.52 ON 10-10 TO 1/4 MILE OR LESS
LOWEST: 29 ON 3 3 = THUNDER
SNOW, ICE PELLETS, HAIL 4 = ICE PELLETS
TOTAL MONTH: M 5 = HAIL
GRTST 24HR M ON M 6 = FREEZING RAIN OR DRIZZLE
GRTST DEPTH: M ON M 7 = DUSTSTORM OR SANDSTORM:
VSBY 1/2 MILE OR LESS
8 = SMOKE OR HAZE
[NO. OF DAYS WITH] [WEATHER - DAYS WITH] 9 = BLOWING SNOW
X = TORNADO
MAX 32 OR BELOW: 0 0.01 INCH OR MORE: 4
MAX 90 OR ABOVE: 0 0.10 INCH OR MORE: 2
MIN 32 OR BELOW: 2 0.50 INCH OR MORE: 1
MIN 0 OR BELOW: 0 1.00 INCH OR MORE: 0
[HDD (BASE 65) ]
TOTAL THIS MO. 128 CLEAR (SCALE 0-3) 0
DPTR FM NORMAL -25 PTCLDY (SCALE 4-7) 0
TOTAL FM JUL 1 2312 CLOUDY (SCALE 8-10) 30
DPTR FM NORMAL -417
[CDD (BASE 65) ]
TOTAL THIS MO. 69
DPTR FM NORMAL 14 [PRESSURE DATA]
TOTAL FM JAN 1 106 HIGHEST SLP M ON M
DPTR FM NORMAL 38 LOWEST SLP M ON M
[REMARKS]
#FINAL-04-21#