000
CXUS52 KILM 022023
CF6LBT
PRELIMINARY LOCAL CLIMATOLOGICAL DATA (WS FORM: F-6)
STATION: LUMBERTON NORTH CAROLINA
MONTH: NOVEMBER
YEAR: 2021
LATITUDE: 34 35 N
LONGITUDE: 79 4 W
TEMPERATURE IN F: :PCPN: SNOW: WIND :SUNSHINE: SKY :PK WND
================================================================================
1 2 3 4 5 6A 6B 7 8 9 10 11 12 13 14 15 16 17 18
12Z AVG MX 2MIN
DY MAX MIN AVG DEP HDD CDD WTR SNW DPTH SPD SPD DIR MIN PSBL S-S WX SPD DR
================================================================================
1 73 46 60 2 5 0 0.00 M M M M M M M M M M
2 76 44 60 2 5 0 0.00 M M M M M M M M M M
3 57 49 53 -5 12 0 0.00 M M M M M M M M M M
4 50 41 46 -11 19 0 0.00 M M M M M M M M M M
5 53 37 45 -12 20 0 0.00 M M M M M M M M M M
6 56 44 50 -7 15 0 0.12 M M M M M M M M M M
7 61 43 52 -4 13 0 0.10 M M M M M M M M M M
8 72 39 56 0 9 0 0.00 M M M M M M M M M M
9 79 38 59 3 6 0 0.00 M M M M M M M M M M
10 79 44 62 6 3 0 0.00 M M M M M M M M M M
11 78 42 60 5 5 0 0.00 M M M M M M M M M M
12 76 46 61 6 4 0 0.00 M M M M M M M M M M
13 73 41 57 2 8 0 0.00 M M M M M M M M M M
14 64 36 50 -4 15 0 0.00 M M M M M M M M M M
15 64 36 50 -4 15 0 0.00 M M M M M M M M M M
16 71 33 52 -2 13 0 0.00 M M M M M M M M M M
17 77 43 60 6 5 0 0.00 M M M M M M M M M M
18 77 51 64 11 1 0 0.00 M M M M M M M M M M
19 63 37 50 -3 15 0 0.00 M M M M M M M M M M
20 58 33 46 -7 19 0 0.00 M M M M M M M M M M
21 73 40 57 4 8 0 0.00 M M M M M M M M M M
22 58 44 51 -1 14 0 0.28 M M M M M M M M M M
23 51 28 40 -12 25 0 0.00 M M M M M M M M M M
24 55 26 41 -11 24 0 0.00 M M M M M M M M M M
25 65 27 46 -6 19 0 0.00 M M M M M M M M M M
26 61 37 49 -2 16 0 0.21 M M M M M M M M M M
27 57 28 43 -8 22 0 0.00 M M M M M M M M M M
28 63 41 52 1 13 0 0.00 M M M M M M M M M M
29 52 28 40 -11 25 0 0.00 M M M M M M M M M M
30 62 26 44 -6 21 0 0.00 M M M M M M M M M M
================================================================================
SM 1954 1148 394 0 0.71 M M M M
================================================================================
AV 65.1 38.3 M FASTST M M M MAX(MPH)
MISC ----> M M M M
================================================================================
NOTES:
# LAST OF SEVERAL OCCURRENCES
COLUMN 17 PEAK WIND IN M.P.H.
PRELIMINARY LOCAL CLIMATOLOGICAL DATA (WS FORM: F-6) , PAGE 2
STATION: LUMBERTON NORTH CAROLINA
MONTH: NOVEMBER
YEAR: 2021
LATITUDE: 34 35 N
LONGITUDE: 79 4 W
[TEMPERATURE DATA] [PRECIPITATION DATA] SYMBOLS USED IN COLUMN 16
AVERAGE MONTHLY: 51.7 TOTAL FOR MONTH: 0.71 1 = FOG OR MIST
DPTR FM NORMAL: -2.4 DPTR FM NORMAL: -2.24 2 = FOG REDUCING VISIBILITY
HIGHEST: 79 ON 10, 9 GRTST 24HR 0.28 ON 22-22 TO 1/4 MILE OR LESS
LOWEST: 26 ON 30,24 3 = THUNDER
SNOW, ICE PELLETS, HAIL 4 = ICE PELLETS
TOTAL MONTH: M 5 = HAIL
GRTST 24HR M ON M 6 = FREEZING RAIN OR DRIZZLE
GRTST DEPTH: M ON M 7 = DUSTSTORM OR SANDSTORM:
VSBY 1/2 MILE OR LESS
8 = SMOKE OR HAZE
[NO. OF DAYS WITH] [WEATHER - DAYS WITH] 9 = BLOWING SNOW
X = TORNADO
MAX 32 OR BELOW: 0 0.01 INCH OR MORE: 4
MAX 90 OR ABOVE: 0 0.10 INCH OR MORE: 4
MIN 32 OR BELOW: 6 0.50 INCH OR MORE: 0
MIN 0 OR BELOW: 0 1.00 INCH OR MORE: 0
[HDD (BASE 65) ]
TOTAL THIS MO. 394 CLEAR (SCALE 0-3) 0
DPTR FM NORMAL 55 PTCLDY (SCALE 4-7) 0
TOTAL FM JUL 1 447 CLOUDY (SCALE 8-10) 30
DPTR FM NORMAL -9
[CDD (BASE 65) ]
TOTAL THIS MO. 0
DPTR FM NORMAL -14 [PRESSURE DATA]
TOTAL FM JAN 1 2107 HIGHEST SLP M ON M
DPTR FM NORMAL 23 LOWEST SLP M ON M
[REMARKS]
#FINAL-11-21#
CORRECTED MISSING DATA ON NOV 27 AND NOV 30, BAD MAXT ON NOV 19, AND BAD MINT ON NOV 15, 19, 22, 23, 28, AND 29.