000
CXUS54 KHGX 012238
CF6LBX
PRELIMINARY LOCAL CLIMATOLOGICAL DATA (WS FORM: F-6)
STATION: ANGLETON/LAKE_JACKS
MONTH: AUGUST
YEAR: 2023
LATITUDE: 29 6 N
LONGITUDE: 95 28 W
TEMPERATURE IN F: :PCPN: SNOW: WIND :SUNSHINE: SKY :PK WND
================================================================================
1 2 3 4 5 6A 6B 7 8 9 10 11 12 13 14 15 16 17 18
12Z AVG MX 2MIN
DY MAX MIN AVG DEP HDD CDD WTR SNW DPTH SPD SPD DIR MIN PSBL S-S WX SPD DR
================================================================================
1 99 75 87 3 0 22 0.00 0.0 0 3.9 16 170 M M 1 22 180
2 97 73 85 1 0 20 0.00 0.0 0 4.3 16 150 M M 1 12 25 150
3 98 76 87 3 0 22 0.00 0.0 0 5.8 18 190 M M 1 1 26 180
4 100 77 89 5 0 24 0.00 0.0 0 8.0 23 170 M M 1 33 180
5 97 76 87 3 0 22 0.00 0.0 0 7.3 20 180 M M 2 27 180
6 98 78 88 4 0 23 0.00 0.0 0 8.6 20 170 M M 1 27 170
7 98 78 88 4 0 23 0.00 0.0 0 9.6 20 180 M M 1 1 26 180
8 98 78 88 4 0 23 0.00 0.0 0 8.8 21 180 M M 1 29 150
9 97 81 89 5 0 24 T 0.0 0 12.8 23 170 M M 3 33 180
10 97 80 89 5 0 24 0.00 0.0 0 11.6 22 180 M M 3 35 170
11 97 80 89 5 0 24 0.00 0.0 0 11.2 20 170 M M 2 1 33 180
12 98 81 90 6 0 25 0.00 0.0 0 11.7 22 190 M M 3 1 33 170
13 97 76 87 3 0 22 0.00 0.0 0 8.0 17 170 M M 1 1 24 180
14 99 76 88 4 0 23 0.00 0.0 0 6.9 18 180 M M 1 12 25 180
15 105 77 91 7 0 26 T 0.0 0 5.6 18 170 M M 2 13 22 180
16 100 73 87 3 0 22 0.00 0.0 0 6.2 17 110 M M 0 1 28 20
17 101 72 87 3 0 22 0.00 0.0 0 6.5 23 180 M M 2 12 31 170
18 100 73 87 3 0 22 0.00 0.0 0 6.1 17 180 M M 1 12 24 170
19 100 72 86 2 0 21 0.00 0.0 0 4.9 17 170 M M 2 12 25 170
20 103 76 90 6 0 25 0.00 0.0 0 5.6 17 180 M M 2 1 22 180
21 97 76 87 3 0 22 0.00 0.0 0 6.5 20 100 M M 1 1 25 110
22 95 80 88 4 0 23 0.33 0.0 0 10.5 23 120 M M 4 13 38 130
23 98 76 87 3 0 22 0.00 0.0 0 5.2 17 140 M M 0 1 23 140
24 103 78 91 8 0 26 0.00 0.0 0 5.5 17 180 M M 2 23 170
25 99 74 87 4 0 22 0.00 0.0 0 4.9 18 140 M M 1 27 140
26 100 74 87 4 0 22 0.00 0.0 0 4.2 15 160 M M 1 1 22 160
27 107 76 92 9 0 27 T 0.0 0 5.8 25 360 M M 2 1 34 360
28 99 76 88 5 0 23 0.00 0.0 0 3.8 13 110 M M 1 17 20
29 99 72 86 3 0 21 T 0.0 0 7.4 21 360 M M 2 30 50
30 101 67 84 1 0 19 0.00 0.0 0 6.7 20 360 M M 0 36 10
31 98 70 84 1 0 19 0.00 0.0 0 5.1 16 110 M M 0 24 110
================================================================================
SM 3075 2347 0 705 0.33 0.0 219.0 M 45
================================================================================
AV 99.2 75.7 7.1 FASTST M M 1 MAX(MPH)
MISC ----> 25 360 38 130
================================================================================
NOTES:
# LAST OF SEVERAL OCCURRENCES
COLUMN 17 PEAK WIND IN M.P.H.
PRELIMINARY LOCAL CLIMATOLOGICAL DATA (WS FORM: F-6) , PAGE 2
STATION: ANGLETON/LAKE_JACKS
MONTH: AUGUST
YEAR: 2023
LATITUDE: 29 6 N
LONGITUDE: 95 28 W
[TEMPERATURE DATA] [PRECIPITATION DATA] SYMBOLS USED IN COLUMN 16
AVERAGE MONTHLY: 87.5 TOTAL FOR MONTH: 0.33 1 = FOG OR MIST
DPTR FM NORMAL: 3.6 DPTR FM NORMAL: -3.87 2 = FOG REDUCING VISIBILITY
HIGHEST: 107 ON 27 GRTST 24HR 0.33 ON 22-22 TO 1/4 MILE OR LESS
LOWEST: 67 ON 30 3 = THUNDER
SNOW, ICE PELLETS, HAIL 4 = ICE PELLETS
TOTAL MONTH: 0.0 INCH 5 = HAIL
GRTST 24HR 0.0 6 = FREEZING RAIN OR DRIZZLE
GRTST DEPTH: 0 7 = DUSTSTORM OR SANDSTORM:
VSBY 1/2 MILE OR LESS
8 = SMOKE OR HAZE
[NO. OF DAYS WITH] [WEATHER - DAYS WITH] 9 = BLOWING SNOW
X = TORNADO
MAX 32 OR BELOW: 0 0.01 INCH OR MORE: 1
MAX 90 OR ABOVE: 31 0.10 INCH OR MORE: 1
MIN 32 OR BELOW: 0 0.50 INCH OR MORE: 0
MIN 0 OR BELOW: 0 1.00 INCH OR MORE: 0
[HDD (BASE 65) ]
TOTAL THIS MO. 0 CLEAR (SCALE 0-3) 29
DPTR FM NORMAL 0 PTCLDY (SCALE 4-7) 2
TOTAL FM JUL 1 0 CLOUDY (SCALE 8-10) 0
DPTR FM NORMAL 0
[CDD (BASE 65) ]
TOTAL THIS MO. 705
DPTR FM NORMAL 119 [PRESSURE DATA]
TOTAL FM JAN 1 2717 HIGHEST SLP 30.08 ON 1
DPTR FM NORMAL 333 LOWEST SLP 29.71 ON 27
[REMARKS]
#FINAL-08-23#