000
CXUS54 KLCH 021446
CF6LCH
PRELIMINARY LOCAL CLIMATOLOGICAL DATA (WS FORM: F-6)
STATION: LAKE CHARLES
MONTH: OCTOBER
YEAR: 2020
LATITUDE: 30 7 N
LONGITUDE: 93 13 W
TEMPERATURE IN F: :PCPN: SNOW: WIND :SUNSHINE: SKY :PK WND
================================================================================
1 2 3 4 5 6A 6B 7 8 9 10 11 12 13 14 15 16 17 18
12Z AVG MX 2MIN
DY MAX MIN AVG DEP HDD CDD WTR SNW DPTH SPD SPD DIR MIN PSBL S-S WX SPD DR
================================================================================
1 86 56 71 -3 0 6 0.00 0.0 0 6.2 13 30 M M 0 1 20 10
2 83 56 70 -4 0 5 0.00 0.0 0 6.6 13 50 M M 0 17 350
3 78 53 66 -8 0 1 0.00 0.0 0 5.2 10 120 M M 0 15 130
4 83 54 69 -5 0 4 0.00 0.0 0 4.3 15 20 M M 0 23 60
5 81 60 71 -2 0 6 0.00 0.0 0 7.3 14 60 M M 3 19 60
6 84 57 71 -2 0 6 0.00 0.0 0 7.3 14 20 M M 0 23 30
7 83 65 74 1 0 9 0.00 0.0 M 8.3 14 70 M M 2 M M
8 79 73 76 4 0 11 0.12 M M 10.9 17 60 M M 5 13 28 60
9 74 69 72 0 0 7 9.53 0.0 M 28.3 62 360 M M 9 12 95 340
10 84 68 76 4 0 11 0.01 0.0 0 8.1 20 280 M M M 1 30 280
11 85 70 78 6 0 13 0.00 0.0 0 6.6 14 220 M M M 128 20 190
12 87 74 81 10 0 16 0.00 0.0 0 6.4 15 240 M M 4 1 22 280
13 85 63 74 3 0 9 0.00 0.0 0 7.4 16 60 M M M 19 50
14 84 57 71 0 0 6 0.00 0.0 0 4.0 10 320 M M M 8 12 320
15 84 63 74 4 0 9 0.00 0.0 0 6.0 14 210 M M M 1 21 190
16 74 55 65 -5 0 0 0.02 0.0 0 13.4 25 40 M M 10 1 37 60
17 76 54 65 -5 0 0 0.00 0.0 0 10.0 17 140 M M 7 24 140
18 84 65 75 5 0 10 0.00 0.0 0 9.2 20 150 M M 3 1 25 150
19 83 67 75 6 0 10 0.00 0.0 0 6.5 14 150 M M 6 12 19 170
20 83 65 74 5 0 9 0.00 0.0 0 5.2 14 120 M M 6 12 19 120
21 87 65 76 7 0 11 0.00 0.0 0 5.7 14 110 M M 3 1 20 140
22 85 67 76 8 0 11 0.00 0.0 0 6.2 15 130 M M 2 1 18 190
23 85 68 77 9 0 12 0.70 0.0 0 7.7 18 110 M M 6 123 27 290
24 69 58 64 -4 1 0 0.00 0.0 0 10.4 17 340 M M 9 8 24 340
25 71 57 64 -4 1 0 0.00 0.0 0 5.7 12 90 M M 9 1 15 90
26 80 59 70 3 0 5 0.00 0.0 0 6.0 12 70 M M 5 14 120
27 83 62 73 6 0 8 0.13 0.0 0 8.1 16 60 M M 6 12 23 50
28 81 49 65 -2 0 0 0.18 M M 11.3 28 310 M M 10 1 38 320
29 62 45 54 -12 11 0 0.00 0.0 0 12.7 22 360 M M 2 31 10
30 68 48 58 -8 7 0 0.00 0.0 0 9.0 23 30 M M 1 34 40
31 71 45 58 -8 7 0 0.00 0.0 0 3.4 9 240 M M 0 1 15 220
================================================================================
SM 2482 1867 27 195 10.69 0.0 253.4 M 108
================================================================================
AV 80.1 60.2 8.2 FASTST M M 4 MAX(MPH)
MISC ----> # 62 360 # 95 340
================================================================================
NOTES:
# LAST OF SEVERAL OCCURRENCES
COLUMN 17 PEAK WIND IN M.P.H.
PRELIMINARY LOCAL CLIMATOLOGICAL DATA (WS FORM: F-6) , PAGE 2
STATION: LAKE CHARLES
MONTH: OCTOBER
YEAR: 2020
LATITUDE: 30 7 N
LONGITUDE: 93 13 W
[TEMPERATURE DATA] [PRECIPITATION DATA] SYMBOLS USED IN COLUMN 16
AVERAGE MONTHLY: 70.2 TOTAL FOR MONTH: 10.69 1 = FOG OR MIST
DPTR FM NORMAL: 0.0 DPTR FM NORMAL: 5.79 2 = FOG REDUCING VISIBILITY
HIGHEST: 87 ON 21,12 GRTST 24HR 9.53 ON 9- 9 TO 1/4 MILE OR LESS
LOWEST: 45 ON 31,29 3 = THUNDER
SNOW, ICE PELLETS, HAIL 4 = ICE PELLETS
TOTAL MONTH: 0.0 INCH 5 = HAIL
GRTST 24HR 0.0 6 = FREEZING RAIN OR DRIZZLE
GRTST DEPTH: 0 7 = DUSTSTORM OR SANDSTORM:
VSBY 1/2 MILE OR LESS
8 = SMOKE OR HAZE
[NO. OF DAYS WITH] [WEATHER - DAYS WITH] 9 = BLOWING SNOW
X = TORNADO
MAX 32 OR BELOW: 0 0.01 INCH OR MORE: 7
MAX 90 OR ABOVE: 0 0.10 INCH OR MORE: 5
MIN 32 OR BELOW: 0 0.50 INCH OR MORE: 2
MIN 0 OR BELOW: 0 1.00 INCH OR MORE: 1
[HDD (BASE 65) ]
TOTAL THIS MO. 27 CLEAR (SCALE 0-3) 13
DPTR FM NORMAL -8 PTCLDY (SCALE 4-7) 8
TOTAL FM JUL 1 27 CLOUDY (SCALE 8-10) 5
DPTR FM NORMAL -9
[CDD (BASE 65) ]
TOTAL THIS MO. 195
DPTR FM NORMAL 2 [PRESSURE DATA]
TOTAL FM JAN 1 2900 HIGHEST SLP 30.30 ON 30
DPTR FM NORMAL 167 LOWEST SLP 28.99 ON 9
[REMARKS]
#FINAL-10-20#