000
CXUS54 KLCH 010842
CF6LCH
PRELIMINARY LOCAL CLIMATOLOGICAL DATA (WS FORM: F-6)
STATION: LAKE CHARLES
MONTH: MAY
YEAR: 2020
LATITUDE: 30 7 N
LONGITUDE: 93 13 W
TEMPERATURE IN F: :PCPN: SNOW: WIND :SUNSHINE: SKY :PK WND
================================================================================
1 2 3 4 5 6A 6B 7 8 9 10 11 12 13 14 15 16 17 18
12Z AVG MX 2MIN
DY MAX MIN AVG DEP HDD CDD WTR SNW DPTH SPD SPD DIR MIN PSBL S-S WX SPD DR
================================================================================
1 79 55 67 -5 0 2 0.00 0.0 0 5.2 13 220 M M 0 1 19 220
2 81 60 71 -1 0 6 0.00 0.0 0 7.2 14 210 M M 2 21 180
3 82 64 73 1 0 8 0.00 0.0 0 6.1 14 220 M M 4 1 23 220
4 83 66 75 2 0 10 0.00 0.0 0 6.9 14 190 M M 3 23 160
5 88 67 78 5 0 13 1.40 0.0 0 7.0 33 50 M M 4 138 46 50
6 83 62 73 0 0 8 T 0.0 0 8.8 21 60 M M 2 3 30 40
7 80 58 69 -5 0 4 0.00 0.0 0 9.5 18 160 M M 0 26 160
8 83 63 73 -1 0 8 1.15 0.0 0 12.7 41 300 M M 8 13 64 280
9 68 57 63 -11 2 0 0.00 0.0 0 13.6 28 60 M M 5 38 50
10 79 57 68 -6 0 3 0.00 0.0 0 7.8 14 50 M M 2 20 40
11 80 56 68 -6 0 3 0.00 0.0 0 6.5 14 140 M M 0 19 70
12 82 58 70 -5 0 5 0.00 0.0 0 8.2 18 140 M M 4 27 150
13 85 69 77 2 0 12 0.00 0.0 0 11.2 21 160 M M 5 18 28 150
14 78 69 74 -1 0 9 0.17 0.0 0 7.5 18 150 M M 8 13 24 160
15 79 68 74 -2 0 9 T 0.0 0 9.8 22 140 M M 6 29 140
16 78 67 73 -3 0 8 0.35 0.0 0 11.5 26 140 M M 6 13 33 140
17 77 67 72 -4 0 7 0.05 0.0 0 5.7 17 310 M M 5 1 25 300
18 88 64 76 0 0 11 0.00 0.0 0 6.6 17 330 M M 0 1 23 330
19 87 68 78 2 0 13 0.00 0.0 0 6.5 17 220 M M 1 12 28 220
20 85 72 79 2 0 14 0.00 0.0 0 5.2 14 190 M M 2 1 23 180
21 87 69 78 1 0 13 0.00 0.0 0 6.9 15 170 M M 3 1 27 170
22 87 71 79 2 0 14 0.00 0.0 0 8.3 16 180 M M 4 1 26 190
23 88 74 81 4 0 16 0.00 0.0 0 8.6 16 150 M M 4 21 170
24 88 67 78 0 0 13 0.82 0.0 0 9.6 22 150 M M 3 13 29 150
25 84 69 77 -1 0 12 0.78 0.0 0 9.0 24 120 M M 2 13 35 200
26 82 65 74 -4 0 9 0.73 0.0 0 5.8 30 310 M M 6 13 47 310
27 87 65 76 -2 0 11 1.15 T 0 6.4 28 230 M M 1 1358 43 240
28 84 65 75 -3 0 10 0.03 0.0 0 5.5 15 170 M M 3 13 22 180
29 86 66 76 -2 0 11 0.00 0.0 0 5.8 15 60 M M 2 1 19 70
30 89 69 79 0 0 14 0.00 0.0 0 7.0 15 140 M M 2 18 140
31 84 71 78 -1 0 13 0.00 0.0 0 6.8 16 80 M M 7 21 60
================================================================================
SM 2571 2018 2 289 6.63 T 243.2 M 104
================================================================================
AV 82.9 65.1 7.8 FASTST M M 3 MAX(MPH)
MISC ----> # 41 300 # 64 280
================================================================================
NOTES:
# LAST OF SEVERAL OCCURRENCES
COLUMN 17 PEAK WIND IN M.P.H.
PRELIMINARY LOCAL CLIMATOLOGICAL DATA (WS FORM: F-6) , PAGE 2
STATION: LAKE CHARLES
MONTH: MAY
YEAR: 2020
LATITUDE: 30 7 N
LONGITUDE: 93 13 W
[TEMPERATURE DATA] [PRECIPITATION DATA] SYMBOLS USED IN COLUMN 16
AVERAGE MONTHLY: 74.0 TOTAL FOR MONTH: 6.63 1 = FOG OR MIST
DPTR FM NORMAL: -1.6 DPTR FM NORMAL: 1.43 2 = FOG REDUCING VISIBILITY
HIGHEST: 89 ON 30 GRTST 24HR 1.40 ON 5- 5 TO 1/4 MILE OR LESS
LOWEST: 55 ON 1 3 = THUNDER
SNOW, ICE PELLETS, HAIL 4 = ICE PELLETS
TOTAL MONTH: T 5 = HAIL
GRTST 24HR T ON 27-27 6 = FREEZING RAIN OR DRIZZLE
GRTST DEPTH: 0 7 = DUSTSTORM OR SANDSTORM:
VSBY 1/2 MILE OR LESS
8 = SMOKE OR HAZE
[NO. OF DAYS WITH] [WEATHER - DAYS WITH] 9 = BLOWING SNOW
X = TORNADO
MAX 32 OR BELOW: 0 0.01 INCH OR MORE: 10
MAX 90 OR ABOVE: 0 0.10 INCH OR MORE: 8
MIN 32 OR BELOW: 0 0.50 INCH OR MORE: 6
MIN 0 OR BELOW: 0 1.00 INCH OR MORE: 3
[HDD (BASE 65) ]
TOTAL THIS MO. 2 CLEAR (SCALE 0-3) 15
DPTR FM NORMAL 1 PTCLDY (SCALE 4-7) 15
TOTAL FM JUL 1 1016 CLOUDY (SCALE 8-10) 1
DPTR FM NORMAL -474
[CDD (BASE 65) ]
TOTAL THIS MO. 289
DPTR FM NORMAL -41 [PRESSURE DATA]
TOTAL FM JAN 1 700 HIGHEST SLP 30.27 ON 11
DPTR FM NORMAL 162 LOWEST SLP 29.74 ON 16
[REMARKS]
#FINAL-05-20#