000
CXUS54 KLCH 280843
CF6LCH
PRELIMINARY LOCAL CLIMATOLOGICAL DATA (WS FORM: F-6)
STATION: LAKE CHARLES
MONTH: MARCH
YEAR: 2024
LATITUDE: 30 7 N
LONGITUDE: 93 13 W
TEMPERATURE IN F: :PCPN: SNOW: WIND :SUNSHINE: SKY :PK WND
================================================================================
1 2 3 4 5 6A 6B 7 8 9 10 11 12 13 14 15 16 17 18
12Z AVG MX 2MIN
DY MAX MIN AVG DEP HDD CDD WTR SNW DPTH SPD SPD DIR MIN PSBL S-S WX SPD DR
================================================================================
1 72 49 61 1 4 0 0.02 M M 6.9 14 10 M M 8 8 21 40
2 77 52 65 5 0 0 0.00 0.0 M 4.7 12 190 M M 6 12 16 180
3 78 62 70 10 0 5 0.00 0.0 M 8.6 17 170 M M 9 12 21 160
4 80 69 75 14 0 10 0.00 0.0 M 8.4 17 210 M M 9 12 25 200
5 75 57 66 5 0 1 0.93 0.0 M 6.0 23 10 M M 5 13 31 20
6 83 54 69 8 0 4 0.00 0.0 M 3.2 10 210 M M 2 12 17 70
7 80 56 68 7 0 3 0.01 0.0 M 11.2 24 150 M M 3 12 33 170
8 80 65 73 11 0 8 0.03 0.0 M 13.3 23 150 M M 8 138 31 190
9 65 50 58 -4 7 0 0.00 0.0 M 12.8 22 360 M M 6 31 10
10 69 44 57 -5 8 0 0.00 0.0 M 5.3 13 10 M M 0 20 20
11 72 51 62 0 3 0 0.00 0.0 M 5.3 15 120 M M 2 19 130
12 75 49 62 0 3 0 0.00 0.0 M 6.5 16 170 M M 2 1 23 170
13 79 63 71 9 0 6 0.00 0.0 M 11.5 18 170 M M 9 1 25 180
14 83 71 77 14 0 12 0.00 0.0 M 14.9 25 170 M M 9 18 32 170
15 81 61 71 8 0 6 1.53 0.0 M 10.0 31 120 M M 8 138 41 120
16 75 62 69 6 0 4 0.00 0.0 M 7.7 16 80 M M 6 21 50
17 76 63 70 7 0 5 0.56 0.0 M 9.5 22 90 M M 6 13 27 80
18 70 51 61 -3 4 0 0.00 0.0 M 15.6 29 10 M M 2 38 10
19 63 41 52 -12 13 0 0.00 0.0 M 5.8 13 70 M M 0 19 80
20 69 48 59 -5 6 0 0.00 0.0 M 4.0 9 210 M M 8 12 210
21 63 55 59 -5 6 0 0.75 0.0 M 9.9 29 320 M M 10 13 37 320
22 76 54 65 1 0 0 0.83 0.0 M 11.8 23 350 M M 5 13 35 360
23 77 55 66 1 0 1 0.00 0.0 M 10.6 17 10 M M 0 26 360
24 71 53 62 -3 3 0 0.00 0.0 M 13.8 23 150 M M 3 30 130
25 75 59 67 2 0 2 0.02 0.0 M 13.5 28 170 M M 9 18 41 170
26 73 54 64 -1 1 0 0.00 0.0 M 6.9 15 10 M M 1 1 21 360
27 66 49 58 -7 7 0 0.00 0.0 M 9.0 16 20 M M 2 24 10
================================================================================
SM 2003 1497 65 67 4.68 0.0 246.7 M 138
================================================================================
AV 74.2 55.4 9.1 FASTST M M 5 MAX(MPH)
MISC ----> 31 120 # 41 120
================================================================================
NOTES:
# LAST OF SEVERAL OCCURRENCES
COLUMN 17 PEAK WIND IN M.P.H.
PRELIMINARY LOCAL CLIMATOLOGICAL DATA (WS FORM: F-6) , PAGE 2
STATION: LAKE CHARLES
MONTH: MARCH
YEAR: 2024
LATITUDE: 30 7 N
LONGITUDE: 93 13 W
[TEMPERATURE DATA] [PRECIPITATION DATA] SYMBOLS USED IN COLUMN 16
AVERAGE MONTHLY: 64.8 TOTAL FOR MONTH: 4.68 1 = FOG OR MIST
DPTR FM NORMAL: 2.1 DPTR FM NORMAL: 1.51 2 = FOG REDUCING VISIBILITY
HIGHEST: 83 ON 14, 6 GRTST 24HR 1.58 ON 21-22 TO 1/4 MILE OR LESS
LOWEST: 41 ON 19 3 = THUNDER
SNOW, ICE PELLETS, HAIL 4 = ICE PELLETS
TOTAL MONTH: 0.0 INCH 5 = HAIL
GRTST 24HR 0.0 6 = FREEZING RAIN OR DRIZZLE
GRTST DEPTH: M ON M 7 = DUSTSTORM OR SANDSTORM:
VSBY 1/2 MILE OR LESS
8 = SMOKE OR HAZE
[NO. OF DAYS WITH] [WEATHER - DAYS WITH] 9 = BLOWING SNOW
X = TORNADO
MAX 32 OR BELOW: 0 0.01 INCH OR MORE: 9
MAX 90 OR ABOVE: 0 0.10 INCH OR MORE: 5
MIN 32 OR BELOW: 0 0.50 INCH OR MORE: 5
MIN 0 OR BELOW: 0 1.00 INCH OR MORE: 1
[HDD (BASE 65) ]
TOTAL THIS MO. 65 CLEAR (SCALE 0-3) 10
DPTR FM NORMAL -56 PTCLDY (SCALE 4-7) 10
TOTAL FM JUL 1 1149 CLOUDY (SCALE 8-10) 7
DPTR FM NORMAL -120
[CDD (BASE 65) ]
TOTAL THIS MO. 67
DPTR FM NORMAL 8 [PRESSURE DATA]
TOTAL FM JAN 1 101 HIGHEST SLP M ON M
DPTR FM NORMAL 4 LOWEST SLP 29.52 ON 25
[REMARKS]