000
CXUS52 KMLB 010727
CF6LEE
PRELIMINARY LOCAL CLIMATOLOGICAL DATA (WS FORM: F-6)
STATION: LEESBURG
MONTH: FEBRUARY
YEAR: 2024
LATITUDE: 28 49 N
LONGITUDE: 81 49 W
TEMPERATURE IN F: :PCPN: SNOW: WIND :SUNSHINE: SKY :PK WND
================================================================================
1 2 3 4 5 6A 6B 7 8 9 10 11 12 13 14 15 16 17 18
12Z AVG MX 2MIN
DY MAX MIN AVG DEP HDD CDD WTR SNW DPTH SPD SPD DIR MIN PSBL S-S WX SPD DR
================================================================================
1 68 43 56 -5 9 0 0.00 0.0 0 4.5 12 40 M M 0 14 30
2 70 47 59 -2 6 0 0.00 0.0 0 4.6 13 280 M M 0 19 280
3 74 43 59 -2 6 0 0.00 0.0 0 5.9 12 70 M M 0 1 18 80
4 74 53 64 3 1 0 0.32 0.0 0 8.1 18 150 M M 5 13 28 160
5 66 51 59 -2 6 0 0.03 0.0 0 7.7 22 20 M M 6 1 29 10
6 68 50 59 -2 6 0 0.00 0.0 0 11.8 22 10 M M 5 32 20
7 68 46 57 -5 8 0 0.00 0.0 0 10.3 16 40 M M 0 23 10
8 72 45 59 -3 6 0 0.00 0.0 0 5.8 14 110 M M 2 18 110
9 76 50 63 1 2 0 0.00 0.0 0 2.5 9 280 M M 4 18 14 280
10 78 54 66 4 0 1 0.00 0.0 0 4.7 15 170 M M 3 23 160
11 84 65 75 13 0 10 0.00 0.0 0 6.2 15 180 M M 7 23 170
12 83 65 74 12 0 9 0.08 0.0 0 12.0 23 200 M M 6 1 33 210
13 67 53 60 -2 5 0 0.00 0.0 0 8.8 16 290 M M 1 26 260
14 72 47 60 -3 5 0 0.00 0.0 0 7.0 13 60 M M 0 18 70
15 74 50 62 -1 3 0 0.00 0.0 0 2.6 8 140 M M 0 11 150
16 76 55 66 3 0 1 0.00 0.0 0 3.6 13 210 M M 4 21 270
17 62 52 57 -6 8 0 1.30 0.0 0 4.3 13 30 M M 9 1 20 330
18 58 54 56 -7 9 0 0.98 0.0 0 8.2 16 20 M M 10 1 22 360
19 66 47 57 -6 8 0 0.20 0.0 0 7.6 15 360 M M 4 1 24 20
20 69 43 56 -8 9 0 0.00 0.0 0 3.1 10 300 M M 0 19 260
21 69 44 57 -7 8 0 0.00 0.0 0 7.5 17 30 M M 0 26 50
22 74 40 57 -7 8 0 0.00 0.0 0 2.6 9 230 M M 0 1 14 210
23 74 53 64 0 1 0 0.34 0.0 0 11.5 22 220 M M 5 1 38 230
24 71 54 63 -1 2 0 0.00 0.0 0 8.1 17 270 M M 1 1 27 270
25 74 50 62 -2 3 0 0.00 0.0 0 4.7 9 80 M M 0 14 320
26 75 46 61 -3 4 0 0.00 0.0 0 2.2 12 100 M M 0 1 15 90
27 78 50 64 0 1 0 0.00 0.0 0 4.9 15 180 M M 0 21 170
28 82 61 72 8 0 7 0.00 0.0 0 7.8 16 220 M M 0 27 220
29 77 60 69 4 0 4 0.00 0.0 0 9.3 21 50 M M 5 12 26 40
================================================================================
SM 2099 1471 124 32 3.25 0.0 187.9 M 77
================================================================================
AV 72.4 50.7 6.5 FASTST M M 3 MAX(MPH)
MISC ----> 23 200 38 230
================================================================================
NOTES:
# LAST OF SEVERAL OCCURRENCES
COLUMN 17 PEAK WIND IN M.P.H.
PRELIMINARY LOCAL CLIMATOLOGICAL DATA (WS FORM: F-6) , PAGE 2
STATION: LEESBURG
MONTH: FEBRUARY
YEAR: 2024
LATITUDE: 28 49 N
LONGITUDE: 81 49 W
[TEMPERATURE DATA] [PRECIPITATION DATA] SYMBOLS USED IN COLUMN 16
AVERAGE MONTHLY: 61.6 TOTAL FOR MONTH: 3.25 1 = FOG OR MIST
DPTR FM NORMAL: -1.0 DPTR FM NORMAL: 1.17 2 = FOG REDUCING VISIBILITY
HIGHEST: 84 ON 11 GRTST 24HR 1.67 ON 17-18 TO 1/4 MILE OR LESS
LOWEST: 40 ON 22 3 = THUNDER
SNOW, ICE PELLETS, HAIL 4 = ICE PELLETS
TOTAL MONTH: 0.0 INCH 5 = HAIL
GRTST 24HR 0.0 6 = FREEZING RAIN OR DRIZZLE
GRTST DEPTH: 0 7 = DUSTSTORM OR SANDSTORM:
VSBY 1/2 MILE OR LESS
8 = SMOKE OR HAZE
[NO. OF DAYS WITH] [WEATHER - DAYS WITH] 9 = BLOWING SNOW
X = TORNADO
MAX 32 OR BELOW: 0 0.01 INCH OR MORE: 7
MAX 90 OR ABOVE: 0 0.10 INCH OR MORE: 5
MIN 32 OR BELOW: 0 0.50 INCH OR MORE: 2
MIN 0 OR BELOW: 0 1.00 INCH OR MORE: 1
[HDD (BASE 65) ]
TOTAL THIS MO. 124 CLEAR (SCALE 0-3) 17
DPTR FM NORMAL -2 PTCLDY (SCALE 4-7) 10
TOTAL FM JUL 1 508 CLOUDY (SCALE 8-10) 2
DPTR FM NORMAL -53
[CDD (BASE 65) ]
TOTAL THIS MO. 32
DPTR FM NORMAL -28 [PRESSURE DATA]
TOTAL FM JAN 1 73 HIGHEST SLP 30.32 ON 21
DPTR FM NORMAL -25 LOWEST SLP 29.52 ON 4
[REMARKS]
#FINAL-02-24#