000
CXUS52 KMLB 011517
CLMLEE
CLIMATE REPORT
NATIONAL WEATHER SERVICE MELBOURNE FL
1117 AM EDT MON APR 01 2024
...................................
...THE LEESBURG CLIMATE SUMMARY FOR THE MONTH OF MARCH 2024...
CLIMATE NORMAL PERIOD 1991 TO 2020
CLIMATE RECORD PERIOD 1958 TO 2024
WEATHER OBSERVED NORMAL DEPART LAST YEAR`S
VALUE DATE(S) VALUE FROM VALUE
NORMAL
..............................................................
TEMPERATURE (F)
MONTHLY RECORD
WARMEST 74.0 2020
COOLEST 58.4 1969
DAILY RECORD
HIGH 92 03/26/2023
03/25/2023
03/30/2020
LOW 25 03/04/1980
03/03/1980
MARCH 2024
HIGHEST 88 03/09 92
LOWEST 47 03/20 44
AVG. MAXIMUM 79.4 77.3 2.1 83.7
AVG. MINIMUM 60.0 56.0 4.0 60.1
MEAN 69.7 66.6 3.1 71.9
DAYS MAX >= 90 0 0.2 -0.2 6
DAYS MAX <= 32 0 0.0 0.0 0
DAYS MIN <= 32 0 0.0 0.0 0
DAYS MIN <= 0 0 0.0 0.0 0
PRECIPITATION (INCHES)
MONTHLY RECORD
MAXIMUM 10.54 1960
MINIMUM 0.04 2006
DAILY RECORD
MAXIMUM 4.45 03/11/2010
MARCH 2024
TOTALS 3.77 3.22 0.55 0.16
DAYS >= .01 9 3
DAYS >= .10 6 0
DAYS >= .50 3 0
DAYS >= 1.00 2 0
GREATEST
24 HR. TOTAL 1.14 03/22 TO 03/22
SNOWFALL (INCHES)
TOTALS 0.0 MM MM 0.0
SINCE 7/1 0.0 MM MM MM
DAYS >= TRACE 0 0
DEGREE DAYS
HEATING TOTAL 14 64 -50 28
SINCE 7/1 522 618 -96 MM
COOLING TOTAL 167 116 51 250
SINCE 1/1 240 214 26 MM
..............................................................
WIND (MPH)
AVERAGE WIND SPEED 6.7
HIGHEST WIND SPEED/DIRECTION 25/120 DATE 03/06
HIGHEST GUST SPEED/DIRECTION 40/140 DATE 03/06
SKY COVER
POSSIBLE SUNSHINE (PERCENT) MM
AVERAGE SKY COVER 0.30
NUMBER OF DAYS FAIR 19
NUMBER OF DAYS PC 11
NUMBER OF DAYS CLOUDY 1
AVERAGE RH (PERCENT) 72
WEATHER CONDITIONS. NUMBER OF DAYS WITH
THUNDERSTORM 5 MIXED PRECIP 0
HEAVY RAIN 5 RAIN 6
LIGHT RAIN 10 LT FREEZING RAIN 0
HAIL 0 LIGHT SNOW 0
SLEET 0 FOG 17
FOG W/VIS <= 1/4 MILE 2 HAZE 2
- INDICATES NEGATIVE NUMBERS.
R INDICATES RECORD WAS SET OR TIED.
MM INDICATES DATA IS MISSING.
T INDICATES TRACE AMOUNT.
$$