000
CDUS41 KOKX 162032
CLILGA


CLIMATE REPORT
NATIONAL WEATHER SERVICE NEW YORK NY
432 PM EDT WED MAY 16 2018


...................................

...THE LAGUARDIA NY CLIMATE SUMMARY FOR MAY 16 2018...
VALID TODAY AS OF 0400 PM LOCAL TIME.

CLIMATE NORMAL PERIOD 1981 TO 2010
CLIMATE RECORD PERIOD 1939 TO 2018


WEATHER ITEM   OBSERVED TIME   RECORD YEAR NORMAL DEPARTURE LAST
                VALUE   (LST)  VALUE       VALUE  FROM      YEAR
                                                  NORMAL
..................................................................
TEMPERATURE (F)
 TODAY
  MAXIMUM         65    219 AM  90    1951  71     -6       83
  MINIMUM         58    210 PM  41    1983  54      4       59
  AVERAGE         62                        62      0       71

PRECIPITATION (IN)
  TODAY            0.21          2.57 1990   0.12   0.09     0.00
  MONTH TO DATE    1.15                      1.81  -0.66     4.08
  SINCE MAR 1     10.25                      9.78   0.47    12.86
  SINCE JAN 1     18.31                     15.71   2.60    18.86

SNOWFALL (IN)
  TODAY            0.0          MM      MM   0.0    0.0      0.0
  MONTH TO DATE    0.0                       0.0    0.0      0.0
  SINCE OCT 1     38.4                      26.9   11.5     33.2
  SINCE JUL 1     38.4                      26.9   11.5     33.2
  SNOW DEPTH       0

DEGREE DAYS
 HEATING
  TODAY            3                         4     -1        0
  MONTH TO DATE   34                        92    -58       94
  SINCE MAR 1   1245                      1177     68     1075
  SINCE JUL 1   4378                      4606   -228     3762

 COOLING
  TODAY            0                         2     -2        6
  MONTH TO DATE   60                        17     43       11
  SINCE MAR 1     66                        25     41       42
  SINCE JAN 1     66                        25     41       42
..................................................................


WIND (MPH)
  HIGHEST WIND SPEED    14   HIGHEST WIND DIRECTION     E (100)
  HIGHEST GUST SPEED    19   HIGHEST GUST DIRECTION     E (90)
  AVERAGE WIND SPEED     8.1


SKY COVER
  AVERAGE SKY COVER 1.0


WEATHER CONDITIONS
 THE FOLLOWING WEATHER WAS RECORDED TODAY.
  LIGHT RAIN
  FOG


RELATIVE HUMIDITY (PERCENT)
 HIGHEST    93          1200 PM
 LOWEST     73           300 AM
 AVERAGE    83

..........................................................


THE LAGUARDIA NY CLIMATE NORMALS FOR TOMORROW
                         NORMAL    RECORD    YEAR
 MAXIMUM TEMPERATURE (F)   72        94      2017
 MINIMUM TEMPERATURE (F)   54        38      1983


SUNRISE AND SUNSET
MAY 16 2018...........SUNRISE   538 AM EDT   SUNSET   807 PM EDT
MAY 17 2018...........SUNRISE   537 AM EDT   SUNSET   808 PM EDT


-  INDICATES NEGATIVE NUMBERS.
R  INDICATES RECORD WAS SET OR TIED.
MM INDICATES DATA IS MISSING.
T  INDICATES TRACE AMOUNT.




$$
