000
CDUS41 KOKX 120628
CLILGA


CLIMATE REPORT
NATIONAL WEATHER SERVICE NEW YORK NY
226 AM EDT THU APR 12 2018


...................................

...THE LAGUARDIA NY CLIMATE SUMMARY FOR APRIL 11 2018...

CLIMATE NORMAL PERIOD 1981 TO 2010
CLIMATE RECORD PERIOD 1939 TO 2018


WEATHER ITEM   OBSERVED TIME   RECORD YEAR NORMAL DEPARTURE LAST
                VALUE   (LST)  VALUE       VALUE  FROM      YEAR
                                                  NORMAL
..................................................................
TEMPERATURE (F)
 YESTERDAY
  MAXIMUM         52    240 PM  82    1955  59     -7       78
  MINIMUM         38    543 AM  32    1943  43     -5       57
  AVERAGE         45                        51     -6       68

PRECIPITATION (IN)
  YESTERDAY        0.00          0.94 1958   0.15  -0.15     0.00
  MONTH TO DATE    1.03                      1.55  -0.52     2.49
  SINCE MAR 1      5.11                      5.52  -0.41     7.18
  SINCE JAN 1     13.17                     11.45   1.72    13.18

SNOWFALL (IN)
  YESTERDAY        0.0           0.5  1958   0.0    0.0      0.0
  MONTH TO DATE    5.5                       0.3    5.2      0.0
  SINCE OCT 1     38.4                      26.7   11.7     33.2
  SINCE JUL 1     38.4                      26.7   11.7     33.2
  SNOW DEPTH       0

DEGREE DAYS
 HEATING
  YESTERDAY       20                        14      6        0
  MONTH TO DATE  230                       174     56      126
  SINCE MAR 1    974                       881     93      861
  SINCE JUL 1   4107                      4310   -203     3548

 COOLING
  YESTERDAY        0                         0      0        3
  MONTH TO DATE    0                         0      0        3
  SINCE MAR 1      0                         0      0        3
  SINCE JAN 1      0                         0      0        3
..................................................................


WIND (MPH)
  HIGHEST WIND SPEED    18   HIGHEST WIND DIRECTION     S (160)
  HIGHEST GUST SPEED    22   HIGHEST GUST DIRECTION     S (170)
  AVERAGE WIND SPEED     7.4


SKY COVER
  AVERAGE SKY COVER 0.4


WEATHER CONDITIONS
 THE FOLLOWING WEATHER WAS RECORDED YESTERDAY.
  NO SIGNIFICANT WEATHER WAS OBSERVED.


RELATIVE HUMIDITY (PERCENT)
 HIGHEST    60           800 PM
 LOWEST     25          1000 AM
 AVERAGE    43

..........................................................


THE LAGUARDIA NY CLIMATE NORMALS FOR TODAY
                         NORMAL    RECORD    YEAR
 MAXIMUM TEMPERATURE (F)   60        86      1977
 MINIMUM TEMPERATURE (F)   43        29      1976


SUNRISE AND SUNSET
APRIL 12 2018.........SUNRISE   621 AM EDT   SUNSET   732 PM EDT
APRIL 13 2018.........SUNRISE   620 AM EDT   SUNSET   733 PM EDT


-  INDICATES NEGATIVE NUMBERS.
R  INDICATES RECORD WAS SET OR TIED.
MM INDICATES DATA IS MISSING.
T  INDICATES TRACE AMOUNT.




$$
