000
CDUS41 KOKX 150618
CLILGA


CLIMATE REPORT
NATIONAL WEATHER SERVICE NEW YORK NY
217 AM EDT SUN APR 15 2018


...................................

...THE LAGUARDIA NY CLIMATE SUMMARY FOR APRIL 14 2018...

CLIMATE NORMAL PERIOD 1981 TO 2010
CLIMATE RECORD PERIOD 1939 TO 2018


WEATHER ITEM   OBSERVED TIME   RECORD YEAR NORMAL DEPARTURE LAST
                VALUE   (LST)  VALUE       VALUE  FROM      YEAR
                                                  NORMAL
..................................................................
TEMPERATURE (F)
 YESTERDAY
  MAXIMUM         69    126 PM  84    1941  60      9       66
  MINIMUM         45   1134 PM  27    1950  44      1       50
  AVERAGE         57                        52      5       58

PRECIPITATION (IN)
  YESTERDAY        T             0.93 1952   0.14  -0.14     0.00
  MONTH TO DATE    1.03                      1.97  -0.94     2.52
  SINCE MAR 1      5.11                      5.94  -0.83     7.21
  SINCE JAN 1     13.17                     11.87   1.30    13.21

SNOWFALL (IN)
  YESTERDAY        0.0           0.3  1950   0.0    0.0      0.0
  MONTH TO DATE    5.5                       0.4    5.1      0.0
  SINCE OCT 1     38.4                      26.8   11.6     33.2
  SINCE JUL 1     38.4                      26.8   11.6     33.2
  SNOW DEPTH       0

DEGREE DAYS
 HEATING
  YESTERDAY        8                        13     -5        7
  MONTH TO DATE  250                       214     36      140
  SINCE MAR 1    994                       921     73      875
  SINCE JUL 1   4127                      4350   -223     3562

 COOLING
  YESTERDAY        0                         0      0        0
  MONTH TO DATE    6                         0      6        4
  SINCE MAR 1      6                         0      6        4
  SINCE JAN 1      6                         0      6        4
..................................................................


WIND (MPH)
  HIGHEST WIND SPEED    23   HIGHEST WIND DIRECTION     E (70)
  HIGHEST GUST SPEED    28   HIGHEST GUST DIRECTION     E (80)
  AVERAGE WIND SPEED    12.7


SKY COVER
  AVERAGE SKY COVER 0.5


WEATHER CONDITIONS
 THE FOLLOWING WEATHER WAS RECORDED YESTERDAY.
  LIGHT RAIN


RELATIVE HUMIDITY (PERCENT)
 HIGHEST    77           600 PM
 LOWEST     49           100 PM
 AVERAGE    63

..........................................................


THE LAGUARDIA NY CLIMATE NORMALS FOR TODAY
                         NORMAL    RECORD    YEAR
 MAXIMUM TEMPERATURE (F)   61        86      1941
 MINIMUM TEMPERATURE (F)   44        28      1943


SUNRISE AND SUNSET
APRIL 15 2018.........SUNRISE   617 AM EDT   SUNSET   735 PM EDT
APRIL 16 2018.........SUNRISE   615 AM EDT   SUNSET   736 PM EDT


-  INDICATES NEGATIVE NUMBERS.
R  INDICATES RECORD WAS SET OR TIED.
MM INDICATES DATA IS MISSING.
T  INDICATES TRACE AMOUNT.




$$
