000
CDUS41 KOKX 180619
CLILGA


CLIMATE REPORT
NATIONAL WEATHER SERVICE NEW YORK NY
218 AM EDT WED APR 18 2018


...................................

...THE LAGUARDIA NY CLIMATE SUMMARY FOR APRIL 17 2018...

CLIMATE NORMAL PERIOD 1981 TO 2010
CLIMATE RECORD PERIOD 1939 TO 2018


WEATHER ITEM   OBSERVED TIME   RECORD YEAR NORMAL DEPARTURE LAST
                VALUE   (LST)  VALUE       VALUE  FROM      YEAR
                                                  NORMAL
..................................................................
TEMPERATURE (F)
 YESTERDAY
  MAXIMUM         47    223 PM  94    2002  62    -15       73
  MINIMUM         40   1149 PM  32    1980  45     -5       59
  AVERAGE         44                        53     -9       66

PRECIPITATION (IN)
  YESTERDAY        T             1.71 1954   0.13  -0.13      T
  MONTH TO DATE    3.89                      2.37   1.52     2.52
  SINCE MAR 1      7.97                      6.34   1.63     7.21
  SINCE JAN 1     16.03                     12.27   3.76    13.21

SNOWFALL (IN)
  YESTERDAY        0.0          MM      MM   0.0    0.0      0.0
  MONTH TO DATE    5.5                       0.4    5.1      0.0
  SINCE OCT 1     38.4                      26.8   11.6     33.2
  SINCE JUL 1     38.4                      26.8   11.6     33.2
  SNOW DEPTH       0

DEGREE DAYS
 HEATING
  YESTERDAY       21                        12      9        0
  MONTH TO DATE  307                       251     56      147
  SINCE MAR 1   1051                       958     93      882
  SINCE JUL 1   4184                      4387   -203     3569

 COOLING
  YESTERDAY        0                         0      0        1
  MONTH TO DATE    6                         0      6       14
  SINCE MAR 1      6                         0      6       14
  SINCE JAN 1      6                         0      6       14
..................................................................


WIND (MPH)
  HIGHEST WIND SPEED    24   HIGHEST WIND DIRECTION     W (280)
  HIGHEST GUST SPEED    32   HIGHEST GUST DIRECTION     W (270)
  AVERAGE WIND SPEED    15.1


SKY COVER
  AVERAGE SKY COVER 0.9


WEATHER CONDITIONS
 THE FOLLOWING WEATHER WAS RECORDED YESTERDAY.
  LIGHT RAIN


RELATIVE HUMIDITY (PERCENT)
 HIGHEST    70           300 AM
 LOWEST     42           200 PM
 AVERAGE    56

..........................................................


THE LAGUARDIA NY CLIMATE NORMALS FOR TODAY
                         NORMAL    RECORD    YEAR
 MAXIMUM TEMPERATURE (F)   62        91      1976
 MINIMUM TEMPERATURE (F)   45        35      2014


SUNRISE AND SUNSET
APRIL 18 2018.........SUNRISE   612 AM EDT   SUNSET   738 PM EDT
APRIL 19 2018.........SUNRISE   611 AM EDT   SUNSET   739 PM EDT


-  INDICATES NEGATIVE NUMBERS.
R  INDICATES RECORD WAS SET OR TIED.
MM INDICATES DATA IS MISSING.
T  INDICATES TRACE AMOUNT.




$$
