000
CDUS41 KOKX 192045
CLILGA


CLIMATE REPORT
NATIONAL WEATHER SERVICE NEW YORK NY
445 PM EDT SAT MAY 19 2018


...................................

...THE LAGUARDIA NY CLIMATE SUMMARY FOR MAY 19 2018...
VALID TODAY AS OF 0400 PM LOCAL TIME.

CLIMATE NORMAL PERIOD 1981 TO 2010
CLIMATE RECORD PERIOD 1939 TO 2018


WEATHER ITEM   OBSERVED TIME   RECORD YEAR NORMAL DEPARTURE LAST
                VALUE   (LST)  VALUE       VALUE  FROM      YEAR
                                                  NORMAL
..................................................................
TEMPERATURE (F)
 TODAY
  MAXIMUM         56   1207 AM  96    2017  72    -16       96
  MINIMUM         50    628 AM  43    2002  55     -5       68
                                      1976
  AVERAGE         53                        63    -10       82

PRECIPITATION (IN)
  TODAY            0.62          2.00 1999   0.12   0.50     0.00
  MONTH TO DATE    2.22                      2.17   0.05     4.08
  SINCE MAR 1     11.32                     10.14   1.18    12.86
  SINCE JAN 1     19.38                     16.07   3.31    18.86

SNOWFALL (IN)
  TODAY            0.0          MM      MM   0.0    0.0      0.0
  MONTH TO DATE    0.0                       0.0    0.0      0.0
  SINCE OCT 1     38.4                      26.9   11.5     33.2
  SINCE JUL 1     38.4                      26.9   11.5     33.2
  SNOW DEPTH       0

DEGREE DAYS
 HEATING
  TODAY           12                         4      8        0
  MONTH TO DATE   52                       104    -52       94
  SINCE MAR 1   1263                      1189     74     1075
  SINCE JUL 1   4396                      4618   -222     3762

 COOLING
  TODAY            0                         2     -2       17
  MONTH TO DATE   60                        23     37       67
  SINCE MAR 1     66                        31     35       98
  SINCE JAN 1     66                        31     35       98
..................................................................


WIND (MPH)
  HIGHEST WIND SPEED    18   HIGHEST WIND DIRECTION    NE (60)
  HIGHEST GUST SPEED    21   HIGHEST GUST DIRECTION    NE (50)
  AVERAGE WIND SPEED    12.7


SKY COVER
  AVERAGE SKY COVER 1.0


WEATHER CONDITIONS
 THE FOLLOWING WEATHER WAS RECORDED TODAY.
  HEAVY RAIN
  RAIN
  LIGHT RAIN
  FOG


RELATIVE HUMIDITY (PERCENT)
 HIGHEST    96           900 AM
 LOWEST     47          1200 AM
 AVERAGE    72

..........................................................


THE LAGUARDIA NY CLIMATE NORMALS FOR TOMORROW
                         NORMAL    RECORD    YEAR
 MAXIMUM TEMPERATURE (F)   72        97      1996
 MINIMUM TEMPERATURE (F)   55        44      2002


SUNRISE AND SUNSET
MAY 19 2018...........SUNRISE   535 AM EDT   SUNSET   810 PM EDT
MAY 20 2018...........SUNRISE   534 AM EDT   SUNSET   811 PM EDT


-  INDICATES NEGATIVE NUMBERS.
R  INDICATES RECORD WAS SET OR TIED.
MM INDICATES DATA IS MISSING.
T  INDICATES TRACE AMOUNT.




$$
