000
CDUS41 KOKX 090617
CLILGA


CLIMATE REPORT
NATIONAL WEATHER SERVICE NEW YORK NY
217 AM EDT WED MAY 9 2018


...................................

...THE LAGUARDIA NY CLIMATE SUMMARY FOR MAY 8 2018...

CLIMATE NORMAL PERIOD 1981 TO 2010
CLIMATE RECORD PERIOD 1939 TO 2018


WEATHER ITEM   OBSERVED TIME   RECORD YEAR NORMAL DEPARTURE LAST
                VALUE   (LST)  VALUE       VALUE  FROM      YEAR
                                                  NORMAL
..................................................................
TEMPERATURE (F)
 YESTERDAY
  MAXIMUM         72        MM  89    2000  69      3       62
                                      1943
  MINIMUM         54        MM  37    1947  51      3       48
  AVERAGE         63                        60      3       55

PRECIPITATION (IN)
  YESTERDAY        0.00          2.28 2013   0.11  -0.11     0.00
  MONTH TO DATE    0.01                      0.91  -0.90     2.33
  SINCE MAR 1      9.11                      8.88   0.23    11.11
  SINCE JAN 1     17.17                     14.81   2.36    17.11

SNOWFALL (IN)
  YESTERDAY        0.0          MM      MM   0.0    0.0      0.0
  MONTH TO DATE    0.0                       0.0    0.0      0.0
  SINCE OCT 1     38.4                      26.9   11.5     33.2
  SINCE JUL 1     38.4                      26.9   11.5     33.2
  SNOW DEPTH       0

DEGREE DAYS
 HEATING
  YESTERDAY        2                         6     -4       10
  MONTH TO DATE    6                        54    -48       43
  SINCE MAR 1   1217                      1139     78     1024
  SINCE JUL 1   4350                      4568   -218     3711

 COOLING
  YESTERDAY        0                         1     -1        0
  MONTH TO DATE   47                         8     39        5
  SINCE MAR 1     53                        16     37       36
  SINCE JAN 1     53                        16     37       36
..................................................................


WIND (MPH)
  HIGHEST WIND SPEED    10   HIGHEST WIND DIRECTION     S (180)
  HIGHEST GUST SPEED    MM   HIGHEST GUST DIRECTION    MM
  AVERAGE WIND SPEED     6.4


SKY COVER
  AVERAGE SKY COVER 0.2


WEATHER CONDITIONS
 THE FOLLOWING WEATHER WAS RECORDED YESTERDAY.
  NO SIGNIFICANT WEATHER WAS OBSERVED.


RELATIVE HUMIDITY (PERCENT)
 HIGHEST    77           200 AM
 LOWEST     47           300 PM
 AVERAGE    62

..........................................................


THE LAGUARDIA NY CLIMATE NORMALS FOR TODAY
                         NORMAL    RECORD    YEAR
 MAXIMUM TEMPERATURE (F)   69        92      2000
 MINIMUM TEMPERATURE (F)   52        37      1947


SUNRISE AND SUNSET
MAY  9 2018...........SUNRISE   545 AM EDT   SUNSET   800 PM EDT
MAY 10 2018...........SUNRISE   544 AM EDT   SUNSET   801 PM EDT


-  INDICATES NEGATIVE NUMBERS.
R  INDICATES RECORD WAS SET OR TIED.
MM INDICATES DATA IS MISSING.
T  INDICATES TRACE AMOUNT.




$$
