000
CDUS41 KOKX 092032
CLILGA


CLIMATE REPORT
NATIONAL WEATHER SERVICE NEW YORK NY
432 PM EDT MON APR 9 2018


...................................

...THE LAGUARDIA NY CLIMATE SUMMARY FOR APRIL 9 2018...
VALID TODAY AS OF 0400 PM LOCAL TIME.

CLIMATE NORMAL PERIOD 1981 TO 2010
CLIMATE RECORD PERIOD 1939 TO 2018


WEATHER ITEM   OBSERVED TIME   RECORD YEAR NORMAL DEPARTURE LAST
                VALUE   (LST)  VALUE       VALUE  FROM      YEAR
                                                  NORMAL
..................................................................
TEMPERATURE (F)
 TODAY
  MAXIMUM         49    249 PM  84    1991  59    -10       68
  MINIMUM         33    638 AM  26    1977  42     -9       46
  AVERAGE         41                        50     -9       57

PRECIPITATION (IN)
  TODAY            0.00          2.28 1980   0.15  -0.15     0.00
  MONTH TO DATE    1.03                      1.26  -0.23     2.49
  SINCE MAR 1      5.11                      5.23  -0.12     7.18
  SINCE JAN 1     13.17                     11.16   2.01    13.18

SNOWFALL (IN)
  TODAY            0.0           1.3  2000   0.0    0.0      0.0
  MONTH TO DATE    5.5                       0.3    5.2      0.0
  SINCE OCT 1     38.4                      26.7   11.7     33.2
  SINCE JUL 1     38.4                      26.7   11.7     33.2
  SNOW DEPTH       0

DEGREE DAYS
 HEATING
  TODAY           24                        15      9        8
  MONTH TO DATE  190                       146     44      124
  SINCE MAR 1    934                       853     81      859
  SINCE JUL 1   4067                      4282   -215     3546

 COOLING
  TODAY            0                         0      0        0
  MONTH TO DATE    0                         0      0        0
  SINCE MAR 1      0                         0      0        0
  SINCE JAN 1      0                         0      0        0
..................................................................


WIND (MPH)
  HIGHEST WIND SPEED    20   HIGHEST WIND DIRECTION    NW (310)
  HIGHEST GUST SPEED    26   HIGHEST GUST DIRECTION    NW (300)
  AVERAGE WIND SPEED    10.1


SKY COVER
  AVERAGE SKY COVER 0.6


WEATHER CONDITIONS
 THE FOLLOWING WEATHER WAS RECORDED TODAY.
  NO SIGNIFICANT WEATHER WAS OBSERVED.


RELATIVE HUMIDITY (PERCENT)
 HIGHEST    47          1200 AM
 LOWEST     23           300 PM
 AVERAGE    35

..........................................................


THE LAGUARDIA NY CLIMATE NORMALS FOR TOMORROW
                         NORMAL    RECORD    YEAR
 MAXIMUM TEMPERATURE (F)   59        82      1955
 MINIMUM TEMPERATURE (F)   43        29      1985
                                             1974


SUNRISE AND SUNSET
APRIL  9 2018.........SUNRISE   626 AM EDT   SUNSET   729 PM EDT
APRIL 10 2018.........SUNRISE   625 AM EDT   SUNSET   730 PM EDT


-  INDICATES NEGATIVE NUMBERS.
R  INDICATES RECORD WAS SET OR TIED.
MM INDICATES DATA IS MISSING.
T  INDICATES TRACE AMOUNT.




$$
