000
CDUS41 KOKX 072033
CLILGA


CLIMATE REPORT
NATIONAL WEATHER SERVICE NEW YORK NY
433 PM EDT MON MAY 7 2018


...................................

...THE LAGUARDIA NY CLIMATE SUMMARY FOR MAY 7 2018...
VALID TODAY AS OF 0400 PM LOCAL TIME.

CLIMATE NORMAL PERIOD 1981 TO 2010
CLIMATE RECORD PERIOD 1939 TO 2018


WEATHER ITEM   OBSERVED TIME   RECORD YEAR NORMAL DEPARTURE LAST
                VALUE   (LST)  VALUE       VALUE  FROM      YEAR
                                                  NORMAL
..................................................................
TEMPERATURE (F)
 TODAY
  MAXIMUM         75    251 PM  93    2000  68      7       58
  MINIMUM         56    521 AM  40    1970  51      5       50
  AVERAGE         66                        60      6       54

PRECIPITATION (IN)
  TODAY            0.00          1.11 1967   0.12  -0.12      T
  MONTH TO DATE    0.01                      0.80  -0.79     2.33
  SINCE MAR 1      9.11                      8.77   0.34    11.11
  SINCE JAN 1     17.17                     14.70   2.47    17.11

SNOWFALL (IN)
  TODAY            0.0          MM      MM   0.0    0.0      0.0
  MONTH TO DATE    0.0                       0.0    0.0      0.0
  SINCE OCT 1     38.4                      26.9   11.5     33.2
  SINCE JUL 1     38.4                      26.9   11.5     33.2
  SNOW DEPTH       0

DEGREE DAYS
 HEATING
  TODAY            0                         6     -6       11
  MONTH TO DATE    4                        48    -44       33
  SINCE MAR 1   1215                      1133     82     1014
  SINCE JUL 1   4348                      4562   -214     3701

 COOLING
  TODAY            1                         1      0        0
  MONTH TO DATE   47                         7     40        5
  SINCE MAR 1     53                        15     38       36
  SINCE JAN 1     53                        15     38       36
..................................................................


WIND (MPH)
  HIGHEST WIND SPEED    12   HIGHEST WIND DIRECTION     N (350)
  HIGHEST GUST SPEED    13   HIGHEST GUST DIRECTION     N (360)
  AVERAGE WIND SPEED     5.2


SKY COVER
  AVERAGE SKY COVER 0.6


WEATHER CONDITIONS
 THE FOLLOWING WEATHER WAS RECORDED TODAY.
  NO SIGNIFICANT WEATHER WAS OBSERVED.


RELATIVE HUMIDITY (PERCENT)
 HIGHEST    86          1200 AM
 LOWEST     36           300 PM
 AVERAGE    61

..........................................................


THE LAGUARDIA NY CLIMATE NORMALS FOR TOMORROW
                         NORMAL    RECORD    YEAR
 MAXIMUM TEMPERATURE (F)   69        89      2000
                                             1943
 MINIMUM TEMPERATURE (F)   51        37      1947


SUNRISE AND SUNSET
MAY  7 2018...........SUNRISE   547 AM EDT   SUNSET   758 PM EDT
MAY  8 2018...........SUNRISE   546 AM EDT   SUNSET   759 PM EDT


-  INDICATES NEGATIVE NUMBERS.
R  INDICATES RECORD WAS SET OR TIED.
MM INDICATES DATA IS MISSING.
T  INDICATES TRACE AMOUNT.




$$
