273
CDUS41 KOKX 130617
CLILGA


CLIMATE REPORT
NATIONAL WEATHER SERVICE NEW YORK NY
217 AM EDT SUN MAY 13 2018


...................................

...THE LAGUARDIA NY CLIMATE SUMMARY FOR MAY 12 2018...

CLIMATE NORMAL PERIOD 1981 TO 2010
CLIMATE RECORD PERIOD 1939 TO 2018


WEATHER ITEM   OBSERVED TIME   RECORD YEAR NORMAL DEPARTURE LAST
                VALUE   (LST)  VALUE       VALUE  FROM      YEAR
                                                  NORMAL
..................................................................
TEMPERATURE (F)
 YESTERDAY
  MAXIMUM         64   1222 AM  88    1991  70     -6       64
                                      1948
  MINIMUM         53   1159 PM  43    1940  53      0       52
  AVERAGE         59                        61     -2       58

PRECIPITATION (IN)
  YESTERDAY        0.20          1.30 2006   0.11   0.09     0.00
  MONTH TO DATE    0.40                      1.36  -0.96     2.33
  SINCE MAR 1      9.50                      9.33   0.17    11.11
  SINCE JAN 1     17.56                     15.26   2.30    17.11

SNOWFALL (IN)
  YESTERDAY        0.0          MM      MM   0.0    0.0      0.0
  MONTH TO DATE    0.0                       0.0    0.0      0.0
  SINCE OCT 1     38.4                      26.9   11.5     33.2
  SINCE JUL 1     38.4                      26.9   11.5     33.2
  SNOW DEPTH       0

DEGREE DAYS
 HEATING
  YESTERDAY        6                         5      1        7
  MONTH TO DATE   17                        75    -58       71
  SINCE MAR 1   1228                      1160     68     1052
  SINCE JUL 1   4361                      4589   -228     3739

 COOLING
  YESTERDAY        0                         1     -1        0
  MONTH TO DATE   49                        12     37        5
  SINCE MAR 1     55                        20     35       36
  SINCE JAN 1     55                        20     35       36
..................................................................


WIND (MPH)
  HIGHEST WIND SPEED    15   HIGHEST WIND DIRECTION    NE (40)
  HIGHEST GUST SPEED    20   HIGHEST GUST DIRECTION    NE (60)
  AVERAGE WIND SPEED     8.6


SKY COVER
  AVERAGE SKY COVER 1.0


WEATHER CONDITIONS
 THE FOLLOWING WEATHER WAS RECORDED YESTERDAY.
  RAIN
  LIGHT RAIN
  FOG


RELATIVE HUMIDITY (PERCENT)
 HIGHEST    89           900 PM
 LOWEST     43           100 AM
 AVERAGE    66

..........................................................


THE LAGUARDIA NY CLIMATE NORMALS FOR TODAY
                         NORMAL    RECORD    YEAR
 MAXIMUM TEMPERATURE (F)   70        89      1956
 MINIMUM TEMPERATURE (F)   53        45      1998
                                             1996


SUNRISE AND SUNSET
MAY 13 2018...........SUNRISE   540 AM EDT   SUNSET   804 PM EDT
MAY 14 2018...........SUNRISE   539 AM EDT   SUNSET   805 PM EDT


-  INDICATES NEGATIVE NUMBERS.
R  INDICATES RECORD WAS SET OR TIED.
MM INDICATES DATA IS MISSING.
T  INDICATES TRACE AMOUNT.




$$
