000
CDUS41 KOKX 040619
CLILGA


CLIMATE REPORT
NATIONAL WEATHER SERVICE NEW YORK NY
219 AM EDT FRI MAY 4 2018


...................................

...THE LAGUARDIA NY CLIMATE SUMMARY FOR MAY 3 2018...

CLIMATE NORMAL PERIOD 1981 TO 2010
CLIMATE RECORD PERIOD 1939 TO 2018


WEATHER ITEM   OBSERVED TIME   RECORD YEAR NORMAL DEPARTURE LAST
                VALUE   (LST)  VALUE       VALUE  FROM      YEAR
                                                  NORMAL
..................................................................
TEMPERATURE (F)
 YESTERDAY
  MAXIMUM         93R   416 PM  90    2001  67     26       67
  MINIMUM         70    705 PM  40    1957  50     20       55
  AVERAGE         82                        58     24       61

PRECIPITATION (IN)
  YESTERDAY        0.01          1.45 2010   0.11  -0.10     0.00
  MONTH TO DATE    0.01                      0.33  -0.32      T
  SINCE MAR 1      9.11                      8.30   0.81     8.78
  SINCE JAN 1     17.17                     14.23   2.94    14.78

SNOWFALL (IN)
  YESTERDAY        0.0          MM      MM   0.0    0.0      0.0
  MONTH TO DATE    0.0                       0.0    0.0      0.0
  SINCE OCT 1     38.4                      26.9   11.5     33.2
  SINCE JUL 1     38.4                      26.9   11.5     33.2
  SNOW DEPTH       0

DEGREE DAYS
 HEATING
  YESTERDAY        0                         7     -7        4
  MONTH TO DATE    0                        22    -22        7
  SINCE MAR 1   1211                      1107    104      988
  SINCE JUL 1   4344                      4536   -192     3675

 COOLING
  YESTERDAY       17                         1     16        0
  MONTH TO DATE   31                         3     28        5
  SINCE MAR 1     37                        11     26       36
  SINCE JAN 1     37                        11     26       36
..................................................................


WIND (MPH)
  HIGHEST WIND SPEED    33   HIGHEST WIND DIRECTION    NW (320)
  HIGHEST GUST SPEED    40   HIGHEST GUST DIRECTION    NW (320)
  AVERAGE WIND SPEED    10.4


SKY COVER
  AVERAGE SKY COVER 0.7


WEATHER CONDITIONS
 THE FOLLOWING WEATHER WAS RECORDED YESTERDAY.
  RAIN
  LIGHT RAIN


RELATIVE HUMIDITY (PERCENT)
 HIGHEST    69          1000 PM
 LOWEST     25          1200 AM
 AVERAGE    47

..........................................................


THE LAGUARDIA NY CLIMATE NORMALS FOR TODAY
                         NORMAL    RECORD    YEAR
 MAXIMUM TEMPERATURE (F)   67        92      2001
 MINIMUM TEMPERATURE (F)   50        41      1957


SUNRISE AND SUNSET
MAY  4 2018...........SUNRISE   550 AM EDT   SUNSET   755 PM EDT
MAY  5 2018...........SUNRISE   549 AM EDT   SUNSET   756 PM EDT


-  INDICATES NEGATIVE NUMBERS.
R  INDICATES RECORD WAS SET OR TIED.
MM INDICATES DATA IS MISSING.
T  INDICATES TRACE AMOUNT.




$$
