000
CDUS41 KOKX 070617
CLILGA


CLIMATE REPORT
NATIONAL WEATHER SERVICE NEW YORK NY
217 AM EDT SAT APR 7 2018


...................................

...THE LAGUARDIA NY CLIMATE SUMMARY FOR APRIL 6 2018...

CLIMATE NORMAL PERIOD 1981 TO 2010
CLIMATE RECORD PERIOD 1939 TO 2018


WEATHER ITEM   OBSERVED TIME   RECORD YEAR NORMAL DEPARTURE LAST
                VALUE   (LST)  VALUE       VALUE  FROM      YEAR
                                                  NORMAL
..................................................................
TEMPERATURE (F)
 YESTERDAY
  MAXIMUM         62    526 PM  80    1947  57      5       54
  MINIMUM         37    424 AM  22    1982  41     -4       43
  AVERAGE         50                        49      1       49

PRECIPITATION (IN)
  YESTERDAY        0.09          2.45 1958   0.14  -0.05     0.85
  MONTH TO DATE    1.03                      0.84   0.19     2.49
  SINCE MAR 1      5.11                      4.81   0.30     7.18
  SINCE JAN 1     13.17                     10.74   2.43    13.18

SNOWFALL (IN)
  YESTERDAY        0.0           8.2  1982   0.0    0.0      0.0
  MONTH TO DATE    5.5                       0.2    5.3      0.0
  SINCE OCT 1     38.4                      26.6   11.8     33.2
  SINCE JUL 1     38.4                      26.6   11.8     33.2
  SNOW DEPTH       0

DEGREE DAYS
 HEATING
  YESTERDAY       15                        16     -1       16
  MONTH TO DATE  119                       101     18       84
  SINCE MAR 1    863                       808     55      819
  SINCE JUL 1   3996                      4237   -241     3506

 COOLING
  YESTERDAY        0                         0      0        0
  MONTH TO DATE    0                         0      0        0
  SINCE MAR 1      0                         0      0        0
  SINCE JAN 1      0                         0      0        0
..................................................................


WIND (MPH)
  HIGHEST WIND SPEED    25   HIGHEST WIND DIRECTION    SW (240)
  HIGHEST GUST SPEED    35   HIGHEST GUST DIRECTION    SW (220)
  AVERAGE WIND SPEED    11.1


SKY COVER
  AVERAGE SKY COVER 0.9


WEATHER CONDITIONS
 THE FOLLOWING WEATHER WAS RECORDED YESTERDAY.
  LIGHT RAIN
  FOG


RELATIVE HUMIDITY (PERCENT)
 HIGHEST    79           900 AM
 LOWEST     27           500 PM
 AVERAGE    53

..........................................................


THE LAGUARDIA NY CLIMATE NORMALS FOR TODAY
                         NORMAL    RECORD    YEAR
 MAXIMUM TEMPERATURE (F)   58        91      2010
 MINIMUM TEMPERATURE (F)   42        22      1982


SUNRISE AND SUNSET
APRIL  7 2018.........SUNRISE   629 AM EDT   SUNSET   727 PM EDT
APRIL  8 2018.........SUNRISE   628 AM EDT   SUNSET   728 PM EDT


-  INDICATES NEGATIVE NUMBERS.
R  INDICATES RECORD WAS SET OR TIED.
MM INDICATES DATA IS MISSING.
T  INDICATES TRACE AMOUNT.




$$
