000
CDUS41 KOKX 190704
CLILGA


CLIMATE REPORT
NATIONAL WEATHER SERVICE NEW YORK NY
304 AM EDT THU APR 19 2018


...................................

...THE LAGUARDIA NY CLIMATE SUMMARY FOR APRIL 18 2018...

CLIMATE NORMAL PERIOD 1981 TO 2010
CLIMATE RECORD PERIOD 1939 TO 2018


WEATHER ITEM   OBSERVED TIME   RECORD YEAR NORMAL DEPARTURE LAST
                VALUE   (LST)  VALUE       VALUE  FROM      YEAR
                                                  NORMAL
..................................................................
TEMPERATURE (F)
 YESTERDAY
  MAXIMUM         55    438 PM  91    1976  62     -7       65
  MINIMUM         39    530 AM  35    2014  45     -6       49
  AVERAGE         47                        54     -7       57

PRECIPITATION (IN)
  YESTERDAY        0.00          0.58 1953   0.12  -0.12     0.00
  MONTH TO DATE    3.89                      2.49   1.40     2.52
  SINCE MAR 1      7.97                      6.46   1.51     7.21
  SINCE JAN 1     16.03                     12.39   3.64    13.21

SNOWFALL (IN)
  YESTERDAY        0.0           T    1997   0.1   -0.1      0.0
  MONTH TO DATE    5.5                       0.5    5.0      0.0
  SINCE OCT 1     38.4                      26.9   11.5     33.2
  SINCE JUL 1     38.4                      26.9   11.5     33.2
  SNOW DEPTH       0

DEGREE DAYS
 HEATING
  YESTERDAY       18                        12      6        8
  MONTH TO DATE  325                       263     62      155
  SINCE MAR 1   1069                       970     99      890
  SINCE JUL 1   4202                      4399   -197     3577

 COOLING
  YESTERDAY        0                         0      0        0
  MONTH TO DATE    6                         0      6       14
  SINCE MAR 1      6                         0      6       14
  SINCE JAN 1      6                         0      6       14
..................................................................


WIND (MPH)
  HIGHEST WIND SPEED    23   HIGHEST WIND DIRECTION     W (270)
  HIGHEST GUST SPEED    28   HIGHEST GUST DIRECTION     W (270)
  AVERAGE WIND SPEED    12.0


SKY COVER
  AVERAGE SKY COVER 0.5


WEATHER CONDITIONS
 THE FOLLOWING WEATHER WAS RECORDED YESTERDAY.
  NO SIGNIFICANT WEATHER WAS OBSERVED.


RELATIVE HUMIDITY (PERCENT)
 HIGHEST    54           300 AM
 LOWEST     35           300 PM
 AVERAGE    45

..........................................................


THE LAGUARDIA NY CLIMATE NORMALS FOR TODAY
                         NORMAL    RECORD    YEAR
 MAXIMUM TEMPERATURE (F)   62        85      2002
                                             1976
 MINIMUM TEMPERATURE (F)   46        35      1983


SUNRISE AND SUNSET
APRIL 19 2018.........SUNRISE   611 AM EDT   SUNSET   739 PM EDT
APRIL 20 2018.........SUNRISE   609 AM EDT   SUNSET   740 PM EDT


-  INDICATES NEGATIVE NUMBERS.
R  INDICATES RECORD WAS SET OR TIED.
MM INDICATES DATA IS MISSING.
T  INDICATES TRACE AMOUNT.




$$
