000
CDUS41 KOKX 090617
CLILGA


CLIMATE REPORT
NATIONAL WEATHER SERVICE NEW YORK NY
217 AM EDT MON APR 9 2018


...................................

...THE LAGUARDIA NY CLIMATE SUMMARY FOR APRIL 8 2018...

CLIMATE NORMAL PERIOD 1981 TO 2010
CLIMATE RECORD PERIOD 1939 TO 2018


WEATHER ITEM   OBSERVED TIME   RECORD YEAR NORMAL DEPARTURE LAST
                VALUE   (LST)  VALUE       VALUE  FROM      YEAR
                                                  NORMAL
..................................................................
TEMPERATURE (F)
 YESTERDAY
  MAXIMUM         45    250 PM  89    1991  58    -13       58
  MINIMUM         33    719 AM  25    1982  42     -9       42
                                      1972
  AVERAGE         39                        50    -11       50

PRECIPITATION (IN)
  YESTERDAY        0.00          2.03 1940   0.14  -0.14     0.00
  MONTH TO DATE    1.03                      1.11  -0.08     2.49
  SINCE MAR 1      5.11                      5.08   0.03     7.18
  SINCE JAN 1     13.17                     11.01   2.16    13.18

SNOWFALL (IN)
  YESTERDAY        0.0           6.4  1956   0.1   -0.1      0.0
  MONTH TO DATE    5.5                       0.3    5.2      0.0
  SINCE OCT 1     38.4                      26.7   11.7     33.2
  SINCE JUL 1     38.4                      26.7   11.7     33.2
  SNOW DEPTH       0

DEGREE DAYS
 HEATING
  YESTERDAY       26                        15     11       15
  MONTH TO DATE  166                       131     35      116
  SINCE MAR 1    910                       838     72      851
  SINCE JUL 1   4043                      4267   -224     3538

 COOLING
  YESTERDAY        0                         0      0        0
  MONTH TO DATE    0                         0      0        0
  SINCE MAR 1      0                         0      0        0
  SINCE JAN 1      0                         0      0        0
..................................................................


WIND (MPH)
  HIGHEST WIND SPEED    28   HIGHEST WIND DIRECTION    NW (300)
  HIGHEST GUST SPEED    34   HIGHEST GUST DIRECTION    NW (330)
  AVERAGE WIND SPEED    15.7


SKY COVER
  AVERAGE SKY COVER 0.6


WEATHER CONDITIONS
 THE FOLLOWING WEATHER WAS RECORDED YESTERDAY.
  NO SIGNIFICANT WEATHER WAS OBSERVED.


RELATIVE HUMIDITY (PERCENT)
 HIGHEST    51           300 AM
 LOWEST     25           300 PM
 AVERAGE    38

..........................................................


THE LAGUARDIA NY CLIMATE NORMALS FOR TODAY
                         NORMAL    RECORD    YEAR
 MAXIMUM TEMPERATURE (F)   59        84      1991
 MINIMUM TEMPERATURE (F)   42        26      1977


SUNRISE AND SUNSET
APRIL  9 2018.........SUNRISE   626 AM EDT   SUNSET   729 PM EDT
APRIL 10 2018.........SUNRISE   625 AM EDT   SUNSET   730 PM EDT


-  INDICATES NEGATIVE NUMBERS.
R  INDICATES RECORD WAS SET OR TIED.
MM INDICATES DATA IS MISSING.
T  INDICATES TRACE AMOUNT.




$$
