000
CDUS41 KOKX 280622
CLILGA


CLIMATE REPORT
NATIONAL WEATHER SERVICE NEW YORK NY
221 AM EDT WED MAR 28 2018


...................................

...THE LAGUARDIA NY CLIMATE SUMMARY FOR MARCH 27 2018...

CLIMATE NORMAL PERIOD 1981 TO 2010
CLIMATE RECORD PERIOD 1939 TO 2018


WEATHER ITEM   OBSERVED TIME   RECORD YEAR NORMAL DEPARTURE LAST
                VALUE   (LST)  VALUE       VALUE  FROM      YEAR
                                                  NORMAL
..................................................................
TEMPERATURE (F)
 YESTERDAY
  MAXIMUM         45    100 PM  83    1998  54     -9       50
  MINIMUM         35    605 AM  23    2014  38     -3       39
  AVERAGE         40                        46     -6       45

PRECIPITATION (IN)
  YESTERDAY        0.01          1.20 1983   0.14  -0.13     0.20
  MONTH TO DATE    3.99                      3.43   0.56     1.94
  SINCE MAR 1      3.99                      3.43   0.56     1.94
  SINCE JAN 1     12.05                      9.36   2.69     7.94

SNOWFALL (IN)
  YESTERDAY        0.0           0.9  1959   0.1   -0.1      0.0
  MONTH TO DATE   11.6                       4.1    7.5      9.8
  SINCE OCT 1     32.9                      26.1    6.8     33.2
  SINCE JUL 1     32.9                      26.1    6.8     33.2
  SNOW DEPTH       0

DEGREE DAYS
 HEATING
  YESTERDAY       25                        19      6       20
  MONTH TO DATE  681                       632     49      661
  SINCE MAR 1    681                       632     49      661
  SINCE JUL 1   3814                      4061   -247     3348

 COOLING
  YESTERDAY        0                         0      0        0
  MONTH TO DATE    0                         0      0        0
  SINCE MAR 1      0                         0      0        0
  SINCE JAN 1      0                         0      0        0
..................................................................


WIND (MPH)
  HIGHEST WIND SPEED    12   HIGHEST WIND DIRECTION    NE (50)
  HIGHEST GUST SPEED    17   HIGHEST GUST DIRECTION    NE (50)
  AVERAGE WIND SPEED     6.6


SKY COVER
  AVERAGE SKY COVER 0.8


WEATHER CONDITIONS
 THE FOLLOWING WEATHER WAS RECORDED YESTERDAY.
  LIGHT RAIN


RELATIVE HUMIDITY (PERCENT)
 HIGHEST    70           600 AM
 LOWEST     36           800 PM
 AVERAGE    53

..........................................................


THE LAGUARDIA NY CLIMATE NORMALS FOR TODAY
                         NORMAL    RECORD    YEAR
 MAXIMUM TEMPERATURE (F)   54        83      1945
 MINIMUM TEMPERATURE (F)   38        23      1982


SUNRISE AND SUNSET
MARCH 28 2018.........SUNRISE   646 AM EDT   SUNSET   716 PM EDT
MARCH 29 2018.........SUNRISE   644 AM EDT   SUNSET   717 PM EDT


-  INDICATES NEGATIVE NUMBERS.
R  INDICATES RECORD WAS SET OR TIED.
MM INDICATES DATA IS MISSING.
T  INDICATES TRACE AMOUNT.




$$
