000
CDUS41 KOKX 250621
CLILGA


CLIMATE REPORT
NATIONAL WEATHER SERVICE NEW YORK NY
221 AM EDT FRI MAY 25 2018


...................................

...THE LAGUARDIA NY CLIMATE SUMMARY FOR MAY 24 2018...

CLIMATE NORMAL PERIOD 1981 TO 2010
CLIMATE RECORD PERIOD 1939 TO 2018


WEATHER ITEM   OBSERVED TIME   RECORD YEAR NORMAL DEPARTURE LAST
                VALUE   (LST)  VALUE       VALUE  FROM      YEAR
                                                  NORMAL
..................................................................
TEMPERATURE (F)
 YESTERDAY
  MAXIMUM         86    359 PM  91    1964  74     12       69
  MINIMUM         66    546 AM  41    1963  56     10       57
  AVERAGE         76                        65     11       63

PRECIPITATION (IN)
  YESTERDAY        0.00          1.82 1978   0.14  -0.14     0.03
  MONTH TO DATE    2.66                      2.84  -0.18     4.76
  SINCE MAR 1     11.76                     10.81   0.95    13.54
  SINCE JAN 1     19.82                     16.74   3.08    19.54

SNOWFALL (IN)
  YESTERDAY        0.0          MM      MM   0.0    0.0      0.0
  MONTH TO DATE    0.0                       0.0    0.0      0.0
  SINCE OCT 1     38.4                      26.9   11.5     33.2
  SINCE JUL 1     38.4                      26.9   11.5     33.2
  SNOW DEPTH       0

DEGREE DAYS
 HEATING
  YESTERDAY        0                         3     -3        2
  MONTH TO DATE   54                       119    -65      104
  SINCE MAR 1   1265                      1204     61     1085
  SINCE JUL 1   4398                      4633   -235     3772

 COOLING
  YESTERDAY       11                         3      8        0
  MONTH TO DATE   86                        35     51       67
  SINCE MAR 1     92                        43     49       98
  SINCE JAN 1     92                        43     49       98
..................................................................


WIND (MPH)
  HIGHEST WIND SPEED    17   HIGHEST WIND DIRECTION     S (180)
  HIGHEST GUST SPEED    23   HIGHEST GUST DIRECTION     S (160)
  AVERAGE WIND SPEED     8.4


SKY COVER
  AVERAGE SKY COVER 0.1


WEATHER CONDITIONS
 THE FOLLOWING WEATHER WAS RECORDED YESTERDAY.
  NO SIGNIFICANT WEATHER WAS OBSERVED.


RELATIVE HUMIDITY (PERCENT)
 HIGHEST    63           400 AM
 LOWEST     19           300 PM
 AVERAGE    41

..........................................................


THE LAGUARDIA NY CLIMATE NORMALS FOR TODAY
                         NORMAL    RECORD    YEAR
 MAXIMUM TEMPERATURE (F)   74        95      2007
 MINIMUM TEMPERATURE (F)   57        44      1967
                                             1956


SUNRISE AND SUNSET
MAY 25 2018...........SUNRISE   530 AM EDT   SUNSET   815 PM EDT
MAY 26 2018...........SUNRISE   530 AM EDT   SUNSET   816 PM EDT


-  INDICATES NEGATIVE NUMBERS.
R  INDICATES RECORD WAS SET OR TIED.
MM INDICATES DATA IS MISSING.
T  INDICATES TRACE AMOUNT.




$$
