455
CDUS41 KOKX 210627
CLILGA


CLIMATE REPORT
NATIONAL WEATHER SERVICE NEW YORK NY
227 AM EDT SAT APR 21 2018


...................................

...THE LAGUARDIA NY CLIMATE SUMMARY FOR APRIL 20 2018...

CLIMATE NORMAL PERIOD 1981 TO 2010
CLIMATE RECORD PERIOD 1939 TO 2018


WEATHER ITEM   OBSERVED TIME   RECORD YEAR NORMAL DEPARTURE LAST
                VALUE   (LST)  VALUE       VALUE  FROM      YEAR
                                                  NORMAL
..................................................................
TEMPERATURE (F)
 YESTERDAY
  MAXIMUM         50    359 PM  85    2005  63    -13       66
  MINIMUM         38    610 AM  35    1953  46     -8       49
  AVERAGE         44                        54    -10       58

PRECIPITATION (IN)
  YESTERDAY        0.00          1.89 2009   0.13  -0.13     0.24
  MONTH TO DATE    4.04                      2.75   1.29     2.76
  SINCE MAR 1      8.12                      6.72   1.40     7.45
  SINCE JAN 1     16.18                     12.65   3.53    13.45

SNOWFALL (IN)
  YESTERDAY        0.0           T    1983   0.0    0.0      0.0
  MONTH TO DATE    5.5                       0.5    5.0      0.0
  SINCE OCT 1     38.4                      26.9   11.5     33.2
  SINCE JUL 1     38.4                      26.9   11.5     33.2
  SNOW DEPTH       0

DEGREE DAYS
 HEATING
  YESTERDAY       21                        11     10        7
  MONTH TO DATE  367                       285     82      177
  SINCE MAR 1   1111                       992    119      912
  SINCE JUL 1   4244                      4421   -177     3599

 COOLING
  YESTERDAY        0                         0      0        0
  MONTH TO DATE    6                         0      6       14
  SINCE MAR 1      6                         0      6       14
  SINCE JAN 1      6                         0      6       14
..................................................................


WIND (MPH)
  HIGHEST WIND SPEED    28   HIGHEST WIND DIRECTION    NW (320)
  HIGHEST GUST SPEED    35   HIGHEST GUST DIRECTION    NW (320)
  AVERAGE WIND SPEED    16.8


SKY COVER
  AVERAGE SKY COVER 0.2


WEATHER CONDITIONS
 THE FOLLOWING WEATHER WAS RECORDED YESTERDAY.
  NO SIGNIFICANT WEATHER WAS OBSERVED.


RELATIVE HUMIDITY (PERCENT)
 HIGHEST    59           400 AM
 LOWEST     36           100 PM
 AVERAGE    48

..........................................................


THE LAGUARDIA NY CLIMATE NORMALS FOR TODAY
                         NORMAL    RECORD    YEAR
 MAXIMUM TEMPERATURE (F)   63        86      1957
 MINIMUM TEMPERATURE (F)   46        33      1956


SUNRISE AND SUNSET
APRIL 21 2018.........SUNRISE   608 AM EDT   SUNSET   741 PM EDT
APRIL 22 2018.........SUNRISE   606 AM EDT   SUNSET   742 PM EDT


-  INDICATES NEGATIVE NUMBERS.
R  INDICATES RECORD WAS SET OR TIED.
MM INDICATES DATA IS MISSING.
T  INDICATES TRACE AMOUNT.




$$
