000
CXUS51 KOKX 011458
CLMLGA
CLIMATE REPORT
NATIONAL WEATHER SERVICE NEW YORK, NY
1058 AM EDT TUE AUG 01 2023
...................................
...THE LAGUARDIA NY CLIMATE SUMMARY FOR THE MONTH OF JULY 2023...
CLIMATE NORMAL PERIOD 1991 TO 2020
CLIMATE RECORD PERIOD 1939 TO 2023
WEATHER OBSERVED NORMAL DEPART LAST YEAR`S
VALUE DATE(S) VALUE FROM VALUE DATE(S)
NORMAL
................................................................
TEMPERATURE (F)
RECORD
HIGH 107 07/03/1966
LOW 56 07/01/1988
07/06/1979
07/05/1979
HIGHEST 95 07/27 MM MM 98 07/24
LOWEST 67 07/30 MM MM 68 07/04
07/08
07/10
AVG. MAXIMUM 87.5 86.4 1.1 88.8
AVG. MINIMUM 73.3 71.9 1.4 73.3
MEAN 80.4 79.2 1.2 81.1
DAYS MAX >= 90 10 9.0 1.0 11
DAYS MAX <= 32 0 0.0 0.0 0
DAYS MIN <= 32 0 0.0 0.0 0
DAYS MIN <= 0 0 0.0 0.0 0
PRECIPITATION (INCHES)
RECORD
MAXIMUM 12.33 1975
MINIMUM 0.56 1999
TOTALS 5.39 4.30 1.09 2.69
DAILY AVG. 0.17 0.14 0.03 0.09
DAYS >= .01 13 9.7 3.3 8
DAYS >= .10 10 6.3 3.7 5
DAYS >= .50 3 2.9 0.1 3
DAYS >= 1.00 2 1.0 1.0 0
GREATEST
24 HR. TOTAL 1.40 07/15 TO 07/16 0.76 07/25 TO 07/25
STORM TOTAL 1.39 0.76
(MM/DD(HH)) MM
SNOWFALL (INCHES)
RECORDS
TOTAL T 2009
24 HR TOTAL MM
TOTALS 0.0 0.0 0.0 0.0
LIQUID EQUIV 0.00 0.00 0.00 0.00
SINCE 7/1 0.0 0.0 0.0 MM
LIQUID 7/1 0.00 0.00 MM
DAYS >= TRACE 0 0.0 0.0 0
DAYS >= 1.0 0 0.0 0.0 0
GREATEST
SNOW DEPTH 0 0 MM
24 HR TOTAL MM MM 0.0
STORM TOTAL 0.0 0.0
(MM/DD(HH)) MM
DEGREE DAYS
HEATING TOTAL 0 0 0 0
SINCE 7/1 0 0 0 MM
COOLING TOTAL 484 439 45 505
SINCE 1/1 768 784 -16 MM
................................................................
WIND (MPH)
AVERAGE WIND SPEED 8.4
HIGHEST WIND SPEED/DIRECTION 37/270 DATE 07/29
HIGHEST GUST SPEED/DIRECTION 53/260 DATE 07/29
SKY COVER
POSSIBLE SUNSHINE (PERCENT) MM
AVERAGE SKY COVER 0.59
NUMBER OF DAYS FAIR 4
NUMBER OF DAYS PC 20
NUMBER OF DAYS CLOUDY 7
AVERAGE RH (PERCENT) 65
WEATHER CONDITIONS. NUMBER OF DAYS WITH
THUNDERSTORM 15 MIXED PRECIP 0
HEAVY RAIN 8 RAIN 4
LIGHT RAIN 13 FREEZING RAIN 0
LT FREEZING RAIN 0 HAIL 0
HEAVY SNOW 0 SNOW 0
LIGHT SNOW 0 SLEET 0
FOG 10 FOG W/VIS <= 1/4 MILE 0
HAZE 8
- INDICATES NEGATIVE NUMBERS.
R INDICATES RECORD WAS SET OR TIED.
MM INDICATES DATA IS MISSING.
T INDICATES TRACE AMOUNT.
$$