000
CXUS56 KLOX 011647
CLMLGB
CLIMATE REPORT
NATIONAL WEATHER SERVICE LOS ANGELES/OXNARD
947 AM PDT TUE AUG 01 2023
...................................
...THE LONG BEACH AIRPORT CA CLIMATE SUMMARY FOR THE MONTH OF JULY 2023...
CLIMATE NORMAL PERIOD: 1991 TO 2020
CLIMATE RECORD PERIOD: 1958 TO 2023
WEATHER OBSERVED NORMAL DEPART LAST YEAR`S
VALUE DATE(S) VALUE FROM VALUE
NORMAL
..............................................................
TEMPERATURE (F)
HIGHEST 96 07/26
LOWEST 60 07/05
07/06
07/10
AVG. MAXIMUM 85.0 81.4 3.6
AVG. MINIMUM 64.9 64.9 0.0
MEAN 75.0 73.1 1.9
DAYS MAX >= 90 12
DAYS MAX <= 32 0
DAYS MIN <= 32 0
DAYS MIN <= 0 0
PRECIPITATION (INCHES)
TOTALS 0.00 0.05 -0.05
DAILY AVG. 0.00
DAYS >= .01 0
DAYS >= .10 0
DAYS >= .50 0
DAYS >= 1.00 0
GREATEST
24 HR. TOTAL 0.00 06/30 TO 06/30
STORM TOTAL 0.00
DEGREE DAYS
HEATING TOTAL 0 0 0 0
SINCE 7/1 0 0 0 MM
COOLING TOTAL 318 253 65 271
SINCE 1/1 392 476 -84 MM
..............................................................
WIND (MPH)
AVERAGE WIND SPEED 5.5
HIGHEST WIND SPEED/DIRECTION 16/310 DATE 07/26
HIGHEST GUST SPEED/DIRECTION 25/120 DATE 07/01
SKY COVER
POSSIBLE SUNSHINE (PERCENT) MM
AVERAGE SKY COVER 0.19
NUMBER OF DAYS FAIR 24
NUMBER OF DAYS PC 7
NUMBER OF DAYS CLOUDY 0
AVERAGE RH (PERCENT) 65
WEATHER CONDITIONS. NUMBER OF DAYS WITH
THUNDERSTORM 0 MIXED PRECIP 0
HEAVY RAIN 0 RAIN 0
LIGHT RAIN 0 FREEZING RAIN 0
LT FREEZING RAIN 0 HAIL 0
HEAVY SNOW 0 SNOW 0
LIGHT SNOW 0 SLEET 0
FOG 14 FOG W/VIS <= 1/4 MILE 0
HAZE 19
- INDICATES NEGATIVE NUMBERS.
R INDICATES RECORD WAS SET OR TIED.
MM INDICATES DATA IS MISSING.
T INDICATES TRACE AMOUNT.
$$