000
CXUS51 KILN 011116
CF6LHQ
PRELIMINARY LOCAL CLIMATOLOGICAL DATA (WS FORM: F-6)
STATION: LANCASTER ASOS
MONTH: JANUARY
YEAR: 2023
LATITUDE: 39 45 N
LONGITUDE: 82 40 W
TEMPERATURE IN F: :PCPN: SNOW: WIND :SUNSHINE: SKY :PK WND
================================================================================
1 2 3 4 5 6A 6B 7 8 9 10 11 12 13 14 15 16 17 18
12Z AVG MX 2MIN
DY MAX MIN AVG DEP HDD CDD WTR SNW DPTH SPD SPD DIR MIN PSBL S-S WX SPD DR
================================================================================
1 54 34 44 14 21 0 0.00 M M 4.6 16 250 M M 10 12 20 240
2 59 45 52 22 13 0 T M M 2.9 10 220 M M 10 1 14 220
3 62 55 59 29 6 0 0.98 M M 8.2 25 280 M M 9 1 32 270
4 62 40 51 21 14 0 0.38 M M 7.5 18 250 M M 8 1 26 250
5 47 31 39 9 26 0 0.02 M M 8.4 21 250 M M 6 1 27 230
6 38 29 34 4 31 0 T M M 7.4 15 260 M M 10 20 270
7 40 22 31 1 34 0 0.00 M M 1.5 9 10 M M 5 12 350
8 42 22 32 3 33 0 0.00 M M 5.2 16 100 M M 7 22 100
9 36 22 29 0 36 0 0.00 M M 4.2 14 250 M M 4 1 18 250
10 44 23 34 5 31 0 T M M 4.5 12 130 M M 3 14 120
11 49 26 38 9 27 0 0.04 M M 5.3 10 130 M M 7 1 16 160
12 56 36 46 17 19 0 0.69 M M 9.7 23 310 M M 10 13 34 330
13 37 29 33 4 32 0 0.02 M M 11.6 15 330 M M 10 1 22 320
14 31 17 24 -5 41 0 0.00 M M 8.2 13 350 M M 7 20 320
15 38 15 27 -2 38 0 0.00 M M 2.0 8 110 M M 0 10 100
16 42 21 32 3 33 0 0.12 M M 6.9 14 150 M M 3 1 17 150
17 59 40 50 22 15 0 T M M 10.2 22 250 M M 7 30 260
18 43 39 41 13 24 0 0.06 M M 6.3 14 290 M M 9 1 19 280
19 61 38 50 22 15 0 0.40 M M 12.8 32 240 M M 7 1 47 240
20 38 34 36 8 29 0 0.01 M M 13.4 25 270 M M 10 1 35 290
21 34 26 30 2 35 0 0.00 M M 5.3 10 270 M M 10 14 250
22 34 24 29 1 36 0 0.13 M M 2.7 8 300 M M 8 1 10 300
23 34 29 32 4 33 0 T M M 8.6 16 260 M M 9 18 21 250
24 41 29 35 7 30 0 0.00 M M 5.1 14 240 M M 0 19 220
25 51 31 41 12 24 0 0.31 M M 12.4 31 240 M M 10 1 44 250
26 36 29 33 4 32 0 T M M 13.5 23 270 M M 10 1 31 290
27 44 24 34 5 31 0 0.00 M M 12.7 21 200 M M 8 27 200
28 53 36 45 16 20 0 0.00 M M 7.3 20 240 M M 5 29 230
29 49 38 44 15 21 0 0.22 M M 8.6 16 230 M M 10 1 22 230
30 38 27 33 4 32 0 0.02 M M 5.9 13 320 M M 10 12 17 350
31 27 21 24 -5 41 0 0.01 M M 6.8 12 330 M M 8 1 15 340
================================================================================
SM 1379 932 853 0 3.41 M 229.7 M 230
================================================================================
AV 44.5 30.1 7.4 FASTST M M 7 MAX(MPH)
MISC ----> 32 240 47 240
================================================================================
NOTES:
# LAST OF SEVERAL OCCURRENCES
COLUMN 17 PEAK WIND IN M.P.H.
PRELIMINARY LOCAL CLIMATOLOGICAL DATA (WS FORM: F-6) , PAGE 2
STATION: LANCASTER ASOS
MONTH: JANUARY
YEAR: 2023
LATITUDE: 39 45 N
LONGITUDE: 82 40 W
[TEMPERATURE DATA] [PRECIPITATION DATA] SYMBOLS USED IN COLUMN 16
AVERAGE MONTHLY: 37.3 TOTAL FOR MONTH: 3.41 1 = FOG OR MIST
DPTR FM NORMAL: 8.3 DPTR FM NORMAL: 0.53 2 = FOG REDUCING VISIBILITY
HIGHEST: 62 ON 4, 3 GRTST 24HR 1.15 ON 3- 3 TO 1/4 MILE OR LESS
LOWEST: 15 ON 15 3 = THUNDER
SNOW, ICE PELLETS, HAIL 4 = ICE PELLETS
TOTAL MONTH: M 5 = HAIL
GRTST 24HR M ON M 6 = FREEZING RAIN OR DRIZZLE
GRTST DEPTH: M ON M 7 = DUSTSTORM OR SANDSTORM:
VSBY 1/2 MILE OR LESS
8 = SMOKE OR HAZE
[NO. OF DAYS WITH] [WEATHER - DAYS WITH] 9 = BLOWING SNOW
X = TORNADO
MAX 32 OR BELOW: 2 0.01 INCH OR MORE: 15
MAX 90 OR ABOVE: 0 0.10 INCH OR MORE: 8
MIN 32 OR BELOW: 20 0.50 INCH OR MORE: 2
MIN 0 OR BELOW: 0 1.00 INCH OR MORE: 0
[HDD (BASE 65) ]
TOTAL THIS MO. 853 CLEAR (SCALE 0-3) 2
DPTR FM NORMAL -263 PTCLDY (SCALE 4-7) 15
TOTAL FM JUL 1 2938 CLOUDY (SCALE 8-10) 14
DPTR FM NORMAL -292
[CDD (BASE 65) ]
TOTAL THIS MO. 0
DPTR FM NORMAL 0 [PRESSURE DATA]
TOTAL FM JAN 1 0 HIGHEST SLP M ON M
DPTR FM NORMAL 0 LOWEST SLP 29.78 ON 23
[REMARKS]
#FINAL-01-23#