000
CXUS55 KPUB 011210
CF6LHX
PRELIMINARY LOCAL CLIMATOLOGICAL DATA (WS FORM: F-6)
STATION: LA JUNTA CO
MONTH: OCTOBER
YEAR: 2021
LATITUDE: 38 2 N
LONGITUDE: 103 31 W
TEMPERATURE IN F: :PCPN: SNOW: WIND :SUNSHINE: SKY :PK WND
================================================================================
1 2 3 4 5 6A 6B 7 8 9 10 11 12 13 14 15 16 17 18
12Z AVG MX 2MIN
DY MAX MIN AVG DEP HDD CDD WTR SNW DPTH SPD SPD DIR MIN PSBL S-S WX SPD DR
================================================================================
1 67 53 60 -2 5 0 0.28 M M 5.0 12 110 M M 9 1 16 140
2 76 52 64 3 1 0 0.16 M M 7.6 15 280 M M 3 1 19 290
3 81 48 65 4 0 0 0.00 M M 5.8 14 290 M M 0 17 290
4 86 48 67 7 0 2 0.00 M M 6.7 17 270 M M 0 21 270
5 82 46 64 4 1 0 0.00 M M 6.6 16 110 M M 0 20 120
6 86 45 66 7 0 1 0.00 M M 5.8 15 220 M M 0 18 210
7 83 52 68 9 0 3 0.00 M M 7.3 16 270 M M 0 20 280
8 83 50 67 9 0 2 0.00 M M 8.4 17 240 M M 0 26 230
9 84 58 71 13 0 6 0.00 M M 15.3 35 260 M M 0 45 260
10 72 47 60 3 5 0 0.00 M M 8.6 17 40 M M 4 8 22 30
11 77 40 59 2 6 0 0.00 M M 9.8 28 140 M M 0 37 150
12 80 48 64 8 1 0 T M M 20.4 38 220 M M 2 3 53 180
13 73 42 58 2 7 0 0.00 M M 11.4 21 220 M M 0 28 220
14 59 36 48 -7 17 0 0.00 M M 6.7 16 60 M M 5 22 50
15 60 34 47 -8 18 0 T M M 5.5 14 10 M M 3 19 280
16 70 29 50 -4 15 0 0.00 M M 7.2 14 280 M M 0 17 280
17 80 36 58 4 7 0 0.00 M M 8.3 15 160 M M 0 20 160
18 83 39 61 7 4 0 0.00 M M 6.8 18 210 M M 0 24 210
19 78 38 58 5 7 0 0.00 M M 15.0 33 20 M M 0 43 300
20 67 35 51 -2 14 0 0.00 M M 5.4 13 90 M M 0 16 80
21 73 32 53 1 12 0 0.00 M M 7.1 13 80 M M 0 15 80
22 78 33 56 4 9 0 0.00 M M 5.6 15 270 M M 0 20 260
23 79 36 58 7 7 0 0.00 M M 6.3 15 270 M M 0 19 280
24 74 44 59 8 6 0 0.00 M M 7.4 16 100 M M 0 21 100
25 83 39 61 10 4 0 0.00 M M 7.9 17 210 M M 0 22 220
26 84 43 64 14 1 0 T M M 19.4 43 260 M M 2 56 260
27 65 38 52 2 13 0 0.00 M M 18.2 35 350 M M 1 56 350
28 62 36 49 0 16 0 0.00 M M 10.4 26 10 M M 0 35 10
29 73 32 53 4 12 0 0.00 M M 7.1 13 220 M M 0 16 220
30 79 38 59 10 6 0 0.00 M M 10.7 21 40 M M 0 30 60
31 51 34 43 -5 22 0 0.00 M M 10.0 16 90 M M 4 21 80
================================================================================
SM 2328 1281 216 14 0.44 M 283.7 M 33
================================================================================
AV 75.1 41.3 9.2 FASTST M M 1 MAX(MPH)
MISC ----> 43 260 # 56 260
================================================================================
NOTES:
# LAST OF SEVERAL OCCURRENCES
COLUMN 17 PEAK WIND IN M.P.H.
PRELIMINARY LOCAL CLIMATOLOGICAL DATA (WS FORM: F-6) , PAGE 2
STATION: LA JUNTA CO
MONTH: OCTOBER
YEAR: 2021
LATITUDE: 38 2 N
LONGITUDE: 103 31 W
[TEMPERATURE DATA] [PRECIPITATION DATA] SYMBOLS USED IN COLUMN 16
AVERAGE MONTHLY: 58.2 TOTAL FOR MONTH: 0.44 1 = FOG OR MIST
DPTR FM NORMAL: 3.6 DPTR FM NORMAL: -0.50 2 = FOG REDUCING VISIBILITY
HIGHEST: 86 ON 6, 4 GRTST 24HR 0.44 ON 1- 2 TO 1/4 MILE OR LESS
LOWEST: 29 ON 16 3 = THUNDER
SNOW, ICE PELLETS, HAIL 4 = ICE PELLETS
TOTAL MONTH: M 5 = HAIL
GRTST 24HR M ON M 6 = FREEZING RAIN OR DRIZZLE
GRTST DEPTH: M ON M 7 = DUSTSTORM OR SANDSTORM:
VSBY 1/2 MILE OR LESS
8 = SMOKE OR HAZE
[NO. OF DAYS WITH] [WEATHER - DAYS WITH] 9 = BLOWING SNOW
X = TORNADO
MAX 32 OR BELOW: 0 0.01 INCH OR MORE: 2
MAX 90 OR ABOVE: 0 0.10 INCH OR MORE: 2
MIN 32 OR BELOW: 3 0.50 INCH OR MORE: 0
MIN 0 OR BELOW: 0 1.00 INCH OR MORE: 0
[HDD (BASE 65) ]
TOTAL THIS MO. 216 CLEAR (SCALE 0-3) 26
DPTR FM NORMAL -120 PTCLDY (SCALE 4-7) 4
TOTAL FM JUL 1 231 CLOUDY (SCALE 8-10) 1
DPTR FM NORMAL -161
[CDD (BASE 65) ]
TOTAL THIS MO. 14
DPTR FM NORMAL -1 [PRESSURE DATA]
TOTAL FM JAN 1 1615 HIGHEST SLP 30.38 ON 16
DPTR FM NORMAL 259 LOWEST SLP 29.26 ON 26
[REMARKS]
#FINAL-10-21#