000
CXUS55 KBOU 011000
CF6LIC
PRELIMINARY LOCAL CLIMATOLOGICAL DATA (WS FORM: F-6)
STATION: LIMON CO
MONTH: DECEMBER
YEAR: 2021
LATITUDE: 39 10 N
LONGITUDE: 103 42 W
TEMPERATURE IN F: :PCPN: SNOW: WIND :SUNSHINE: SKY :PK WND
================================================================================
1 2 3 4 5 6A 6B 7 8 9 10 11 12 13 14 15 16 17 18
12Z AVG MX 2MIN
DY MAX MIN AVG DEP HDD CDD WTR SNW DPTH SPD SPD DIR MIN PSBL S-S WX SPD DR
================================================================================
1 73 22 48 19 17 0 0.00 M M 5.2 12 10 M M 0 16 210
2 72 24 48 20 17 0 0.00 M M 6.0 18 170 M M 0 24 180
3 56 21 39 11 26 0 0.00 M M 6.2 16 20 M M 0 21 20
4 57 25 41 13 24 0 0.00 M M 9.4 20 180 M M 0 27 160
5 69 15 42 14 23 0 0.00 M M 15.0 37 20 M M 1 8 50 20
6 30 5 18 -9 47 0 0.00 M M 8.3 25 180 M M 2 36 180
7 49 12 31 4 34 0 0.00 M M 4.8 16 190 M M 0 21 190
8 52 11 32 5 33 0 0.00 M M 5.6 15 190 M M 1 21 200
9 55 18 37 10 28 0 0.00 M M 9.1 26 150 M M 3 35 140
10 36 9 23 -3 42 0 T M M 16.2 40 350 M M 3 1 53 360
11 46 -3 22 -4 43 0 0.00 M M 6.2 18 180 M M 0 23 180
12 69 14 42 16 23 0 0.00 M M 4.0 15 110 M M 0 19 270
13 58 21 40 14 25 0 0.00 M M 5.2 22 160 M M 0 8 27 150
14 62 30 46 20 19 0 0.00 M M 7.0 20 220 M M 0 29 210
15 53 7 30 4 35 0 T M M 14.0 40 190 M M 2 8 60 200
16 48 1 25 0 40 0 0.00 M M 7.9 22 190 M M 0 31 180
17 44 11 28 3 37 0 T M M 8.8 23 360 M M 4 31 360
18 42 -3 20 -5 45 0 0.00 M M 5.1 13 160 M M 0 1 19 170
19 59 3 31 6 34 0 0.00 M M 4.2 12 180 M M 0 16 160
20 59 11 35 10 30 0 0.00 M M 7.9 20 150 M M 0 25 150
21 64 11 38 13 27 0 0.00 M M 6.5 16 350 M M 0 23 270
22 64 14 39 14 26 0 0.00 M M 6.9 16 190 M M 0 22 200
23 66 20 43 18 22 0 0.00 M M 6.7 22 180 M M 0 31 190
24 55 19 37 12 28 0 0.00 M M 11.2 25 340 M M 1 39 310
25 56 18 37 12 28 0 0.00 M M 10.6 29 280 M M 0 40 270
26 58 11 35 10 30 0 0.00 M M 10.3 36 260 M M 0 55 260
27 39 2 21 -4 44 0 0.00 M M 12.9 35 160 M M 0 48 160
28 35 6 21 -4 44 0 0.00 M M 10.0 25 360 M M 1 33 360
29 36 2 19 -6 46 0 0.00 M M 6.7 18 350 M M 0 23 350
30 53 -1 26 0 39 0 0.00 M M 13.4 31 290 M M 0 45 270
31 41 9 25 -1 40 0 T M M 11.5 26 320 M M 2 37 330
================================================================================
SM 1656 365 996 0 T M 262.8 M 20
================================================================================
AV 53.4 11.8 8.5 FASTST M M 1 MAX(MPH)
MISC ----> # 40 190 60 200
================================================================================
NOTES:
# LAST OF SEVERAL OCCURRENCES
COLUMN 17 PEAK WIND IN M.P.H.
PRELIMINARY LOCAL CLIMATOLOGICAL DATA (WS FORM: F-6) , PAGE 2
STATION: LIMON CO
MONTH: DECEMBER
YEAR: 2021
LATITUDE: 39 10 N
LONGITUDE: 103 42 W
[TEMPERATURE DATA] [PRECIPITATION DATA] SYMBOLS USED IN COLUMN 16
AVERAGE MONTHLY: 32.6 TOTAL FOR MONTH: T 1 = FOG OR MIST
DPTR FM NORMAL: 6.5 DPTR FM NORMAL: -0.31 2 = FOG REDUCING VISIBILITY
HIGHEST: 73 ON 1 GRTST 24HR T ON 10-10 TO 1/4 MILE OR LESS
LOWEST: -3 ON 11,18 3 = THUNDER
SNOW, ICE PELLETS, HAIL 4 = ICE PELLETS
TOTAL MONTH: M 5 = HAIL
GRTST 24HR M ON M 6 = FREEZING RAIN OR DRIZZLE
GRTST DEPTH: M ON M 7 = DUSTSTORM OR SANDSTORM:
VSBY 1/2 MILE OR LESS
8 = SMOKE OR HAZE
[NO. OF DAYS WITH] [WEATHER - DAYS WITH] 9 = BLOWING SNOW
X = TORNADO
MAX 32 OR BELOW: 1 0.01 INCH OR MORE: 0
MAX 90 OR ABOVE: 0 0.10 INCH OR MORE: 0
MIN 32 OR BELOW: 31 0.50 INCH OR MORE: 0
MIN 0 OR BELOW: 3 1.00 INCH OR MORE: 0
[HDD (BASE 65) ]
TOTAL THIS MO. 996 CLEAR (SCALE 0-3) 29
DPTR FM NORMAL -210 PTCLDY (SCALE 4-7) 2
TOTAL FM JUL 1 2275 CLOUDY (SCALE 8-10) 0
DPTR FM NORMAL -615
[CDD (BASE 65) ]
TOTAL THIS MO. 0
DPTR FM NORMAL 0 [PRESSURE DATA]
TOTAL FM JAN 1 687 HIGHEST SLP 30.42 ON 18
DPTR FM NORMAL 285 LOWEST SLP 29.13 ON 15
[REMARKS]
#FINAL-12-21#