000
CXUS55 KBOU 011000
CF6LIC
PRELIMINARY LOCAL CLIMATOLOGICAL DATA (WS FORM: F-6)
STATION: LIMON CO
MONTH: DECEMBER
YEAR: 2023
LATITUDE: 39 10 N
LONGITUDE: 103 42 W
TEMPERATURE IN F: :PCPN: SNOW: WIND :SUNSHINE: SKY :PK WND
================================================================================
1 2 3 4 5 6A 6B 7 8 9 10 11 12 13 14 15 16 17 18
12Z AVG MX 2MIN
DY MAX MIN AVG DEP HDD CDD WTR SNW DPTH SPD SPD DIR MIN PSBL S-S WX SPD DR
================================================================================
1 40 4 22 -7 43 0 T M M 6.3 13 190 M M 4 19 170
2 45 6 26 -2 39 0 0.00 M M 9.5 32 310 M M 1 48 280
3 43 7 25 -3 40 0 0.02 M M 11.2 32 340 M M 4 1 45 360
4 62 9 36 8 29 0 0.00 M M 5.9 20 350 M M 0 29 20
5 66 12 39 11 26 0 0.00 M M 3.9 13 360 M M 0 18 330
6 72 17 45 18 20 0 0.00 M M 4.4 12 290 M M 0 15 300
7 67 16 42 15 23 0 0.00 M M 7.8 20 360 M M 0 26 280
8 41 22 32 5 33 0 0.01 M M 9.4 22 10 M M 7 18 29 360
9 37 4 21 -6 44 0 0.00 M M 12.9 30 350 M M 2 41 340
10 55 2 29 3 36 0 0.00 M M 4.6 21 330 M M 3 30 310
11 52 22 37 11 28 0 0.00 M M 4.2 14 140 M M 5 16 140
12 35 19 27 1 38 0 0.00 M M 4.4 16 160 M M 3 20 160
13 39 12 26 0 39 0 0.23 M M 6.6 18 150 M M 7 18 24 140
14 33 18 26 0 39 0 T M M 11.3 21 170 M M 10 12 27 180
15 47 8 28 2 37 0 0.00 M M 11.1 28 340 M M 1 28 39 340
16 62 10 36 11 29 0 0.00 M M 4.9 13 320 M M 0 17 290
17 58 17 38 13 27 0 0.00 M M 9.2 23 360 M M 0 29 10
18 51 11 31 6 34 0 0.00 M M 5.2 15 170 M M 0 20 170
19 68 24 46 21 19 0 0.00 M M 5.4 14 290 M M 0 18 290
20 61 25 43 18 22 0 0.00 M M 5.1 15 140 M M 4 21 130
21 59 24 42 17 23 0 0.00 M M 7.5 22 350 M M 3 26 360
22 56 18 37 12 28 0 0.00 M M 6.0 18 170 M M 0 25 140
23 55 22 39 14 26 0 T M M 7.9 32 360 M M 4 45 360
24 34 13 24 -1 41 0 T M M 22.0 37 340 M M 7 1 50 330
25 28 12 20 -5 45 0 0.00 M M 20.4 43 330 M M 6 61 350
26 33 21 27 2 38 0 0.17 M M 29.3 40 340 M M 10 18 58 330
27 39 17 28 3 37 0 T M M 16.3 31 340 M M 5 8 42 340
28 37 7 22 -3 43 0 0.00 M M 9.2 20 340 M M 0 8 25 350
29 48 14 31 6 34 0 0.00 M M 7.7 16 330 M M 0 21 330
30 53 10 32 6 33 0 0.00 M M 4.9 10 320 M M 0 14 310
31 39 14 27 1 38 0 0.00 M M 5.0 13 170 M M 0 16 180
================================================================================
SM 1515 437 1031 0 0.43 M 279.5 M 86
================================================================================
AV 48.9 14.1 9.0 FASTST M M 3 MAX(MPH)
MISC ----> 43 330 61 350
================================================================================
NOTES:
# LAST OF SEVERAL OCCURRENCES
COLUMN 17 PEAK WIND IN M.P.H.
PRELIMINARY LOCAL CLIMATOLOGICAL DATA (WS FORM: F-6) , PAGE 2
STATION: LIMON CO
MONTH: DECEMBER
YEAR: 2023
LATITUDE: 39 10 N
LONGITUDE: 103 42 W
[TEMPERATURE DATA] [PRECIPITATION DATA] SYMBOLS USED IN COLUMN 16
AVERAGE MONTHLY: 31.5 TOTAL FOR MONTH: 0.43 1 = FOG OR MIST
DPTR FM NORMAL: 5.4 DPTR FM NORMAL: 0.12 2 = FOG REDUCING VISIBILITY
HIGHEST: 72 ON 6 GRTST 24HR 0.23 ON 13-13 TO 1/4 MILE OR LESS
LOWEST: 2 ON 10 3 = THUNDER
SNOW, ICE PELLETS, HAIL 4 = ICE PELLETS
TOTAL MONTH: M 5 = HAIL
GRTST 24HR M ON M 6 = FREEZING RAIN OR DRIZZLE
GRTST DEPTH: M ON M 7 = DUSTSTORM OR SANDSTORM:
VSBY 1/2 MILE OR LESS
8 = SMOKE OR HAZE
[NO. OF DAYS WITH] [WEATHER - DAYS WITH] 9 = BLOWING SNOW
X = TORNADO
MAX 32 OR BELOW: 1 0.01 INCH OR MORE: 4
MAX 90 OR ABOVE: 0 0.10 INCH OR MORE: 2
MIN 32 OR BELOW: 31 0.50 INCH OR MORE: 0
MIN 0 OR BELOW: 0 1.00 INCH OR MORE: 0
[HDD (BASE 65) ]
TOTAL THIS MO. 1031 CLEAR (SCALE 0-3) 17
DPTR FM NORMAL -175 PTCLDY (SCALE 4-7) 12
TOTAL FM JUL 1 2421 CLOUDY (SCALE 8-10) 2
DPTR FM NORMAL -469
[CDD (BASE 65) ]
TOTAL THIS MO. 0
DPTR FM NORMAL 0 [PRESSURE DATA]
TOTAL FM JAN 1 531 HIGHEST SLP 30.57 ON 13
DPTR FM NORMAL 129 LOWEST SLP 29.56 ON 23
[REMARKS]
#FINAL-12-23#