000
CXHW51 PHFO 011250
CF6LIH
PRELIMINARY LOCAL CLIMATOLOGICAL DATA (WS FORM: F-6)
STATION: LIHUE HI
MONTH: MAY
YEAR: 2023
LATITUDE: 21 58 N
LONGITUDE: 159 21 W
TEMPERATURE IN F: :PCPN: SNOW: WIND :SUNSHINE: SKY :PK WND
================================================================================
1 2 3 4 5 6A 6B 7 8 9 10 11 12 13 14 15 16 17 18
12Z AVG MX 2MIN
DY MAX MIN AVG DEP HDD CDD WTR SNW DPTH SPD SPD DIR MIN PSBL S-S WX SPD DR
================================================================================
1 81 72 77 2 0 12 0.08 M M 7.9 15 90 M M 6 1 19 80
2 81 69 75 0 0 10 0.01 M M 6.4 18 120 M M 5 3 21 120
3 82 68 75 0 0 10 0.05 M M 12.9 23 70 M M 5 1 27 70
4 81 75 78 2 0 13 0.00 M M 19.5 25 80 M M 9 31 70
5 81 74 78 2 0 13 0.00 M M 18.5 24 80 M M 7 31 70
6 81 73 77 1 0 12 T M M 18.2 23 70 M M 8 29 70
7 81 74 78 2 0 13 T M M 17.9 23 70 M M 5 27 70
8 81 72 77 1 0 12 0.07 M M 16.5 28 60 M M 6 1 35 70
9 81 72 77 1 0 12 0.17 M M 14.1 21 90 M M 9 18 26 80
10 80 72 76 0 0 11 0.01 M M 12.9 23 70 M M 6 1 27 70
11 81 69 75 -1 0 10 0.07 M M 9.8 20 110 M M 8 1 24 110
12 79 68 74 -2 0 9 0.77 M M 6.9 14 360 M M 8 1 16 340
13 80 66 73 -3 0 8 0.23 M M 12.0 20 30 M M 5 1 23 40
14 78 68 73 -3 0 8 0.15 M M 14.5 23 40 M M 9 1 26 30
15 80 67 74 -2 0 9 0.06 M M 13.5 18 40 M M 8 1 23 40
16 80 69 75 -1 0 10 0.01 M M 12.4 20 40 M M 7 1 23 40
17 80 71 76 0 0 11 0.04 M M 13.3 18 70 M M 7 8 22 70
18 75 70 73 -3 0 8 0.58 M M 8.9 18 140 M M 9 1 21 130
19 82 70 76 0 0 11 0.92 M M 6.4 21 140 M M 7 1 25 140
20 82 73 78 2 0 13 0.00 M M 7.0 14 110 M M 3 16 120
21 82 74 78 1 0 13 0.00 M M 10.9 15 50 M M 5 17 50
22 82 74 78 1 0 13 0.01 M M 14.8 22 50 M M 6 1 25 50
23 81 73 77 0 0 12 0.20 M M 14.1 23 70 M M 7 18 29 80
24 82 75 79 2 0 14 T M M 15.4 23 40 M M 5 1 27 40
25 81 72 77 0 0 12 0.01 M M 16.7 25 50 M M 6 8 28 50
26 82 73 78 1 0 13 0.01 M M 14.1 20 40 M M 5 24 40
27 81 68 75 -2 0 10 0.06 M M 10.5 17 80 M M 3 1 23 40
28 79 68 74 -3 0 9 0.39 M M 9.0 18 360 M M 8 1 21 10
29 81 74 78 1 0 13 T M M 14.7 22 50 M M 3 8 26 70
30 82 72 77 0 0 12 T M M 13.8 21 60 M M 5 24 70
31 82 75 79 2 0 14 T M M 12.7 16 40 M M 6 20 40
================================================================================
SM 2502 2210 0 350 3.90 M 396.2 M 196
================================================================================
AV 80.7 71.3 12.8 FASTST M M 6 MAX(MPH)
MISC ----> 28 60 35 70
================================================================================
NOTES:
# LAST OF SEVERAL OCCURRENCES
COLUMN 17 PEAK WIND IN M.P.H.
PRELIMINARY LOCAL CLIMATOLOGICAL DATA (WS FORM: F-6) , PAGE 2
STATION: LIHUE HI
MONTH: MAY
YEAR: 2023
LATITUDE: 21 58 N
LONGITUDE: 159 21 W
[TEMPERATURE DATA] [PRECIPITATION DATA] SYMBOLS USED IN COLUMN 16
AVERAGE MONTHLY: 76.0 TOTAL FOR MONTH: 3.90 1 = FOG OR MIST
DPTR FM NORMAL: -0.3 DPTR FM NORMAL: 1.72 2 = FOG REDUCING VISIBILITY
HIGHEST: 82 ON 31,30 GRTST 24HR 1.38 ON 18-19 TO 1/4 MILE OR LESS
LOWEST: 66 ON 13 3 = THUNDER
SNOW, ICE PELLETS, HAIL 4 = ICE PELLETS
TOTAL MONTH: M 5 = HAIL
GRTST 24HR M ON M 6 = FREEZING RAIN OR DRIZZLE
GRTST DEPTH: M ON M 7 = DUSTSTORM OR SANDSTORM:
VSBY 1/2 MILE OR LESS
8 = SMOKE OR HAZE
[NO. OF DAYS WITH] [WEATHER - DAYS WITH] 9 = BLOWING SNOW
X = TORNADO
MAX 32 OR BELOW: 0 0.01 INCH OR MORE: 21
MAX 90 OR ABOVE: 0 0.10 INCH OR MORE: 8
MIN 32 OR BELOW: 0 0.50 INCH OR MORE: 3
MIN 0 OR BELOW: 0 1.00 INCH OR MORE: 0
[HDD (BASE 65) ]
TOTAL THIS MO. 0 CLEAR (SCALE 0-3) 1
DPTR FM NORMAL 0 PTCLDY (SCALE 4-7) 24
TOTAL FM JUL 1 0 CLOUDY (SCALE 8-10) 6
DPTR FM NORMAL 0
[CDD (BASE 65) ]
TOTAL THIS MO. 350
DPTR FM NORMAL 1 [PRESSURE DATA]
TOTAL FM JAN 1 1499 HIGHEST SLP 30.17 ON 31
DPTR FM NORMAL 189 LOWEST SLP 29.90 ON 2
[REMARKS]
#FINAL-05-23#