000
CXUS54 KLZK 032016
CF6LIT
PRELIMINARY LOCAL CLIMATOLOGICAL DATA (WS FORM: F-6)
STATION: LITTLE ROCK ADAMS FIELD
MONTH: DECEMBER
YEAR: 2021
LATITUDE: 34 43 N
LONGITUDE: 92 14 W
TEMPERATURE IN F: :PCPN: SNOW: WIND :SUNSHINE: SKY :PK WND
================================================================================
1 2 3 4 5 6A 6B 7 8 9 10 11 12 13 14 15 16 17 18
12Z AVG MX 2MIN
DY MAX MIN AVG DEP HDD CDD WTR SNW DPTH SPD SPD DIR MIN PSBL S-S WX SPD DR
================================================================================
1 66 44 55 9 10 0 0.00 0.0 0 8.6 21 210 M M 3 26 220
2 78 44 61 15 4 0 0.00 0.0 0 5.9 10 230 M M 1 1 14 220
3 76 46 61 15 4 0 0.00 0.0 0 5.8 20 240 M M 7 18 25 220
4 65 56 61 16 4 0 0.17 0.0 0 6.2 14 20 M M 10 12 17 20
5 74 55 65 20 0 0 T 0.0 0 8.1 21 220 M M 9 12 30 210
6 67 35 51 6 14 0 0.17 0.0 0 12.7 28 340 M M 4 13 34 360
7 48 30 39 -6 26 0 0.00 0.0 0 8.0 18 80 M M 6 21 90
8 55 34 45 1 20 0 0.00 0.0 0 3.6 12 110 M M 5 13 120
9 65 38 52 8 13 0 T 0.0 0 9.0 16 200 M M 9 1 22 200
10 78 63 71 27 0 6 0.46 0.0 0 12.5 33 190 M M 9 138 42 190
11 64 33 49 5 16 0 0.07 0.0 0 11.0 26 290 M M 6 13 33 280
12 53 29 41 -3 24 0 0.00 0.0 0 5.0 13 150 M M 0 1 18 140
13 63 27 45 2 20 0 0.00 0.0 0 3.9 13 200 M M 3 15 190
14 67 50 59 16 6 0 0.03 0.0 0 5.2 13 150 M M 9 1 17 130
15 71 62 67 24 0 2 T 0.0 0 12.5 21 170 M M 9 27 160
16 74 54 64 21 1 0 0.62 0.0 0 10.6 22 360 M M 10 13 25 220
17 66 50 58 16 7 0 0.09 0.0 0 6.7 15 180 M M 9 123 19 170
18 65 37 51 9 14 0 1.46 0.0 0 10.4 23 330 M M 9 13 30 330
19 45 29 37 -5 28 0 0.00 0.0 0 7.7 16 10 M M 3 20 10
20 44 27 36 -6 29 0 0.00 0.0 0 2.1 10 340 M M 8 1 12 330
21 58 34 46 4 19 0 0.00 0.0 0 4.9 12 320 M M 3 16 320
22 52 32 42 0 23 0 0.00 0.0 0 4.9 14 80 M M 0 1 17 70
23 65 32 49 7 16 0 0.00 0.0 0 8.1 21 190 M M 7 28 210
24 72 57 65 24 0 0 0.00 0.0 0 16.9 28 200 M M 9 39 210
25 78 58 68 27 0 3 0.00 0.0 0 12.0 29 220 M M 7 38 190
26 68 51 60 19 5 0 0.00 0.0 0 5.2 16 200 M M 8 128 20 200
27 75 63 69 28 0 4 0.00 0.0 M 9.5 22 220 M M 8 18 30 220
28 74 63 69 28 0 4 0.01 0.0 0 10.7 23 200 M M 8 1 30 200
29 63 47 55 14 10 0 0.99 0.0 0 4.4 17 360 M M 8 123 19 10
30 64 46 55 14 10 0 0.00 0.0 0 4.0 12 190 M M 9 12 13 210
31 70 50 60 19 5 0 T 0.0 0 6.2 17 220 M M 9 18 22 220
================================================================================
SM 2023 1376 328 19 4.07 0.0 242.3 M 205
================================================================================
AV 65.3 44.4 7.8 FASTST M M 7 MAX(MPH)
MISC ----> 33 190 42 190
================================================================================
NOTES:
# LAST OF SEVERAL OCCURRENCES
COLUMN 17 PEAK WIND IN M.P.H.
PRELIMINARY LOCAL CLIMATOLOGICAL DATA (WS FORM: F-6) , PAGE 2
STATION: LITTLE ROCK ADAMS FIELD
MONTH: DECEMBER
YEAR: 2021
LATITUDE: 34 43 N
LONGITUDE: 92 14 W
[TEMPERATURE DATA] [PRECIPITATION DATA] SYMBOLS USED IN COLUMN 16
AVERAGE MONTHLY: 54.8 TOTAL FOR MONTH: 4.07 1 = FOG OR MIST
DPTR FM NORMAL: 11.8 DPTR FM NORMAL: -1.01 2 = FOG REDUCING VISIBILITY
HIGHEST: 78 ON 2,10 GRTST 24HR 1.46 ON 18-18 TO 1/4 MILE OR LESS
LOWEST: 27 ON 13,20 3 = THUNDER
SNOW, ICE PELLETS, HAIL 4 = ICE PELLETS
TOTAL MONTH: 0.0 INCH 5 = HAIL
GRTST 24HR 0.0 6 = FREEZING RAIN OR DRIZZLE
GRTST DEPTH: 0 7 = DUSTSTORM OR SANDSTORM:
VSBY 1/2 MILE OR LESS
8 = SMOKE OR HAZE
[NO. OF DAYS WITH] [WEATHER - DAYS WITH] 9 = BLOWING SNOW
X = TORNADO
MAX 32 OR BELOW: 0 0.01 INCH OR MORE: 10
MAX 90 OR ABOVE: 0 0.10 INCH OR MORE: 6
MIN 32 OR BELOW: 7 0.50 INCH OR MORE: 3
MIN 0 OR BELOW: 0 1.00 INCH OR MORE: 1
[HDD (BASE 65) ]
TOTAL THIS MO. 328 CLEAR (SCALE 0-3) 7
DPTR FM NORMAL -356 PTCLDY (SCALE 4-7) 11
TOTAL FM JUL 1 828 CLOUDY (SCALE 8-10) 13
DPTR FM NORMAL -436
[CDD (BASE 65) ]
TOTAL THIS MO. 19
DPTR FM NORMAL 18 [PRESSURE DATA]
TOTAL FM JAN 1 2186 HIGHEST SLP 30.43 ON 19
DPTR FM NORMAL 196 LOWEST SLP 29.57 ON 28
[REMARKS]
#FINAL-12-21#