000
CXUS54 KLZK 011130
CF6LIT
PRELIMINARY LOCAL CLIMATOLOGICAL DATA (WS FORM: F-6)
STATION: Little Rock Adams Field
MONTH: MAY
YEAR: 2020
LATITUDE: 34 43 N
LONGITUDE: 92 14 W
TEMPERATURE IN F: :PCPN: SNOW: WIND :SUNSHINE: SKY :PK WND
================================================================================
1 2 3 4 5 6A 6B 7 8 9 10 11 12 13 14 15 16 17 18
12Z AVG MX 2MIN
DY MAX MIN AVG DEP HDD CDD WTR SNW DPTH SPD SPD DIR MIN PSBL S-S WX SPD DR
================================================================================
1 83 50 67 0 0 2 0.00 0.0 M 6.3 16 210 M M 5 19 170
2 86 59 73 6 0 8 0.00 0.0 0 8.1 18 220 M M 3 24 220
3 80 63 72 5 0 7 0.00 0.0 0 6.6 16 230 M M 8 21 200
4 85 66 76 8 0 11 T 0.0 0 6.6 15 210 M M 8 3 20 170
5 76 56 66 -2 0 1 T 0.0 0 9.2 25 360 M M 4 3 29 10
6 75 49 62 -6 3 0 0.00 0.0 0 9.4 23 350 M M 2 29 330
7 74 48 61 -7 4 0 0.04 0.0 0 5.8 15 150 M M 5 3 19 160
8 70 51 61 -8 4 0 0.53 0.0 0 12.5 25 360 M M 7 13 33 20
9 67 43 55 -14 10 0 0.00 0.0 0 6.1 13 110 M M 2 18 80
10 78 45 62 -7 3 0 0.00 0.0 0 7.6 18 300 M M 3 25 280
11 68 48 58 -12 7 0 0.00 0.0 0 7.6 15 50 M M 6 18 330
12 55 49 52 -18 13 0 0.43 M 0 8.9 16 70 M M 10 1 20 60
13 82 54 68 -2 0 3 0.00 0.0 0 5.1 17 160 M M 6 18 20 150
14 83 63 73 3 0 8 0.00 0.0 0 9.9 17 140 M M 5 23 150
15 82 67 75 4 0 10 0.01 0.0 0 6.3 16 200 M M 9 1 21 180
16 81 65 73 2 0 8 0.77 0.0 0 7.5 18 230 M M 9 13 28 250
17 79 61 70 -1 0 5 1.30 0.0 0 6.7 22 340 M M 7 13 31 160
18 80 59 70 -2 0 5 0.00 0.0 0 9.8 22 330 M M 1 28 330
19 74 56 65 -7 0 0 0.00 0.0 0 5.5 14 360 M M 7 20 350
20 77 56 67 -5 0 2 0.00 0.0 0 5.4 12 110 M M 4 16 50
21 80 58 69 -4 0 4 0.24 0.0 0 5.6 13 120 M M 6 13 16 140
22 81 65 73 0 0 8 0.98 0.0 0 6.7 23 320 M M 10 13 30 320
23 84 63 74 1 0 9 0.89 0.0 0 9.7 28 310 M M 8 13 39 300
24 86 65 76 2 0 11 0.00 0.0 0 5.0 15 250 M M 8 3 21 240
25 88 67 78 4 0 13 0.42 0.0 0 8.5 32 120 M M 7 138 39 110
26 81 66 74 0 0 9 0.32 0.0 0 6.3 16 210 M M 9 1 21 210
27 82 63 73 -1 0 8 0.06 0.0 0 4.3 18 170 M M 6 13 26 210
28 77 61 69 -6 0 4 0.05 0.0 0 6.0 26 280 M M 7 1 33 280
29 84 63 74 -1 0 9 0.00 0.0 0 6.4 18 360 M M 4 24 350
30 83 59 71 -4 0 6 0.00 0.0 0 5.7 13 50 M M 1 17 50
31 82 61 72 -4 0 7 0.00 0.0 0 6.4 15 50 M M 2 19 50
================================================================================
SM 2443 1799 44 158 6.04 0.0 221.5 M 179
================================================================================
AV 78.8 58.0 7.1 FASTST M M 6 MAX(MPH)
MISC ----> # 32 120 # 39 300
================================================================================
NOTES:
# LAST OF SEVERAL OCCURRENCES
COLUMN 17 PEAK WIND IN M.P.H.
PRELIMINARY LOCAL CLIMATOLOGICAL DATA (WS FORM: F-6) , PAGE 2
STATION: Little Rock Adams Field
MONTH: MAY
YEAR: 2020
LATITUDE: 34 43 N
LONGITUDE: 92 14 W
[TEMPERATURE DATA] [PRECIPITATION DATA] SYMBOLS USED IN COLUMN 16
AVERAGE MONTHLY: 68.4 TOTAL FOR MONTH: 6.04 1 = FOG OR MIST
DPTR FM NORMAL: -2.7 DPTR FM NORMAL: 1.17 2 = FOG REDUCING VISIBILITY
HIGHEST: 88 ON 25 GRTST 24HR 1.30 ON 17-17 TO 1/4 MILE OR LESS
LOWEST: 43 ON 9 3 = THUNDER
SNOW, ICE PELLETS, HAIL 4 = ICE PELLETS
TOTAL MONTH: 0.0 INCH 5 = HAIL
GRTST 24HR 0.0 6 = FREEZING RAIN OR DRIZZLE
GRTST DEPTH: 0 7 = DUSTSTORM OR SANDSTORM:
VSBY 1/2 MILE OR LESS
8 = SMOKE OR HAZE
[NO. OF DAYS WITH] [WEATHER - DAYS WITH] 9 = BLOWING SNOW
X = TORNADO
MAX 32 OR BELOW: 0 0.01 INCH OR MORE: 13
MAX 90 OR ABOVE: 0 0.10 INCH OR MORE: 9
MIN 32 OR BELOW: 0 0.50 INCH OR MORE: 5
MIN 0 OR BELOW: 0 1.00 INCH OR MORE: 1
[HDD (BASE 65) ]
TOTAL THIS MO. 44 CLEAR (SCALE 0-3) 7
DPTR FM NORMAL 24 PTCLDY (SCALE 4-7) 16
TOTAL FM JUL 1 2929 CLOUDY (SCALE 8-10) 8
DPTR FM NORMAL -123
[CDD (BASE 65) ]
TOTAL THIS MO. 158
DPTR FM NORMAL -51 [PRESSURE DATA]
TOTAL FM JAN 1 195 HIGHEST SLP 30.36 ON 11
DPTR FM NORMAL -86 LOWEST SLP 29.67 ON 8
[REMARKS]
#FINAL-05-20#