000
CXUS54 KLZK 251522
CF6LLQ
PRELIMINARY LOCAL CLIMATOLOGICAL DATA (WS FORM: F-6)
STATION: MONTICELLO
MONTH: DECEMBER
YEAR: 2020
LATITUDE: 33 37 N
LONGITUDE: 91 45 W
TEMPERATURE IN F: :PCPN: SNOW: WIND :SUNSHINE: SKY :PK WND
================================================================================
1 2 3 4 5 6A 6B 7 8 9 10 11 12 13 14 15 16 17 18
12Z AVG MX 2MIN
DY MAX MIN AVG DEP HDD CDD WTR SNW DPTH SPD SPD DIR MIN PSBL S-S WX SPD DR
================================================================================
1 54 26 40 -9 25 0 0.00 0.0 0 3.9 10 180 M M 0 13 190
2 57 27 42 -7 23 0 T 0.0 0 6.2 18 130 M M 3 25 120
3 46 42 44 -4 21 0 0.22 0.0 0 2.4 13 80 M M 10 1 15 80
4 49 39 44 -4 21 0 0.00 0.0 0 5.5 13 270 M M 6 1 17 280
5 60 33 47 -1 18 0 0.00 0.0 0 4.2 9 250 M M 0 14 270
6 60 36 48 0 17 0 T 0.0 0 3.4 10 250 M M 2 14 250
7 56 33 45 -2 20 0 0.00 0.0 0 3.6 13 290 M M 0 17 290
8 63 37 50 3 15 0 0.00 0.0 0 3.4 10 270 M M 0 8 12 260
9 71 37 54 7 11 0 0.00 0.0 0 5.7 12 260 M M 0 15 230
10 63 46 55 9 10 0 0.00 0.0 0 5.2 9 240 M M 0 M M
11 71 43 57 11 8 0 0.67 0.0 0 7.9 17 170 M M 7 1 25 160
12 62 39 51 5 14 0 0.00 0.0 0 5.6 14 300 M M 3 17 200
13 48 34 41 -5 24 0 1.48 0.0 0 8.4 20 50 M M 6 1 25 50
14 44 30 37 -8 28 0 T 0.0 0 5.7 15 330 M M 9 25 330
15 38 29 34 -11 31 0 0.11 T 0 4.2 12 100 M M 9 14 16 110
16 37 33 35 -10 30 0 0.01 T 0 4.3 13 300 M M 10 1 19 290
17 49 29 39 -6 26 0 0.00 0.0 0 2.2 9 250 M M 3 1 13 270
18 54 30 42 -2 23 0 0.00 0.0 0 4.8 14 140 M M 0 18 130
19 48 43 46 2 19 0 0.98 0.0 0 4.0 12 150 M M 10 1 17 170
20 56 41 49 5 16 0 0.00 0.0 0 2.3 12 270 M M 6 1 15 270
21 66 38 52 8 13 0 0.00 0.0 0 6.0 14 270 M M 0 20 240
22 66 38 52 8 13 0 0.00 0.0 0 4.3 13 120 M M 0 16 130
23 66 46 56 12 9 0 0.28 0.0 0 9.2 21 310 M M 9 13 32 300
24 47 27 37 -7 28 0 0.00 0.0 0 10.8 25 280 M M 4 35 300
25 44 26 35 -9 30 0 0.00 0.0 0 4.6 14 290 M M 0 18 280
26 62 32 47 4 18 0 0.00 0.0 0 7.1 14 210 M M 0 19 190
27 67 39 53 10 12 0 0.00 0.0 0 11.1 23 200 M M 3 30 210
28 59 42 51 8 14 0 0.00 0.0 0 7.1 16 50 M M 1 1 22 50
29 64 44 54 11 11 0 0.00 0.0 0 6.4 14 120 M M 7 18 130
30 66 43 55 12 10 0 1.57 0.0 0 7.7 17 40 M M 10 1 26 30
31 49 39 44 1 21 0 3.05 0.0 0 11.6 21 60 M M 10 1 26 40
================================================================================
SM 1742 1121 579 0 8.37 T 178.8 M 128
================================================================================
AV 56.2 36.2 5.8 FASTST M M 4 MAX(MPH)
MISC ----> 25 280 35 300
================================================================================
NOTES:
# LAST OF SEVERAL OCCURRENCES
COLUMN 17 PEAK WIND IN M.P.H.
PRELIMINARY LOCAL CLIMATOLOGICAL DATA (WS FORM: F-6) , PAGE 2
STATION: MONTICELLO
MONTH: DECEMBER
YEAR: 2020
LATITUDE: 33 37 N
LONGITUDE: 91 45 W
[TEMPERATURE DATA] [PRECIPITATION DATA] SYMBOLS USED IN COLUMN 16
AVERAGE MONTHLY: 46.2 TOTAL FOR MONTH: 8.37 1 = FOG OR MIST
DPTR FM NORMAL: 0.9 DPTR FM NORMAL: 2.73 2 = FOG REDUCING VISIBILITY
HIGHEST: 71 ON 11, 9 GRTST 24HR 3.53 ON 30-31 TO 1/4 MILE OR LESS
LOWEST: 26 ON 25, 1 3 = THUNDER
SNOW, ICE PELLETS, HAIL 4 = ICE PELLETS
TOTAL MONTH: T 5 = HAIL
GRTST 24HR T ON 15-15 6 = FREEZING RAIN OR DRIZZLE
GRTST DEPTH: 0 7 = DUSTSTORM OR SANDSTORM:
VSBY 1/2 MILE OR LESS
8 = SMOKE OR HAZE
[NO. OF DAYS WITH] [WEATHER - DAYS WITH] 9 = BLOWING SNOW
X = TORNADO
MAX 32 OR BELOW: 0 0.01 INCH OR MORE: 9
MAX 90 OR ABOVE: 0 0.10 INCH OR MORE: 8
MIN 32 OR BELOW: 9 0.50 INCH OR MORE: 5
MIN 0 OR BELOW: 0 1.00 INCH OR MORE: 3
[HDD (BASE 65) ]
TOTAL THIS MO. 579 CLEAR (SCALE 0-3) 16
DPTR FM NORMAL -34 PTCLDY (SCALE 4-7) 7
TOTAL FM JUL 1 978 CLOUDY (SCALE 8-10) 8
DPTR FM NORMAL -90
[CDD (BASE 65) ]
TOTAL THIS MO. 0
DPTR FM NORMAL -4 [PRESSURE DATA]
TOTAL FM JAN 1 2197 HIGHEST SLP 30.39 ON 18
DPTR FM NORMAL -22 LOWEST SLP 29.66 ON 31
[REMARKS]
#FINAL-12-20#