000
CXUS55 KRIW 011010
CF6LND
PRELIMINARY LOCAL CLIMATOLOGICAL DATA (WS FORM: F-6)
STATION: LANDER WY
MONTH: APRIL
YEAR: 2022
LATITUDE: 42 49 N
LONGITUDE: 108 44 W
TEMPERATURE IN F: :PCPN: SNOW: WIND :SUNSHINE: SKY :PK WND
================================================================================
1 2 3 4 5 6A 6B 7 8 9 10 11 12 13 14 15 16 17 18
12Z AVG MX 2MIN
DY MAX MIN AVG DEP HDD CDD WTR SNW DPTH SPD SPD DIR MIN PSBL S-S WX SPD DR
================================================================================
1 52 27 40 -1 25 0 0.00 0.0 0 5.0 13 250 M M 2 16 150
2 63 26 45 4 20 0 0.00 0.0 0 7.0 30 250 M M 0 42 240
3 57 29 43 2 22 0 0.00 0.0 0 6.7 17 80 M M 0 23 80
4 57 26 42 1 23 0 T 0.0 0 10.5 33 250 M M 2 53 260
5 46 28 37 -4 28 0 0.00 0.0 0 17.7 43 310 M M 4 58 310
6 46 25 36 -5 29 0 0.00 0.0 0 15.5 28 350 M M 0 40 330
7 55 22 39 -3 26 0 0.00 0.0 0 3.9 13 240 M M 0 16 60
8 72 24 48 6 17 0 0.00 0.0 0 5.6 21 230 M M 0 26 240
9 62 32 47 5 18 0 0.00 0.0 0 14.9 41 260 M M 0 53 260
10 42 23 33 -9 32 0 0.01 T 0 7.6 31 310 M M 6 1 45 310
11 51 23 37 -5 28 0 0.01 0.0 0 8.6 21 300 M M 3 1 29 250
12 32 13 23 -19 42 0 0.10 0.8 0 10.1 31 250 M M 9 1 42 260
13 27 11 19 -23 46 0 0.01 0.3 1 3.9 16 40 M M 7 18 20 30
14 47 11 29 -14 36 0 0.00 0.0 0 6.3 22 210 M M 3 27 200
15 49 22 36 -7 29 0 0.00 0.0 0 7.1 25 20 M M 6 36 10
16 51 22 37 -6 28 0 0.04 0.0 0 6.1 22 310 M M 5 34 300
17 50 29 40 -3 25 0 0.00 0.0 0 14.9 32 330 M M 1 46 330
18 58 22 40 -4 25 0 0.00 0.0 0 5.4 14 270 M M 0 17 250
19 66 33 50 6 15 0 0.00 0.0 0 9.0 29 270 M M 2 45 270
20 58 26 42 -2 23 0 0.00 0.0 0 9.5 31 280 M M 0 43 300
21 72 30 51 7 14 0 0.00 0.0 0 9.9 35 220 M M 1 51 220
22 59 32 46 2 19 0 0.69 0.8 0 8.1 30 340 M M 6 1 39 340
23 41 32 37 -8 28 0 0.31 1.0 2 8.4 16 120 M M 10 12 21 120
24 41 32 37 -8 28 0 0.02 T 0 6.1 16 350 M M 10 1 19 360
25 55 27 41 -4 24 0 0.00 0.0 0 5.3 16 150 M M 0 22 140
26 68 36 52 6 13 0 0.00 0.0 0 8.3 30 270 M M 0 46 250
27 67 39 53 7 12 0 0.00 0.0 0 7.1 28 230 M M 2 40 320
28 60 38 49 3 16 0 0.02 0.0 0 6.2 20 340 M M 3 27 330
29 50 35 43 -3 22 0 0.13 0.0 0 6.8 25 350 M M 9 1 34 360
30 56 31 44 -3 21 0 0.00 0.0 0 5.4 13 240 M M 0 18 50
================================================================================
SM 1610 806 734 0 1.34 2.9 246.9 M 91
================================================================================
AV 53.7 26.9 8.2 FASTST M M 3 MAX(MPH)
MISC ----> 43 310 58 310
================================================================================
NOTES:
# LAST OF SEVERAL OCCURRENCES
COLUMN 17 PEAK WIND IN M.P.H.
PRELIMINARY LOCAL CLIMATOLOGICAL DATA (WS FORM: F-6) , PAGE 2
STATION: LANDER WY
MONTH: APRIL
YEAR: 2022
LATITUDE: 42 49 N
LONGITUDE: 108 44 W
[TEMPERATURE DATA] [PRECIPITATION DATA] SYMBOLS USED IN COLUMN 16
AVERAGE MONTHLY: 40.3 TOTAL FOR MONTH: 1.34 1 = FOG OR MIST
DPTR FM NORMAL: -2.9 DPTR FM NORMAL: -0.73 2 = FOG REDUCING VISIBILITY
HIGHEST: 72 ON 21, 8 GRTST 24HR 1.00 ON 22-23 TO 1/4 MILE OR LESS
LOWEST: 11 ON 14,13 3 = THUNDER
SNOW, ICE PELLETS, HAIL 4 = ICE PELLETS
TOTAL MONTH: 2.9 INCHES 5 = HAIL
GRTST 24HR 1.0 ON 23-23 6 = FREEZING RAIN OR DRIZZLE
GRTST DEPTH: 2 ON 23 7 = DUSTSTORM OR SANDSTORM:
VSBY 1/2 MILE OR LESS
8 = SMOKE OR HAZE
[NO. OF DAYS WITH] [WEATHER - DAYS WITH] 9 = BLOWING SNOW
X = TORNADO
MAX 32 OR BELOW: 2 0.01 INCH OR MORE: 10
MAX 90 OR ABOVE: 0 0.10 INCH OR MORE: 4
MIN 32 OR BELOW: 25 0.50 INCH OR MORE: 1
MIN 0 OR BELOW: 0 1.00 INCH OR MORE: 0
[HDD (BASE 65) ]
TOTAL THIS MO. 734 CLEAR (SCALE 0-3) 18
DPTR FM NORMAL 82 PTCLDY (SCALE 4-7) 8
TOTAL FM JUL 1 6465 CLOUDY (SCALE 8-10) 4
DPTR FM NORMAL -737
[CDD (BASE 65) ]
TOTAL THIS MO. 0
DPTR FM NORMAL 0 [PRESSURE DATA]
TOTAL FM JAN 1 0 HIGHEST SLP 30.53 ON 7
DPTR FM NORMAL 0 LOWEST SLP 29.24 ON 11
[REMARKS]
#FINAL-04-22#