000
CXUS53 KOAX 010930
CF6LNK
PRELIMINARY LOCAL CLIMATOLOGICAL DATA (WS FORM: F-6)
STATION: LINCOLN NE
MONTH: JUNE
YEAR: 2023
LATITUDE: 40 50 N
LONGITUDE: 96 45 W
TEMPERATURE IN F: :PCPN: SNOW: WIND :SUNSHINE: SKY :PK WND
================================================================================
1 2 3 4 5 6A 6B 7 8 9 10 11 12 13 14 15 16 17 18
12Z AVG MX 2MIN
DY MAX MIN AVG DEP HDD CDD WTR SNW DPTH SPD SPD DIR MIN PSBL S-S WX SPD DR
================================================================================
1 86 65 76 7 0 11 1.36 0.0 0 10.6 29 150 M M 5 13 38 150
2 90 66 78 8 0 13 0.02 0.0 0 8.4 35 240 M M 2 3 46 250
3 91 61 76 6 0 11 0.01 0.0 0 9.1 32 170 M M 2 18 42 150
4 91 61 76 6 0 11 0.11 0.0 0 6.0 25 320 M M 1 138 34 350
5 90 59 75 4 0 10 T 0.0 0 5.5 17 70 M M 1 138 22 60
6 92 56 74 3 0 9 0.00 0.0 0 5.0 13 130 M M 0 17 150
7 97 62 80 9 0 15 0.00 0.0 0 4.6 14 110 M M 2 8 17 110
8 85 70 78 6 0 13 T 0.0 0 8.2 15 130 M M 3 21 130
9 86 63 75 3 0 10 0.09 0.0 0 8.0 15 290 M M 2 3 20 130
10 85 64 75 3 0 10 0.25 0.0 0 5.4 22 10 M M 3 13 28 40
11 74 55 65 -8 0 0 0.31 0.0 0 12.1 22 20 M M 7 138 29 30
12 78 45 62 -11 3 0 0.00 0.0 0 4.0 13 20 M M 0 24 360
13 85 49 67 -6 0 2 0.00 0.0 0 4.0 14 220 M M 0 20 320
14 88 51 70 -4 0 5 0.00 0.0 0 2.6 10 220 M M 1 16 200
15 92 60 76 2 0 11 0.00 0.0 0 5.7 15 200 M M 2 22 220
16 91 61 76 2 0 11 0.36 0.0 0 5.3 25 270 M M 4 3 35 250
17 83 61 72 -2 0 7 0.07 0.0 0 7.1 20 260 M M 4 138 27 240
18 89 55 72 -3 0 7 0.00 0.0 0 4.5 15 230 M M 0 18 20 250
19 96 63 80 5 0 15 0.00 0.0 0 10.0 21 160 M M 0 29 160
20 92 69 81 6 0 16 0.00 0.0 0 11.9 23 120 M M 0 32 130
21 90 70 80 5 0 15 0.00 0.0 0 9.3 22 120 M M 1 8 30 110
22 92 63 78 2 0 13 0.00 0.0 0 6.7 18 130 M M 2 23 130
23 92 68 80 4 0 15 T 0.0 0 10.0 23 200 M M 4 3 31 180
24 95 70 83 7 0 18 T 0.0 0 12.2 23 290 M M 2 3 31 280
25 87 63 75 -1 0 10 0.00 0.0 0 18.2 35 310 M M 0 49 290
26 89 54 72 -4 0 7 0.00 0.0 0 9.7 24 330 M M 0 31 340
27 89 59 74 -2 0 9 T 0.0 0 10.2 24 170 M M 1 3 31 170
28 101 70 86 9 0 21 0.01 0.0 0 10.8 21 170 M M 0 3 29 160
29 93 69 81 4 0 16 0.62 0.0 0 8.3 39 300 M M 2 13 51 300
30 86 67 77 0 0 12 1.32 0.0 0 6.0 36 310 M M 3 13 45 310
================================================================================
SM 2675 1849 3 323 4.53 0.0 239.4 M 54
================================================================================
AV 89.2 61.6 8.0 FASTST M M 2 MAX(MPH)
MISC ----> 39 300 51 300
================================================================================
NOTES:
# LAST OF SEVERAL OCCURRENCES
COLUMN 17 PEAK WIND IN M.P.H.
PRELIMINARY LOCAL CLIMATOLOGICAL DATA (WS FORM: F-6) , PAGE 2
STATION: LINCOLN NE
MONTH: JUNE
YEAR: 2023
LATITUDE: 40 50 N
LONGITUDE: 96 45 W
[TEMPERATURE DATA] [PRECIPITATION DATA] SYMBOLS USED IN COLUMN 16
AVERAGE MONTHLY: 75.4 TOTAL FOR MONTH: 4.53 1 = FOG OR MIST
DPTR FM NORMAL: 1.7 DPTR FM NORMAL: 0.05 2 = FOG REDUCING VISIBILITY
HIGHEST: 101 ON 28 GRTST 24HR 1.93 ON 29-30 TO 1/4 MILE OR LESS
LOWEST: 45 ON 12 3 = THUNDER
SNOW, ICE PELLETS, HAIL 4 = ICE PELLETS
TOTAL MONTH: 0.0 INCH 5 = HAIL
GRTST 24HR 0.0 6 = FREEZING RAIN OR DRIZZLE
GRTST DEPTH: 0 7 = DUSTSTORM OR SANDSTORM:
VSBY 1/2 MILE OR LESS
8 = SMOKE OR HAZE
[NO. OF DAYS WITH] [WEATHER - DAYS WITH] 9 = BLOWING SNOW
X = TORNADO
MAX 32 OR BELOW: 0 0.01 INCH OR MORE: 12
MAX 90 OR ABOVE: 16 0.10 INCH OR MORE: 7
MIN 32 OR BELOW: 0 0.50 INCH OR MORE: 3
MIN 0 OR BELOW: 0 1.00 INCH OR MORE: 2
[HDD (BASE 65) ]
TOTAL THIS MO. 3 CLEAR (SCALE 0-3) 24
DPTR FM NORMAL -9 PTCLDY (SCALE 4-7) 6
TOTAL FM JUL 1 5728 CLOUDY (SCALE 8-10) 0
DPTR FM NORMAL -124
[CDD (BASE 65) ]
TOTAL THIS MO. 323
DPTR FM NORMAL 52 [PRESSURE DATA]
TOTAL FM JAN 1 481 HIGHEST SLP 30.07 ON 12
DPTR FM NORMAL 113 LOWEST SLP 29.64 ON 18
[REMARKS]
#FINAL-06-23#