000
CXUS53 KOAX 011030
CF6LNK
PRELIMINARY LOCAL CLIMATOLOGICAL DATA (WS FORM: F-6)
STATION: LINCOLN NE
MONTH: DECEMBER
YEAR: 2022
LATITUDE: 40 50 N
LONGITUDE: 96 45 W
TEMPERATURE IN F: :PCPN: SNOW: WIND :SUNSHINE: SKY :PK WND
================================================================================
1 2 3 4 5 6A 6B 7 8 9 10 11 12 13 14 15 16 17 18
12Z AVG MX 2MIN
DY MAX MIN AVG DEP HDD CDD WTR SNW DPTH SPD SPD DIR MIN PSBL S-S WX SPD DR
================================================================================
1 51 14 33 0 32 0 0.00 0.0 T 18.6 32 200 M M 0 45 180
2 61 20 41 8 24 0 0.00 0.0 0 19.6 38 330 M M 1 51 320
3 36 10 23 -10 42 0 0.00 0.0 0 8.9 18 200 M M 0 25 340
4 51 14 33 1 32 0 0.00 0.0 0 5.2 12 190 M M 0 15 190
5 46 21 34 2 31 0 0.00 0.0 0 10.4 23 360 M M 1 29 10
6 45 18 32 0 33 0 0.00 0.0 0 4.7 13 20 M M 2 16 30
7 41 17 29 -2 36 0 0.00 0.0 0 7.6 18 10 M M 0 8 24 20
8 34 17 26 -5 39 0 0.04 0.0 0 5.4 12 270 M M 7 1268 16 260
9 37 31 34 4 31 0 0.00 0.0 0 7.3 16 310 M M 9 18 24 310
10 48 19 34 4 31 0 0.00 0.0 0 6.9 14 330 M M 5 1 18 330
11 51 13 32 2 33 0 0.00 0.0 0 8.3 20 140 M M 2 1 27 130
12 40 33 37 7 28 0 0.30 0.0 0 14.4 23 120 M M 10 13 31 120
13 54 30 42 13 23 0 0.19 0.0 0 17.8 29 170 M M 6 1 39 160
14 37 27 32 3 33 0 0.00 0.0 0 16.0 25 300 M M 9 36 300
15 31 23 27 -2 38 0 T T T 20.9 31 300 M M 9 42 310
16 29 20 25 -3 40 0 T T T 17.9 30 310 M M 7 41 290
17 29 6 18 -10 47 0 T T T 13.6 22 320 M M 5 33 340
18 34 4 19 -9 46 0 0.00 0.0 T 5.0 14 120 M M 0 18 120
19 36 12 24 -4 41 0 0.02 0.1 T 10.9 22 350 M M 8 1 28 360
20 15 2 9 -19 56 0 T T T 10.2 18 360 M M 2 8 22 360
21 21 -1 10 -17 55 0 T T T 12.3 35 340 M M 8 189 44 350
22 -1 -13 -7 -34 72 0 0.08 1.5 2 22.8 32 350 M M 8 89 42 310
23 8 -7 1 -26 64 0 0.00 0.0 2 17.3 30 310 M M 2 8 41 310
24 16 -2 7 -20 58 0 0.00 0.0 2 8.3 16 340 M M 3 24 320
25 40 -6 17 -9 48 0 0.01 T 2 7.7 23 320 M M 2 6 38 340
26 40 8 24 -2 41 0 T T 1 15.1 33 340 M M 3 52 350
27 39 12 26 0 39 0 0.00 0.0 1 15.1 24 180 M M 0 33 180
28 45 25 35 9 30 0 0.00 0.0 1 7.3 17 190 M M 1 25 170
29 49 28 39 13 26 0 T 0.0 T 7.6 23 310 M M 7 33 320
30 45 18 32 6 33 0 0.00 0.0 0 4.8 12 220 M M 1 12 16 240
31 51 27 39 13 26 0 0.00 0.0 0 5.7 15 200 M M 3 18 200
================================================================================
SM 1159 440 1208 0 0.64 1.6 353.6 M 121
================================================================================
AV 37.4 14.2 11.4 FASTST M M 4 MAX(MPH)
MISC ----> 38 330 52 350
================================================================================
NOTES:
# LAST OF SEVERAL OCCURRENCES
COLUMN 17 PEAK WIND IN M.P.H.
PRELIMINARY LOCAL CLIMATOLOGICAL DATA (WS FORM: F-6) , PAGE 2
STATION: LINCOLN NE
MONTH: DECEMBER
YEAR: 2022
LATITUDE: 40 50 N
LONGITUDE: 96 45 W
[TEMPERATURE DATA] [PRECIPITATION DATA] SYMBOLS USED IN COLUMN 16
AVERAGE MONTHLY: 25.8 TOTAL FOR MONTH: 0.64 1 = FOG OR MIST
DPTR FM NORMAL: -3.0 DPTR FM NORMAL: -0.54 2 = FOG REDUCING VISIBILITY
HIGHEST: 61 ON 2 GRTST 24HR 0.49 ON 12-13 TO 1/4 MILE OR LESS
LOWEST: -13 ON 22 3 = THUNDER
SNOW, ICE PELLETS, HAIL 4 = ICE PELLETS
TOTAL MONTH: 1.6 INCHES 5 = HAIL
GRTST 24HR 1.5 ON 22-22 6 = FREEZING RAIN OR DRIZZLE
GRTST DEPTH: 2 ON 25,24 7 = DUSTSTORM OR SANDSTORM:
VSBY 1/2 MILE OR LESS
8 = SMOKE OR HAZE
[NO. OF DAYS WITH] [WEATHER - DAYS WITH] 9 = BLOWING SNOW
X = TORNADO
MAX 32 OR BELOW: 8 0.01 INCH OR MORE: 6
MAX 90 OR ABOVE: 0 0.10 INCH OR MORE: 2
MIN 32 OR BELOW: 30 0.50 INCH OR MORE: 0
MIN 0 OR BELOW: 5 1.00 INCH OR MORE: 0
[HDD (BASE 65) ]
TOTAL THIS MO. 1208 CLEAR (SCALE 0-3) 17
DPTR FM NORMAL 86 PTCLDY (SCALE 4-7) 8
TOTAL FM JUL 1 2383 CLOUDY (SCALE 8-10) 6
DPTR FM NORMAL 59
[CDD (BASE 65) ]
TOTAL THIS MO. 0
DPTR FM NORMAL 0 [PRESSURE DATA]
TOTAL FM JAN 1 1554 HIGHEST SLP 30.74 ON 20
DPTR FM NORMAL 285 LOWEST SLP 29.38 ON 13
[REMARKS]
#FINAL-12-22#