000
CXUS53 KOAX 010930
CF6LNK
PRELIMINARY LOCAL CLIMATOLOGICAL DATA (WS FORM: F-6)
STATION: LINCOLN NE
MONTH: JUNE
YEAR: 2022
LATITUDE: 40 50 N
LONGITUDE: 96 45 W
TEMPERATURE IN F: :PCPN: SNOW: WIND :SUNSHINE: SKY :PK WND
================================================================================
1 2 3 4 5 6A 6B 7 8 9 10 11 12 13 14 15 16 17 18
12Z AVG MX 2MIN
DY MAX MIN AVG DEP HDD CDD WTR SNW DPTH SPD SPD DIR MIN PSBL S-S WX SPD DR
================================================================================
1 74 47 61 -8 4 0 0.00 0.0 0 7.6 17 310 M M 0 23 310
2 82 42 62 -8 3 0 0.00 0.0 0 3.7 15 220 M M 2 21 220
3 85 58 72 2 0 7 0.00 0.0 0 6.5 16 200 M M 2 22 210
4 80 59 70 0 0 5 0.18 0.0 0 10.8 21 170 M M 3 13 30 190
5 83 61 72 1 0 7 0.18 0.0 0 5.6 32 190 M M 3 13 42 180
6 84 60 72 1 0 7 T 0.0 0 6.4 16 340 M M 3 12 21 340
7 85 60 73 2 0 8 0.66 0.0 0 7.5 41 360 M M 4 138 54 360
8 80 58 69 -3 0 4 0.00 0.0 0 10.3 23 360 M M 2 30 20
9 83 53 68 -4 0 3 0.14 0.0 0 5.6 17 160 M M 3 3 23 180
10 85 60 73 1 0 8 0.04 0.0 0 3.6 12 20 M M 3 1 15 160
11 91 62 77 4 0 12 T 0.0 0 6.8 18 100 M M 1 3 27 90
12 91 67 79 6 0 14 T 0.0 0 9.4 23 10 M M 0 33 20
13 103 78 91 18 0 26 0.02 0.0 0 16.3 27 180 M M 0 3 43 190
14 94 67 81 7 0 16 0.66 0.0 0 18.4 46 290 M M 2 138 58 300
15 81 63 72 -2 0 7 T 0.0 0 10.3 25 20 M M 5 3 34 20
16 88 58 73 -1 0 8 1.16 0.0 0 8.0 26 340 M M 2 13 36 30
17 90 67 79 5 0 14 0.65 0.0 0 10.0 25 310 M M 3 13 40 310
18 94 75 85 10 0 20 0.00 0.0 0 13.0 23 150 M M 0 29 170
19 94 77 86 11 0 21 0.00 0.0 0 17.1 26 170 M M 1 36 190
20 95 78 87 12 0 22 0.00 0.0 0 18.4 26 170 M M 0 37 170
21 90 69 80 5 0 15 0.00 0.0 0 10.4 23 190 M M 0 8 33 200
22 88 64 76 0 0 11 0.00 0.0 0 5.4 13 180 M M 0 19 170
23 83 67 75 -1 0 10 0.01 0.0 0 10.9 23 150 M M 2 30 150
24 85 71 78 2 0 13 0.01 0.0 0 11.9 20 120 M M 3 28 170
25 86 64 75 -1 0 10 0.02 0.0 0 13.0 28 350 M M 3 13 34 360
26 82 53 68 -8 0 3 0.00 0.0 0 9.3 21 350 M M 0 28 340
27 83 50 67 -9 0 2 0.00 0.0 0 5.8 16 220 M M 3 24 230
28 90 56 73 -4 0 8 0.00 0.0 0 11.5 24 210 M M 0 32 200
29 95 66 81 4 0 16 0.00 0.0 0 14.4 30 190 M M 0 41 200
30 95 72 84 7 0 19 0.00 0.0 0 13.0 24 220 M M 0 34 180
================================================================================
SM 2619 1882 7 316 3.73 0.0 300.9 M 50
================================================================================
AV 87.3 62.7 10.0 FASTST M M 2 MAX(MPH)
MISC ----> 46 290 58 300
================================================================================
NOTES:
# LAST OF SEVERAL OCCURRENCES
COLUMN 17 PEAK WIND IN M.P.H.
PRELIMINARY LOCAL CLIMATOLOGICAL DATA (WS FORM: F-6) , PAGE 2
STATION: LINCOLN NE
MONTH: JUNE
YEAR: 2022
LATITUDE: 40 50 N
LONGITUDE: 96 45 W
[TEMPERATURE DATA] [PRECIPITATION DATA] SYMBOLS USED IN COLUMN 16
AVERAGE MONTHLY: 75.0 TOTAL FOR MONTH: 3.73 1 = FOG OR MIST
DPTR FM NORMAL: 1.3 DPTR FM NORMAL: -0.75 2 = FOG REDUCING VISIBILITY
HIGHEST: 103 ON 13 GRTST 24HR 1.81 ON 16-17 TO 1/4 MILE OR LESS
LOWEST: 42 ON 2 3 = THUNDER
SNOW, ICE PELLETS, HAIL 4 = ICE PELLETS
TOTAL MONTH: 0.0 INCH 5 = HAIL
GRTST 24HR 0.0 6 = FREEZING RAIN OR DRIZZLE
GRTST DEPTH: 0 7 = DUSTSTORM OR SANDSTORM:
VSBY 1/2 MILE OR LESS
8 = SMOKE OR HAZE
[NO. OF DAYS WITH] [WEATHER - DAYS WITH] 9 = BLOWING SNOW
X = TORNADO
MAX 32 OR BELOW: 0 0.01 INCH OR MORE: 12
MAX 90 OR ABOVE: 12 0.10 INCH OR MORE: 7
MIN 32 OR BELOW: 0 0.50 INCH OR MORE: 4
MIN 0 OR BELOW: 0 1.00 INCH OR MORE: 1
[HDD (BASE 65) ]
TOTAL THIS MO. 7 CLEAR (SCALE 0-3) 26
DPTR FM NORMAL -5 PTCLDY (SCALE 4-7) 4
TOTAL FM JUL 1 5388 CLOUDY (SCALE 8-10) 0
DPTR FM NORMAL -464
[CDD (BASE 65) ]
TOTAL THIS MO. 316
DPTR FM NORMAL 45 [PRESSURE DATA]
TOTAL FM JAN 1 463 HIGHEST SLP 30.37 ON 26
DPTR FM NORMAL 95 LOWEST SLP 29.47 ON 13
[REMARKS]
#FINAL-06-22#