000
CXUS53 KOAX 011000 RRA
CF6LNK
PRELIMINARY LOCAL CLIMATOLOGICAL DATA (WS FORM: F-6)
STATION: LINCOLN NE
MONTH: MARCH
YEAR: 2022
LATITUDE: 40 50 N
LONGITUDE: 96 45 W
TEMPERATURE IN F: :PCPN: SNOW: WIND :SUNSHINE: SKY :PK WND
================================================================================
1 2 3 4 5 6A 6B 7 8 9 10 11 12 13 14 15 16 17 18
12Z AVG MX 2MIN
DY MAX MIN AVG DEP HDD CDD WTR SNW DPTH SPD SPD DIR MIN PSBL S-S WX SPD DR
================================================================================
1 76 28 52 17 13 0 0.00 0.0 0 5.0 20 300 M M 0 27 290
2 81 26 54 19 11 0 0.00 0.0 0 6.9 25 20 M M 0 32 10
3 53 27 40 4 25 0 0.00 0.0 0 12.9 21 80 M M 0 30 80
4 73 31 52 16 13 0 0.50 0.0 0 15.0 31 170 M M 3 13 39 170
5 59 28 44 8 21 0 0.04 T 0 14.4 28 290 M M 8 128 39 290
6 35 23 29 -8 36 0 0.04 0.5 0 15.6 25 350 M M 8 32 360
7 39 21 30 -7 35 0 0.05 0.5 1 9.8 22 340 M M 3 18 32 340
8 52 16 34 -4 31 0 0.00 0.0 0 10.3 29 350 M M 0 35 350
9 31 17 24 -14 41 0 T T 0 12.2 20 10 M M 6 8 25 20
10 30 18 24 -15 41 0 0.02 0.3 T 6.9 17 10 M M 7 8 24 10
11 32 7 20 -19 45 0 0.00 0.0 0 13.0 32 330 M M 0 42 330
12 40 5 23 -17 42 0 0.00 0.0 0 9.2 24 200 M M 2 37 170
13 69 24 47 7 18 0 0.00 0.0 0 7.5 23 180 M M 0 28 190
14 60 35 48 8 17 0 0.00 0.0 0 11.1 30 360 M M 0 35 360
15 64 20 42 1 23 0 0.00 0.0 0 5.8 14 180 M M 0 18 20 190
16 73 34 54 13 11 0 0.00 0.0 0 10.9 24 230 M M 0 33 230
17 53 39 46 4 19 0 0.35 0.0 0 17.6 32 20 M M 7 1 41 20
18 53 29 41 -1 24 0 0.33 0.0 0 12.7 25 10 M M 5 1 34 20
19 68 22 45 2 20 0 0.00 0.0 0 3.8 17 230 M M 0 23 230
20 80 27 54 11 11 0 0.00 0.0 0 14.0 31 190 M M 0 42 170
21 72 43 58 15 7 0 0.18 0.0 0 16.1 29 190 M M 4 1 38 180
22 45 35 40 -4 25 0 0.43 T 0 27.3 45 360 M M 9 1 62 360
23 41 36 39 -5 26 0 0.02 T 0 21.0 37 350 M M 9 49 360
24 48 28 38 -6 27 0 T T 0 9.6 18 350 M M 8 8 23 340
25 59 26 43 -2 22 0 0.00 0.0 0 13.9 31 310 M M 2 45 310
26 51 22 37 -8 28 0 0.00 0.0 0 8.0 17 30 M M 1 26 20
27 43 25 34 -12 31 0 0.00 0.0 0 7.9 14 70 M M 5 19 80
28 56 25 41 -5 24 0 0.00 0.0 0 13.9 25 130 M M 0 34 120
29 74 39 57 11 8 0 T 0.0 0 17.4 32 120 M M 0 8 42 140
30 46 31 39 -8 26 0 T T 0 21.4 32 330 M M 10 1 43 340
31 50 23 37 -10 28 0 T T T 11.1 25 350 M M 6 1 33 330
================================================================================
SM 1706 810 749 0 1.96 1.3 382.2 M 103
================================================================================
AV 55.0 26.1 12.3 FASTST M M 3 MAX(MPH)
MISC ----> 45 360 62 360
================================================================================
NOTES:
# LAST OF SEVERAL OCCURRENCES
COLUMN 17 PEAK WIND IN M.P.H.
PRELIMINARY LOCAL CLIMATOLOGICAL DATA (WS FORM: F-6) , PAGE 2
STATION: LINCOLN NE
MONTH: MARCH
YEAR: 2022
LATITUDE: 40 50 N
LONGITUDE: 96 45 W
[TEMPERATURE DATA] [PRECIPITATION DATA] SYMBOLS USED IN COLUMN 16
AVERAGE MONTHLY: 40.6 TOTAL FOR MONTH: 1.96 1 = FOG OR MIST
DPTR FM NORMAL: -0.6 DPTR FM NORMAL: 0.41 2 = FOG REDUCING VISIBILITY
HIGHEST: 81 ON 2 GRTST 24HR 0.68 ON 17-18 TO 1/4 MILE OR LESS
LOWEST: 5 ON 12 3 = THUNDER
SNOW, ICE PELLETS, HAIL 4 = ICE PELLETS
TOTAL MONTH: 1.3 INCHES 5 = HAIL
GRTST 24HR 1.0 ON 6- 7 6 = FREEZING RAIN OR DRIZZLE
GRTST DEPTH: 1 ON 7 7 = DUSTSTORM OR SANDSTORM:
VSBY 1/2 MILE OR LESS
8 = SMOKE OR HAZE
[NO. OF DAYS WITH] [WEATHER - DAYS WITH] 9 = BLOWING SNOW
X = TORNADO
MAX 32 OR BELOW: 3 0.01 INCH OR MORE: 10
MAX 90 OR ABOVE: 0 0.10 INCH OR MORE: 5
MIN 32 OR BELOW: 24 0.50 INCH OR MORE: 1
MIN 0 OR BELOW: 0 1.00 INCH OR MORE: 0
[HDD (BASE 65) ]
TOTAL THIS MO. 749 CLEAR (SCALE 0-3) 18
DPTR FM NORMAL 8 PTCLDY (SCALE 4-7) 9
TOTAL FM JUL 1 4774 CLOUDY (SCALE 8-10) 4
DPTR FM NORMAL -525
[CDD (BASE 65) ]
TOTAL THIS MO. 0
DPTR FM NORMAL -2 [PRESSURE DATA]
TOTAL FM JAN 1 0 HIGHEST SLP 30.47 ON 11
DPTR FM NORMAL -2 LOWEST SLP 29.18 ON 29
[REMARKS]
#FINAL-03-22#