000
CXUS53 KOAX 011030
CF6LNK
PRELIMINARY LOCAL CLIMATOLOGICAL DATA (WS FORM: F-6)
STATION: LINCOLN NE
MONTH: FEBRUARY
YEAR: 2022
LATITUDE: 40 50 N
LONGITUDE: 96 45 W
TEMPERATURE IN F: :PCPN: SNOW: WIND :SUNSHINE: SKY :PK WND
================================================================================
1 2 3 4 5 6A 6B 7 8 9 10 11 12 13 14 15 16 17 18
12Z AVG MX 2MIN
DY MAX MIN AVG DEP HDD CDD WTR SNW DPTH SPD SPD DIR MIN PSBL S-S WX SPD DR
================================================================================
1 42 21 32 6 33 0 0.00 0.0 0 16.2 28 30 M M 3 36 360
2 21 8 15 -11 50 0 0.00 0.0 0 18.4 26 30 M M 6 39 10
3 20 -1 10 -16 55 0 0.00 0.0 0 8.0 18 20 M M 1 24 40
4 32 2 17 -9 48 0 0.00 0.0 0 9.4 24 320 M M 2 32 310
5 58 10 34 7 31 0 0.00 0.0 0 12.6 26 220 M M 0 34 200
6 46 15 31 4 34 0 0.00 0.0 0 9.2 30 330 M M 1 39 330
7 62 20 41 14 24 0 0.00 0.0 0 6.6 17 270 M M 4 23 280
8 63 32 48 21 17 0 0.00 0.0 0 10.5 29 330 M M 0 38 320
9 51 29 40 12 25 0 0.00 0.0 0 12.0 26 310 M M 1 35 310
10 57 18 38 10 27 0 T 0.0 0 11.4 29 220 M M 2 37 230
11 50 15 33 5 32 0 0.02 0.0 0 19.6 38 330 M M 3 53 340
12 38 6 22 -6 43 0 0.00 0.0 0 6.8 16 340 M M 3 23 250
13 33 13 23 -6 42 0 0.00 0.0 0 9.5 20 360 M M 1 27 10
14 43 19 31 2 34 0 0.00 0.0 0 7.5 16 10 M M 1 22 10
15 66 20 43 14 22 0 0.00 0.0 0 12.5 26 200 M M 0 34 190
16 52 27 40 10 25 0 0.00 0.0 0 18.3 35 10 M M 3 41 10
17 30 14 22 -8 43 0 0.00 0.0 0 14.4 32 10 M M 4 43 360
18 61 20 41 11 24 0 0.00 0.0 0 17.1 36 360 M M 2 45 10
19 42 14 28 -3 37 0 0.00 0.0 0 12.8 25 180 M M 2 33 180
20 67 27 47 16 18 0 0.00 0.0 0 7.2 20 190 M M 0 27 190
21 46 14 30 -1 35 0 T T 0 15.0 31 350 M M 5 1 41 350
22 14 1 8 -24 57 0 T T T 21.2 32 350 M M 9 89 41 340
23 17 -1 8 -24 57 0 0.00 0.0 T 13.8 25 350 M M 4 34 360
24 18 1 10 -23 55 0 0.01 0.1 T 10.0 16 340 M M 8 8 26 350
25 30 -1 15 -18 50 0 0.00 0.0 T 5.1 12 240 M M 0 15 250
26 48 11 30 -3 35 0 0.00 0.0 0 7.9 18 190 M M 0 23 220
27 59 8 34 0 31 0 0.00 0.0 0 5.7 18 230 M M 0 26 220
28 69 18 44 10 21 0 0.00 0.0 0 4.4 14 240 M M 0 19 230
================================================================================
SM 1235 380 1005 0 0.03 0.1 323.1 M 65
================================================================================
AV 44.1 13.6 11.5 FASTST M M 2 MAX(MPH)
MISC ----> 38 330 53 340
================================================================================
NOTES:
# LAST OF SEVERAL OCCURRENCES
COLUMN 17 PEAK WIND IN M.P.H.
PRELIMINARY LOCAL CLIMATOLOGICAL DATA (WS FORM: F-6) , PAGE 2
STATION: LINCOLN NE
MONTH: FEBRUARY
YEAR: 2022
LATITUDE: 40 50 N
LONGITUDE: 96 45 W
[TEMPERATURE DATA] [PRECIPITATION DATA] SYMBOLS USED IN COLUMN 16
AVERAGE MONTHLY: 28.8 TOTAL FOR MONTH: 0.03 1 = FOG OR MIST
DPTR FM NORMAL: -0.7 DPTR FM NORMAL: -0.86 2 = FOG REDUCING VISIBILITY
HIGHEST: 69 ON 28 GRTST 24HR 0.02 ON 10-11 TO 1/4 MILE OR LESS
LOWEST: -1 ON 25,23 3 = THUNDER
SNOW, ICE PELLETS, HAIL 4 = ICE PELLETS
TOTAL MONTH: 0.1 INCH 5 = HAIL
GRTST 24HR 0.1 ON 24-24 6 = FREEZING RAIN OR DRIZZLE
GRTST DEPTH: T 7 = DUSTSTORM OR SANDSTORM:
VSBY 1/2 MILE OR LESS
8 = SMOKE OR HAZE
[NO. OF DAYS WITH] [WEATHER - DAYS WITH] 9 = BLOWING SNOW
X = TORNADO
MAX 32 OR BELOW: 8 0.01 INCH OR MORE: 2
MAX 90 OR ABOVE: 0 0.10 INCH OR MORE: 0
MIN 32 OR BELOW: 28 0.50 INCH OR MORE: 0
MIN 0 OR BELOW: 3 1.00 INCH OR MORE: 0
[HDD (BASE 65) ]
TOTAL THIS MO. 1005 CLEAR (SCALE 0-3) 20
DPTR FM NORMAL 11 PTCLDY (SCALE 4-7) 7
TOTAL FM JUL 1 4025 CLOUDY (SCALE 8-10) 1
DPTR FM NORMAL -534
[CDD (BASE 65) ]
TOTAL THIS MO. 0
DPTR FM NORMAL 0 [PRESSURE DATA]
TOTAL FM JAN 1 0 HIGHEST SLP 30.78 ON 23
DPTR FM NORMAL 0 LOWEST SLP 29.57 ON 10
[REMARKS]
#FINAL-02-22#