000
CXUS53 KOAX 010930
CF6LNK
PRELIMINARY LOCAL CLIMATOLOGICAL DATA (WS FORM: F-6)
STATION: LINCOLN NE
MONTH: SEPTEMBER
YEAR: 2021
LATITUDE: 40 50 N
LONGITUDE: 96 45 W
TEMPERATURE IN F: :PCPN: SNOW: WIND :SUNSHINE: SKY :PK WND
================================================================================
1 2 3 4 5 6A 6B 7 8 9 10 11 12 13 14 15 16 17 18
12Z AVG MX 2MIN
DY MAX MIN AVG DEP HDD CDD WTR SNW DPTH SPD SPD DIR MIN PSBL S-S WX SPD DR
================================================================================
1 81 64 73 1 0 8 0.00 0.0 0 11.7 18 130 M M 3 25 120
2 76 69 73 1 0 8 0.21 0.0 0 11.9 20 150 M M 5 13 25 140
3 76 67 72 0 0 7 0.05 0.0 0 8.5 18 330 M M 9 13 22 340
4 79 62 71 0 0 6 T 0.0 0 5.2 14 10 M M 5 18 350
5 86 57 72 1 0 7 0.00 0.0 0 5.3 16 240 M M 0 22 210
6 91 61 76 5 0 11 0.00 0.0 0 8.2 17 200 M M 0 23 200
7 84 56 70 0 0 5 0.00 0.0 0 10.8 29 360 M M 0 36 20
8 85 52 69 -1 0 4 0.00 0.0 0 4.8 16 330 M M 1 24 340
9 83 52 68 -2 0 3 0.00 0.0 0 5.4 14 150 M M 0 22 160
10 90 59 75 6 0 10 0.00 0.0 0 1.6 7 10 M M 0 9 190
11 95 61 78 9 0 13 0.00 0.0 0 7.7 17 170 M M 0 1 22 180
12 76 64 70 1 0 5 T 0.0 0 7.9 32 70 M M 1 3 40 70
13 91 61 76 8 0 11 0.00 0.0 0 6.7 17 190 M M 0 23 180
14 81 55 68 0 0 3 T 0.0 0 7.2 17 10 M M 2 1 23 10
15 86 49 68 0 0 3 0.00 0.0 0 9.7 21 150 M M 0 1 27 140
16 92 65 79 12 0 14 0.00 0.0 0 15.0 25 180 M M 0 35 180
17 77 57 67 0 0 2 0.03 0.0 0 10.2 23 10 M M 3 1 28 20
18 91 54 73 7 0 8 0.00 0.0 0 8.7 22 180 M M 1 26 180
19 93 64 79 13 0 14 0.00 0.0 0 16.3 28 160 M M 0 36 180
20 76 58 67 1 0 2 0.02 0.0 0 13.1 25 330 M M 3 3 36 350
21 75 44 60 -5 5 0 0.00 0.0 0 7.8 21 330 M M 1 28 310
22 75 40 58 -7 7 0 0.00 0.0 0 3.9 9 140 M M 0 13 130
23 84 42 63 -1 2 0 0.00 0.0 0 8.8 21 190 M M 0 29 180
24 71 44 58 -6 7 0 0.01 0.0 0 8.0 24 340 M M 2 32 350
25 81 37 59 -5 6 0 0.00 0.0 0 8.0 23 230 M M 0 32 230
26 93 52 73 10 0 8 0.00 0.0 0 8.4 18 210 M M 0 25 210
27 94 52 73 10 0 8 0.00 0.0 0 3.4 12 90 M M 0 14 90
28 95 53 74 12 0 9 0.00 0.0 0 8.2 21 190 M M 0 27 160
29 79 64 72 10 0 7 0.32 0.0 0 7.3 21 270 M M 3 13 27 270
30 79 62 71 10 0 6 T 0.0 0 7.2 15 250 M M 5 1 18 240
================================================================================
SM 2515 1677 27 182 0.64 0.0 246.9 M 44
================================================================================
AV 83.8 55.9 8.2 FASTST M M 1 MAX(MPH)
MISC ----> 32 70 40 70
================================================================================
NOTES:
# LAST OF SEVERAL OCCURRENCES
COLUMN 17 PEAK WIND IN M.P.H.
PRELIMINARY LOCAL CLIMATOLOGICAL DATA (WS FORM: F-6) , PAGE 2
STATION: LINCOLN NE
MONTH: SEPTEMBER
YEAR: 2021
LATITUDE: 40 50 N
LONGITUDE: 96 45 W
[TEMPERATURE DATA] [PRECIPITATION DATA] SYMBOLS USED IN COLUMN 16
AVERAGE MONTHLY: 69.9 TOTAL FOR MONTH: 0.64 1 = FOG OR MIST
DPTR FM NORMAL: 2.7 DPTR FM NORMAL: -2.26 2 = FOG REDUCING VISIBILITY
HIGHEST: 95 ON 28,11 GRTST 24HR 0.32 ON 29-29 TO 1/4 MILE OR LESS
LOWEST: 37 ON 25 3 = THUNDER
SNOW, ICE PELLETS, HAIL 4 = ICE PELLETS
TOTAL MONTH: 0.0 INCH 5 = HAIL
GRTST 24HR 0.0 6 = FREEZING RAIN OR DRIZZLE
GRTST DEPTH: 0 7 = DUSTSTORM OR SANDSTORM:
VSBY 1/2 MILE OR LESS
8 = SMOKE OR HAZE
[NO. OF DAYS WITH] [WEATHER - DAYS WITH] 9 = BLOWING SNOW
X = TORNADO
MAX 32 OR BELOW: 0 0.01 INCH OR MORE: 6
MAX 90 OR ABOVE: 10 0.10 INCH OR MORE: 2
MIN 32 OR BELOW: 0 0.50 INCH OR MORE: 0
MIN 0 OR BELOW: 0 1.00 INCH OR MORE: 0
[HDD (BASE 65) ]
TOTAL THIS MO. 27 CLEAR (SCALE 0-3) 26
DPTR FM NORMAL -50 PTCLDY (SCALE 4-7) 3
TOTAL FM JUL 1 27 CLOUDY (SCALE 8-10) 1
DPTR FM NORMAL -55
[CDD (BASE 65) ]
TOTAL THIS MO. 182
DPTR FM NORMAL 39 [PRESSURE DATA]
TOTAL FM JAN 1 1444 HIGHEST SLP M ON M
DPTR FM NORMAL 195 LOWEST SLP 29.58 ON 20
[REMARKS]
#FINAL-09-21#