000
CXUS53 KOAX 010930
CF6LNK
PRELIMINARY LOCAL CLIMATOLOGICAL DATA (WS FORM: F-6)
STATION: LINCOLN NE
MONTH: MAY
YEAR: 2021
LATITUDE: 40 50 N
LONGITUDE: 96 45 W
TEMPERATURE IN F: :PCPN: SNOW: WIND :SUNSHINE: SKY :PK WND
================================================================================
1 2 3 4 5 6A 6B 7 8 9 10 11 12 13 14 15 16 17 18
12Z AVG MX 2MIN
DY MAX MIN AVG DEP HDD CDD WTR SNW DPTH SPD SPD DIR MIN PSBL S-S WX SPD DR
================================================================================
1 89 62 76 19 0 11 0.00 0.0 0 19.3 33 220 M M 0 47 200
2 85 62 74 16 0 9 0.08 0.0 0 13.8 24 210 M M 4 13 33 200
3 67 51 59 1 6 0 0.32 0.0 0 17.9 31 360 M M 7 1 42 360
4 66 40 53 -5 12 0 0.00 0.0 0 11.5 24 360 M M 0 37 350
5 66 32 49 -10 16 0 0.06 0.0 0 5.8 21 210 M M 4 3 28 210
6 68 39 54 -5 11 0 0.00 0.0 0 9.6 20 360 M M 1 27 360
7 71 40 56 -4 9 0 0.00 0.0 0 6.5 14 60 M M 6 21 50
8 69 45 57 -3 8 0 0.29 0.0 0 17.0 29 80 M M 9 13 38 70
9 57 40 49 -11 16 0 0.03 0.0 0 11.3 24 10 M M 8 1 33 10
10 65 35 50 -11 15 0 0.00 0.0 0 5.8 16 10 M M 2 1 22 330
11 64 41 53 -8 12 0 0.00 0.0 0 7.7 18 70 M M 1 29 30
12 67 37 52 -10 13 0 0.00 0.0 0 5.1 14 160 M M 1 19 130
13 72 43 58 -4 7 0 0.00 0.0 0 9.0 18 160 M M 1 24 190
14 71 54 63 1 2 0 T 0.0 0 9.2 17 210 M M 7 23 180
15 76 55 66 3 0 1 T 0.0 0 4.7 13 150 M M 5 17 150
16 64 59 62 -1 3 0 0.29 0.0 0 7.8 13 80 M M 8 18 17 90
17 72 59 66 2 0 1 0.01 0.0 0 8.3 15 70 M M 10 1 20 100
18 74 62 68 4 0 3 0.07 0.0 0 5.8 13 120 M M 7 1 18 80
19 75 63 69 5 0 4 0.11 0.0 0 9.0 20 160 M M 8 1 26 150
20 74 63 69 4 0 4 T 0.0 0 10.6 23 160 M M 7 1 33 170
21 85 66 76 11 0 11 0.00 0.0 0 16.4 25 160 M M 6 36 160
22 86 67 77 11 0 12 0.04 0.0 0 11.7 22 160 M M 5 1 30 170
23 86 65 76 10 0 11 0.00 0.0 0 12.2 26 180 M M 6 35 160
24 83 63 73 7 0 8 0.05 0.0 0 15.4 31 190 M M 7 1 39 180
25 86 61 74 7 0 9 0.00 0.0 0 6.9 18 220 M M 4 23 210
26 86 53 70 3 0 5 0.22 0.0 0 8.9 20 120 M M 1 13 24 110
27 75 52 64 -4 1 0 0.94 0.0 0 15.1 25 330 M M 7 13 35 320
28 55 48 52 -16 13 0 0.00 0.0 0 11.6 21 360 M M 10 27 10
29 67 48 58 -10 7 0 0.00 0.0 0 8.1 15 120 M M 5 22 140
30 65 50 58 -11 7 0 0.04 0.0 0 3.5 14 180 M M 5 17 180
31 77 51 64 -5 1 0 0.00 0.0 0 3.8 9 160 M M 1 15 130
================================================================================
SM 2263 1606 159 89 2.55 0.0 309.3 M 153
================================================================================
AV 73.0 51.8 10.0 FASTST M M 5 MAX(MPH)
MISC ----> 33 220 47 200
================================================================================
NOTES:
# LAST OF SEVERAL OCCURRENCES
COLUMN 17 PEAK WIND IN M.P.H.
PRELIMINARY LOCAL CLIMATOLOGICAL DATA (WS FORM: F-6) , PAGE 2
STATION: LINCOLN NE
MONTH: MAY
YEAR: 2021
LATITUDE: 40 50 N
LONGITUDE: 96 45 W
[TEMPERATURE DATA] [PRECIPITATION DATA] SYMBOLS USED IN COLUMN 16
AVERAGE MONTHLY: 62.4 TOTAL FOR MONTH: 2.55 1 = FOG OR MIST
DPTR FM NORMAL: -0.7 DPTR FM NORMAL: -2.36 2 = FOG REDUCING VISIBILITY
HIGHEST: 89 ON 1 GRTST 24HR 1.16 ON 26-27 TO 1/4 MILE OR LESS
LOWEST: 32 ON 5 3 = THUNDER
SNOW, ICE PELLETS, HAIL 4 = ICE PELLETS
TOTAL MONTH: 0.0 INCH 5 = HAIL
GRTST 24HR 0.0 6 = FREEZING RAIN OR DRIZZLE
GRTST DEPTH: 0 7 = DUSTSTORM OR SANDSTORM:
VSBY 1/2 MILE OR LESS
8 = SMOKE OR HAZE
[NO. OF DAYS WITH] [WEATHER - DAYS WITH] 9 = BLOWING SNOW
X = TORNADO
MAX 32 OR BELOW: 0 0.01 INCH OR MORE: 14
MAX 90 OR ABOVE: 0 0.10 INCH OR MORE: 6
MIN 32 OR BELOW: 1 0.50 INCH OR MORE: 1
MIN 0 OR BELOW: 0 1.00 INCH OR MORE: 0
[HDD (BASE 65) ]
TOTAL THIS MO. 159 CLEAR (SCALE 0-3) 9
DPTR FM NORMAL 16 PTCLDY (SCALE 4-7) 17
TOTAL FM JUL 1 5902 CLOUDY (SCALE 8-10) 5
DPTR FM NORMAL 57
[CDD (BASE 65) ]
TOTAL THIS MO. 89
DPTR FM NORMAL 5 [PRESSURE DATA]
TOTAL FM JAN 1 113 HIGHEST SLP 30.46 ON 12
DPTR FM NORMAL 16 LOWEST SLP 29.38 ON 2
[REMARKS]
#FINAL-05-21#