380
CXUS53 KOAX 031410
CF6LNK
PRELIMINARY LOCAL CLIMATOLOGICAL DATA (WS FORM: F-6)
STATION: LINCOLN NE
MONTH: OCTOBER
YEAR: 2020
LATITUDE: 40 50 N
LONGITUDE: 96 45 W
TEMPERATURE IN F: :PCPN: SNOW: WIND :SUNSHINE: SKY :PK WND
================================================================================
1 2 3 4 5 6A 6B 7 8 9 10 11 12 13 14 15 16 17 18
12Z AVG MX 2MIN
DY MAX MIN AVG DEP HDD CDD WTR SNW DPTH SPD SPD DIR MIN PSBL S-S WX SPD DR
================================================================================
1 64 35 50 -9 15 0 0.00 0.0 0 11.3 26 340 M M 2 35 310
2 66 32 49 -10 16 0 0.03 0.0 0 6.2 14 100 M M 2 20 110
3 61 36 49 -9 16 0 0.00 0.0 0 7.0 15 360 M M 4 23 40
4 69 32 51 -7 14 0 0.00 0.0 0 7.7 18 160 M M 0 1 25 190
5 79 51 65 7 0 0 0.00 0.0 0 13.3 30 200 M M 0 39 200
6 86 42 64 7 1 0 0.00 0.0 0 6.7 22 230 M M 0 27 230
7 86 47 67 10 0 2 0.00 0.0 0 7.0 18 80 M M 0 29 60
8 85 50 68 12 0 3 0.00 0.0 0 10.0 24 180 M M 0 30 160
9 88 59 74 18 0 9 0.00 0.0 0 13.3 24 210 M M 0 33 220
10 82 50 66 10 0 1 0.00 0.0 0 7.9 17 60 M M 0 1 28 50
11 88 55 72 17 0 7 0.20 0.0 0 18.0 52 320 M M 1 138 76 310
12 71 48 60 5 5 0 T 0.0 0 10.9 20 340 M M 1 28 320
13 73 46 60 6 5 0 0.00 0.0 0 7.6 25 350 M M 0 32 360
14 77 48 63 9 2 0 T 0.0 0 13.5 36 340 M M 2 44 350
15 58 37 48 -6 17 0 0.00 0.0 0 9.2 18 310 M M 0 8 25 320
16 61 36 49 -4 16 0 0.00 0.0 0 10.7 24 180 M M 3 33 180
17 73 42 58 5 7 0 T 0.0 0 14.7 30 200 M M 1 47 220
18 45 34 40 -12 25 0 0.03 T 0 12.0 28 350 M M 8 36 10
19 50 36 43 -9 22 0 T 0.0 0 7.7 21 150 M M 5 25 150
20 47 35 41 -11 24 0 T 0.0 0 6.5 14 180 M M 7 18 18 150
21 51 32 42 -9 23 0 0.01 0.0 0 7.2 13 110 M M 6 18 16 80
22 48 36 42 -9 23 0 0.02 0.0 0 14.7 31 360 M M 10 1 39 360
23 39 24 32 -18 33 0 0.00 0.0 0 18.5 30 350 M M 9 40 350
24 35 19 27 -23 38 0 0.00 0.0 0 6.0 15 110 M M 8 19 120
25 34 24 29 -21 36 0 0.05 0.4 0 15.4 25 360 M M 10 18 32 350
26 31 20 26 -23 39 0 0.06 2.5 3 10.0 22 350 M M 6 1 28 350
27 42 16 29 -20 36 0 0.00 0.0 T 6.0 17 230 M M 0 26 220
28 60 21 41 -7 24 0 0.00 0.0 0 7.8 24 360 M M 0 8 33 360
29 50 29 40 -8 25 0 0.00 0.0 0 9.6 25 10 M M 0 34 350
30 64 24 44 -4 21 0 0.00 0.0 0 5.3 12 180 M M 0 16 150
31 69 39 54 7 11 0 0.00 0.0 0 14.7 31 320 M M 0 40 340
================================================================================
SM 1932 1135 494 22 0.40 2.9 316.4 M 85
================================================================================
AV 62.3 36.6 10.2 FASTST M M 3 MAX(MPH)
MISC ----> 52 320 76 310
================================================================================
NOTES:
# LAST OF SEVERAL OCCURRENCES
COLUMN 17 PEAK WIND IN M.P.H.
PRELIMINARY LOCAL CLIMATOLOGICAL DATA (WS FORM: F-6) , PAGE 2
STATION: LINCOLN NE
MONTH: OCTOBER
YEAR: 2020
LATITUDE: 40 50 N
LONGITUDE: 96 45 W
[TEMPERATURE DATA] [PRECIPITATION DATA] SYMBOLS USED IN COLUMN 16
AVERAGE MONTHLY: 49.5 TOTAL FOR MONTH: 0.40 1 = FOG OR MIST
DPTR FM NORMAL: -3.7 DPTR FM NORMAL: -1.57 2 = FOG REDUCING VISIBILITY
HIGHEST: 88 ON 11, 9 GRTST 24HR 0.20 ON 11-11 TO 1/4 MILE OR LESS
LOWEST: 16 ON 27 3 = THUNDER
SNOW, ICE PELLETS, HAIL 4 = ICE PELLETS
TOTAL MONTH: 2.9 INCHES 5 = HAIL
GRTST 24HR 2.9 ON 25-26 6 = FREEZING RAIN OR DRIZZLE
GRTST DEPTH: 3 ON 26 7 = DUSTSTORM OR SANDSTORM:
VSBY 1/2 MILE OR LESS
8 = SMOKE OR HAZE
[NO. OF DAYS WITH] [WEATHER - DAYS WITH] 9 = BLOWING SNOW
X = TORNADO
MAX 32 OR BELOW: 1 0.01 INCH OR MORE: 7
MAX 90 OR ABOVE: 0 0.10 INCH OR MORE: 1
MIN 32 OR BELOW: 11 0.50 INCH OR MORE: 0
MIN 0 OR BELOW: 0 1.00 INCH OR MORE: 0
[HDD (BASE 65) ]
TOTAL THIS MO. 494 CLEAR (SCALE 0-3) 21
DPTR FM NORMAL 113 PTCLDY (SCALE 4-7) 7
TOTAL FM JUL 1 593 CLOUDY (SCALE 8-10) 3
DPTR FM NORMAL 115
[CDD (BASE 65) ]
TOTAL THIS MO. 22
DPTR FM NORMAL 7 [PRESSURE DATA]
TOTAL FM JAN 1 1271 HIGHEST SLP 30.55 ON 26
DPTR FM NORMAL 98 LOWEST SLP 29.46 ON 11
[REMARKS]
#FINAL-10-20#