000
CXUS53 KOAX 011030
CF6LNK
PRELIMINARY LOCAL CLIMATOLOGICAL DATA (WS FORM: F-6)
STATION: LINCOLN NE
MONTH: NOVEMBER
YEAR: 2023
LATITUDE: 40 50 N
LONGITUDE: 96 45 W
TEMPERATURE IN F: :PCPN: SNOW: WIND :SUNSHINE: SKY :PK WND
================================================================================
1 2 3 4 5 6A 6B 7 8 9 10 11 12 13 14 15 16 17 18
12Z AVG MX 2MIN
DY MAX MIN AVG DEP HDD CDD WTR SNW DPTH SPD SPD DIR MIN PSBL S-S WX SPD DR
================================================================================
1 53 18 36 -10 29 0 0.00 0.0 0 8.3 24 210 M M 0 33 210
2 62 19 41 -5 24 0 0.00 0.0 0 6.0 16 190 M M 0 23 190
3 64 36 50 5 15 0 T 0.0 0 8.5 17 210 M M 3 25 190
4 61 30 46 1 19 0 0.00 0.0 0 3.7 10 180 M M 1 18 14 190
5 69 34 52 8 13 0 0.00 0.0 0 11.8 26 190 M M 1 1 35 190
6 71 36 54 10 11 0 0.00 0.0 0 2.4 12 230 M M 0 18 16 220
7 69 32 51 7 14 0 0.00 0.0 0 5.4 18 140 M M 2 25 140
8 71 39 55 12 10 0 0.00 0.0 0 13.3 30 350 M M 2 39 340
9 64 24 44 1 21 0 0.00 0.0 0 8.5 23 250 M M 0 32 220
10 56 21 39 -3 26 0 0.00 0.0 0 5.4 13 160 M M 0 17 130
11 58 34 46 4 19 0 T 0.0 0 12.7 26 180 M M 4 35 180
12 72 33 53 12 12 0 0.00 0.0 0 7.8 15 210 M M 0 21 200
13 72 25 49 8 16 0 0.00 0.0 0 6.9 22 180 M M 0 28 180
14 72 37 55 15 10 0 0.00 0.0 0 13.2 30 200 M M 0 39 200
15 72 30 51 11 14 0 0.00 0.0 0 4.8 12 190 M M 0 17 200
16 66 42 54 14 11 0 0.00 0.0 0 14.8 28 350 M M 0 36 190
17 54 25 40 1 25 0 0.00 0.0 0 5.2 18 360 M M 1 24 10
18 68 28 48 9 17 0 0.00 0.0 0 2.1 8 110 M M 0 8 11 140
19 52 33 43 5 22 0 0.16 0.0 0 8.2 22 110 M M 7 1 29 90
20 46 43 45 7 20 0 0.23 0.0 0 11.1 18 20 M M 10 1 24 80
21 47 24 36 -1 29 0 0.00 0.0 0 15.9 32 340 M M 3 1 40 340
22 60 22 41 4 24 0 0.00 0.0 0 6.5 22 210 M M 0 27 210
23 43 26 35 -1 30 0 0.00 0.0 0 15.9 25 30 M M 0 32 30
24 30 22 26 -10 39 0 0.00 0.0 0 13.3 21 30 M M 6 28 20
25 29 25 27 -9 38 0 0.16 0.9 0 2.9 10 80 M M 10 18 14 70
26 41 21 31 -4 34 0 0.01 0.2 1 11.2 31 340 M M 5 1 43 320
27 44 15 30 -5 35 0 0.00 0.0 0 6.7 24 310 M M 1 31 310
28 51 16 34 0 31 0 0.00 0.0 0 6.7 23 200 M M 0 30 190
29 59 22 41 7 24 0 0.00 0.0 0 6.7 16 200 M M 0 21 200
30 49 23 36 2 29 0 0.00 0.0 0 9.8 22 20 M M 0 29 20
================================================================================
SM 1725 835 661 0 0.56 1.1 255.7 M 56
================================================================================
AV 57.5 27.8 8.5 FASTST M M 2 MAX(MPH)
MISC ----> 32 340 43 320
================================================================================
NOTES:
# LAST OF SEVERAL OCCURRENCES
COLUMN 17 PEAK WIND IN M.P.H.
PRELIMINARY LOCAL CLIMATOLOGICAL DATA (WS FORM: F-6) , PAGE 2
STATION: LINCOLN NE
MONTH: NOVEMBER
YEAR: 2023
LATITUDE: 40 50 N
LONGITUDE: 96 45 W
[TEMPERATURE DATA] [PRECIPITATION DATA] SYMBOLS USED IN COLUMN 16
AVERAGE MONTHLY: 42.7 TOTAL FOR MONTH: 0.56 1 = FOG OR MIST
DPTR FM NORMAL: 2.9 DPTR FM NORMAL: -0.74 2 = FOG REDUCING VISIBILITY
HIGHEST: 72 ON 15,14 GRTST 24HR 0.29 ON 19-20 TO 1/4 MILE OR LESS
LOWEST: 15 ON 27 3 = THUNDER
SNOW, ICE PELLETS, HAIL 4 = ICE PELLETS
TOTAL MONTH: 1.1 INCHES 5 = HAIL
GRTST 24HR 0.9 ON 25-25 6 = FREEZING RAIN OR DRIZZLE
GRTST DEPTH: 1 ON 26 7 = DUSTSTORM OR SANDSTORM:
VSBY 1/2 MILE OR LESS
8 = SMOKE OR HAZE
[NO. OF DAYS WITH] [WEATHER - DAYS WITH] 9 = BLOWING SNOW
X = TORNADO
MAX 32 OR BELOW: 2 0.01 INCH OR MORE: 4
MAX 90 OR ABOVE: 0 0.10 INCH OR MORE: 3
MIN 32 OR BELOW: 20 0.50 INCH OR MORE: 0
MIN 0 OR BELOW: 0 1.00 INCH OR MORE: 0
[HDD (BASE 65) ]
TOTAL THIS MO. 661 CLEAR (SCALE 0-3) 24
DPTR FM NORMAL -94 PTCLDY (SCALE 4-7) 4
TOTAL FM JUL 1 993 CLOUDY (SCALE 8-10) 2
DPTR FM NORMAL -211
[CDD (BASE 65) ]
TOTAL THIS MO. 0
DPTR FM NORMAL 0 [PRESSURE DATA]
TOTAL FM JAN 1 1458 HIGHEST SLP 30.63 ON 24
DPTR FM NORMAL 189 LOWEST SLP 29.65 ON 8
[REMARKS]
#FINAL-11-23#