000
CXUS53 KOAX 010930
CF6LNK
PRELIMINARY LOCAL CLIMATOLOGICAL DATA (WS FORM: F-6)
STATION: LINCOLN NE
MONTH: JULY
YEAR: 2023
LATITUDE: 40 50 N
LONGITUDE: 96 45 W
TEMPERATURE IN F: :PCPN: SNOW: WIND :SUNSHINE: SKY :PK WND
================================================================================
1 2 3 4 5 6A 6B 7 8 9 10 11 12 13 14 15 16 17 18
12Z AVG MX 2MIN
DY MAX MIN AVG DEP HDD CDD WTR SNW DPTH SPD SPD DIR MIN PSBL S-S WX SPD DR
================================================================================
1 76 66 71 -6 0 6 1.04 0.0 0 7.7 23 330 M M 6 138 33 320
2 89 64 77 0 0 12 0.00 0.0 0 4.2 10 310 M M 1 18 15 320
3 92 65 79 2 0 14 0.00 0.0 0 7.4 15 180 M M 0 21 150
4 95 65 80 2 0 15 1.87 0.0 0 14.0 48 330 M M 0 13 60 330
5 79 60 70 -8 0 5 T 0.0 0 11.0 21 350 M M 7 1 27 10
6 79 56 68 -10 0 3 0.00 0.0 0 4.6 17 20 M M M M M
7 75 59 67 -11 0 2 0.99 0.0 0 9.7 30 300 M M 9 13 42 320
8 77 59 68 -10 0 3 0.00 0.0 0 5.7 16 360 M M 4 1 21 10
9 83 60 72 -6 0 7 0.00 0.0 0 4.2 14 260 M M 1 19 280
10 89 62 76 -2 0 11 0.04 0.0 0 10.1 20 200 M M 1 3 26 210
11 90 66 78 0 0 13 0.00 0.0 0 5.8 13 170 M M 0 17 130
12 86 64 75 -3 0 10 0.16 0.0 0 8.9 41 360 M M 3 13 59 10
13 87 66 77 -1 0 12 T 0.0 0 5.0 21 220 M M 1 1 25 220
14 82 66 74 -4 0 9 0.12 0.0 0 5.9 26 120 M M 2 13 36 340
15 89 63 76 -2 0 11 0.09 0.0 0 3.4 18 300 M M 0 138 26 300
16 85 66 76 -2 0 11 0.64 0.0 0 5.7 21 170 M M 2 138 27 340
17 80 65 73 -5 0 8 0.02 0.0 0 8.7 24 330 M M 1 138 29 330
18 80 63 72 -6 0 7 0.13 0.0 0 8.7 21 40 M M 3 13 27 40
19 82 64 73 -5 0 8 T 0.0 0 5.8 15 120 M M 1 1 19 120
20 83 66 75 -3 0 10 0.00 0.0 0 7.6 17 340 M M 1 1 20 350
21 84 61 73 -5 0 8 0.00 0.0 0 3.7 12 360 M M 1 17 340
22 91 62 77 -1 0 12 0.00 0.0 0 4.4 12 310 M M 1 15 310
23 90 65 78 0 0 13 0.00 0.0 0 5.3 12 160 M M 0 15 80
24 92 71 82 4 0 17 0.03 0.0 0 9.7 36 20 M M 1 3 48 20
25 88 75 82 4 0 17 0.00 0.0 0 7.5 20 130 M M 0 25 130
26 98 73 86 8 0 21 0.00 0.0 0 5.3 15 360 M M 0 1 19 360
27 101 79 90 12 0 25 0.00 0.0 0 7.7 17 180 M M 0 1 23 190
28 102 72 87 9 0 22 0.03 0.0 0 6.2 28 20 M M 0 3 36 20
29 86 70 78 0 0 13 0.25 0.0 0 10.4 29 310 M M 3 13 41 300
30 88 66 77 -1 0 12 0.00 0.0 0 7.9 29 50 M M 2 3 39 60
31 80 69 75 -3 0 10 0.20 0.0 0 9.2 15 130 M M 8 138 22 130
================================================================================
SM 2678 2028 0 347 5.61 0.0 221.4 M 59
================================================================================
AV 86.4 65.4 7.1 FASTST M M 2 MAX(MPH)
MISC ----> 48 330 60 330
================================================================================
NOTES:
# LAST OF SEVERAL OCCURRENCES
COLUMN 17 PEAK WIND IN M.P.H.
PRELIMINARY LOCAL CLIMATOLOGICAL DATA (WS FORM: F-6) , PAGE 2
STATION: LINCOLN NE
MONTH: JULY
YEAR: 2023
LATITUDE: 40 50 N
LONGITUDE: 96 45 W
[TEMPERATURE DATA] [PRECIPITATION DATA] SYMBOLS USED IN COLUMN 16
AVERAGE MONTHLY: 75.9 TOTAL FOR MONTH: 5.61 1 = FOG OR MIST
DPTR FM NORMAL: -2.2 DPTR FM NORMAL: 2.36 2 = FOG REDUCING VISIBILITY
HIGHEST: 102 ON 28 GRTST 24HR 1.87 ON 4- 4 TO 1/4 MILE OR LESS
LOWEST: 56 ON 6 3 = THUNDER
SNOW, ICE PELLETS, HAIL 4 = ICE PELLETS
TOTAL MONTH: 0.0 INCH 5 = HAIL
GRTST 24HR 0.0 6 = FREEZING RAIN OR DRIZZLE
GRTST DEPTH: 0 7 = DUSTSTORM OR SANDSTORM:
VSBY 1/2 MILE OR LESS
8 = SMOKE OR HAZE
[NO. OF DAYS WITH] [WEATHER - DAYS WITH] 9 = BLOWING SNOW
X = TORNADO
MAX 32 OR BELOW: 0 0.01 INCH OR MORE: 14
MAX 90 OR ABOVE: 9 0.10 INCH OR MORE: 9
MIN 32 OR BELOW: 0 0.50 INCH OR MORE: 4
MIN 0 OR BELOW: 0 1.00 INCH OR MORE: 2
[HDD (BASE 65) ]
TOTAL THIS MO. 0 CLEAR (SCALE 0-3) 24
DPTR FM NORMAL -1 PTCLDY (SCALE 4-7) 5
TOTAL FM JUL 1 0 CLOUDY (SCALE 8-10) 2
DPTR FM NORMAL 0
[CDD (BASE 65) ]
TOTAL THIS MO. 347
DPTR FM NORMAL -58 [PRESSURE DATA]
TOTAL FM JAN 1 828 HIGHEST SLP 30.24 ON 29
DPTR FM NORMAL 55 LOWEST SLP 29.68 ON 12
[REMARKS]
#FINAL-07-23#