000
CXUS53 KMKX 010810
CF6LNR
PRELIMINARY LOCAL CLIMATOLOGICAL DATA (WS FORM: F-6)
STATION: LONE ROCK WI
MONTH: MARCH
YEAR: 2023
LATITUDE: 43 12 N
LONGITUDE: 90 11 W
TEMPERATURE IN F: :PCPN: SNOW: WIND :SUNSHINE: SKY :PK WND
================================================================================
1 2 3 4 5 6A 6B 7 8 9 10 11 12 13 14 15 16 17 18
12Z AVG MX 2MIN
DY MAX MIN AVG DEP HDD CDD WTR SNW DPTH SPD SPD DIR MIN PSBL S-S WX SPD DR
================================================================================
1 54 34 44 15 21 0 0.02 M M 8.9 24 280 M M 9 18 38 270
2 37 27 32 3 33 0 0.00 0.0 M 5.5 18 320 M M 9 27 320
3 41 26 34 4 31 0 0.00 M M 5.9 12 350 M M 3 1 15 10
4 44 22 33 3 32 0 0.01 M M 3.5 16 290 M M 4 128 22 290
5 50 22 36 5 29 0 0.13 M M 9.4 25 90 M M 3 1 34 90
6 39 35 37 6 28 0 0.06 M M 9.5 22 100 M M 10 1 30 100
7 47 32 40 8 25 0 0.00 M M 10.8 21 60 M M 3 27 60
8 48 29 39 7 26 0 T M M 12.5 21 130 M M 5 28 120
9 39 30 35 2 30 0 0.18 M M 11.2 22 70 M M 10 12 30 60
10 36 29 33 0 32 0 0.03 M M 8.3 18 360 M M 10 18 24 350
11 34 28 31 -3 34 0 0.12 M M 10.1 17 80 M M 10 1 22 100
12 37 26 32 -2 33 0 0.06 M M 8.2 18 280 M M 10 18 26 260
13 33 23 28 -6 37 0 T M M 10.1 20 20 M M 9 29 20
14 35 9 22 -13 43 0 0.00 M M 3.7 10 200 M M 0 12 200
15 49 24 37 2 28 0 0.00 M M 8.7 20 190 M M 3 25 190
16 46 33 40 4 25 0 0.61 M M 6.5 24 290 M M 9 1 41 310
17 33 10 22 -14 43 0 T M M 21.4 30 270 M M 6 44 300
18 26 9 18 -19 47 0 T M M 13.2 22 280 M M 7 8 32 290
19 40 15 28 -9 37 0 0.00 0.0 M 10.7 17 240 M M 0 32 260
20 50 28 39 2 26 0 0.00 M M 7.2 17 210 M M 1 23 220
21 56 30 43 5 22 0 0.00 M M 8.1 17 160 M M 3 25 180
22 51 37 44 6 21 0 T M M 7.5 15 190 M M 8 1 23 180
23 44 27 36 -3 29 0 0.31 M M 5.4 13 350 M M 6 12 19 360
24 49 21 35 -4 30 0 0.00 M M 7.4 18 60 M M 0 25 70
25 52 30 41 2 24 0 0.00 M M 8.8 22 290 M M 4 29 300
26 45 20 33 -7 32 0 T M M 2.0 14 60 M M 4 8 20 60
27 53 22 38 -2 27 0 0.00 M M 4.8 14 360 M M 0 19 350
28 48 25 37 -3 28 0 0.00 M M 6.6 18 270 M M 0 26 280
29 39 17 28 -13 37 0 T M M 7.8 21 320 M M 3 1 32 310
30 44 13 29 -12 36 0 0.01 M M 8.1 18 100 M M 7 24 100
31 59 38 49 7 16 0 1.32 M M 8.9 24 250 M M 9 138 38 260
================================================================================
SM 1358 771 942 0 2.86 0.0 260.7 M 165
================================================================================
AV 43.8 24.9 8.4 FASTST M M 5 MAX(MPH)
MISC ----> 30 270 44 300
================================================================================
NOTES:
# LAST OF SEVERAL OCCURRENCES
COLUMN 17 PEAK WIND IN M.P.H.
PRELIMINARY LOCAL CLIMATOLOGICAL DATA (WS FORM: F-6) , PAGE 2
STATION: LONE ROCK WI
MONTH: MARCH
YEAR: 2023
LATITUDE: 43 12 N
LONGITUDE: 90 11 W
[TEMPERATURE DATA] [PRECIPITATION DATA] SYMBOLS USED IN COLUMN 16
AVERAGE MONTHLY: 34.3 TOTAL FOR MONTH: 2.86 1 = FOG OR MIST
DPTR FM NORMAL: -1.2 DPTR FM NORMAL: 0.98 2 = FOG REDUCING VISIBILITY
HIGHEST: 59 ON 31 GRTST 24HR 1.33 ON 30-31 TO 1/4 MILE OR LESS
LOWEST: 9 ON 18,14 3 = THUNDER
SNOW, ICE PELLETS, HAIL 4 = ICE PELLETS
TOTAL MONTH: 0.0 INCH 5 = HAIL
GRTST 24HR 0.0 6 = FREEZING RAIN OR DRIZZLE
GRTST DEPTH: M ON M 7 = DUSTSTORM OR SANDSTORM:
VSBY 1/2 MILE OR LESS
8 = SMOKE OR HAZE
[NO. OF DAYS WITH] [WEATHER - DAYS WITH] 9 = BLOWING SNOW
X = TORNADO
MAX 32 OR BELOW: 1 0.01 INCH OR MORE: 12
MAX 90 OR ABOVE: 0 0.10 INCH OR MORE: 6
MIN 32 OR BELOW: 26 0.50 INCH OR MORE: 2
MIN 0 OR BELOW: 0 1.00 INCH OR MORE: 1
[HDD (BASE 65) ]
TOTAL THIS MO. 942 CLEAR (SCALE 0-3) 8
DPTR FM NORMAL 28 PTCLDY (SCALE 4-7) 12
TOTAL FM JUL 1 5669 CLOUDY (SCALE 8-10) 11
DPTR FM NORMAL -605
[CDD (BASE 65) ]
TOTAL THIS MO. 0
DPTR FM NORMAL -1 [PRESSURE DATA]
TOTAL FM JAN 1 0 HIGHEST SLP M ON M
DPTR FM NORMAL -1 LOWEST SLP 29.19 ON 31
[REMARKS]
#FINAL-03-23#