000
CXUS55 KJKL 041436 CCA
CF6LOZ
PRELIMINARY LOCAL CLIMATOLOGICAL DATA (WS FORM: F-6)
STATION: LONDON KY
MONTH: DECEMBER
YEAR: 2021
LATITUDE: 37 4 N
LONGITUDE: 84 5 W
TEMPERATURE IN F: :PCPN: SNOW: WIND :SUNSHINE: SKY :PK WND
================================================================================
1 2 3 4 5 6A 6B 7 8 9 10 11 12 13 14 15 16 17 18
12Z AVG MX 2MIN
DY MAX MIN AVG DEP HDD CDD WTR SNW DPTH SPD SPD DIR MIN PSBL S-S WX SPD DR
================================================================================
1 58 32 45 3 20 0 T M M 4.2 13 180 M M 4 21 170
2 70 45 58 16 7 0 0.00 M M 6.9 21 270 M M 4 8 29 260
3 73 35 54 12 11 0 0.00 M M 3.1 14 220 M M 0 8 21 230
4 62 43 53 11 12 0 0.00 M M 4.3 13 20 M M 5 21 40
5 65 42 54 12 11 0 T M M 7.8 20 190 M M 8 27 180
6 63 28 46 5 19 0 1.05 M M 9.7 31 200 M M 6 13 45 220
7 40 24 32 -9 33 0 0.00 M M 2.6 9 40 M M 0 12 50
8 48 28 38 -3 27 0 T M M 3.5 15 270 M M 4 21 300
9 58 25 42 1 23 0 0.00 M M 5.3 20 190 M M 2 28 180
10 62 52 57 17 8 0 0.16 M M 6.0 15 180 M M 10 1 22 170
11 70 34 52 12 13 0 0.77 M M 12.2 29 290 M M 9 13 38 180
12 46 25 36 -4 29 0 0.00 M M 1.0 6 140 M M 0 11 240
13 56 24 40 0 25 0 0.00 M M 2.4 12 230 M M 0 1 17 220
14 64 28 46 6 19 0 0.00 M M 1.0 8 180 M M 1 1 12 170
15 66 36 51 11 14 0 0.00 M M 4.6 15 200 M M 2 22 190
16 69 44 57 18 8 0 0.21 M M 7.4 23 210 M M 4 1 35 190
17 61 48 55 16 10 0 0.19 M M 4.5 17 200 M M 10 1 26 210
18 65 42 54 15 11 0 M M M 7.3 24 280 M M 8 1 31 270
19 42 32 37 -2 28 0 M M M 8.6 15 30 M M 10 20 360
20 47 24 36 -3 29 0 0.00 M M 2.0 12 270 M M 0 15 240
21 48 28 38 0 27 0 0.00 M M 1.8 10 290 M M 1 1 13 300
22 41 26 34 -4 31 0 0.00 M M 3.6 14 290 M M 0 1 18 290
23 55 22 39 1 26 0 0.00 M M 4.4 14 220 M M 0 21 230
24 60 48 54 16 11 0 0.00 M M 9.8 22 200 M M 5 35 200
25 69 58 64 26 1 0 0.00 M M 10.1 21 230 M M 9 32 200
26 65 44 55 17 10 0 0.00 M M 0.9 9 20 M M 5 12 13 10
27 67 47 57 20 8 0 T M M 7.4 18 200 M M 8 1 28 230
28 68 50 59 22 6 0 0.21 M M 8.6 20 210 M M 10 1 36 210
29 66 54 60 23 5 0 0.39 M M 3.2 14 330 M M 10 1 26 200
30 60 42 51 14 14 0 0.00 M M 2.2 9 260 M M 7 12 13 240
31 65 40 53 16 12 0 0.06 M M 2.8 14 170 M M 9 12 21 180
================================================================================
SM 1849 1150 508 0 M M 159.2 M 151
================================================================================
AV 59.6 37.1 5.1 FASTST M M 5 MAX(MPH)
MISC ----> 31 200 45 220
================================================================================
NOTES:
# LAST OF SEVERAL OCCURRENCES
COLUMN 17 PEAK WIND IN M.P.H.
PRELIMINARY LOCAL CLIMATOLOGICAL DATA (WS FORM: F-6) , PAGE 2
STATION: LONDON KY
MONTH: DECEMBER
YEAR: 2021
LATITUDE: 37 4 N
LONGITUDE: 84 5 W
[TEMPERATURE DATA] [PRECIPITATION DATA] SYMBOLS USED IN COLUMN 16
AVERAGE MONTHLY: 48.4 TOTAL FOR MONTH: M 1 = FOG OR MIST
DPTR FM NORMAL: 9.0 DPTR FM NORMAL: -1.50 2 = FOG REDUCING VISIBILITY
HIGHEST: 73 ON 3 GRTST 24HR 1.05 ON 5- 6 TO 1/4 MILE OR LESS
LOWEST: 22 ON 23 3 = THUNDER
SNOW, ICE PELLETS, HAIL 4 = ICE PELLETS
TOTAL MONTH: M 5 = HAIL
GRTST 24HR M ON M 6 = FREEZING RAIN OR DRIZZLE
GRTST DEPTH: M ON M 7 = DUSTSTORM OR SANDSTORM:
VSBY 1/2 MILE OR LESS
8 = SMOKE OR HAZE
[NO. OF DAYS WITH] [WEATHER - DAYS WITH] 9 = BLOWING SNOW
X = TORNADO
MAX 32 OR BELOW: 0 0.01 INCH OR MORE: 8
MAX 90 OR ABOVE: 0 0.10 INCH OR MORE: 7
MIN 32 OR BELOW: 13 0.50 INCH OR MORE: 2
MIN 0 OR BELOW: 0 1.00 INCH OR MORE: 1
[HDD (BASE 65) ]
TOTAL THIS MO. 508 CLEAR (SCALE 0-3) 11
DPTR FM NORMAL -286 PTCLDY (SCALE 4-7) 12
TOTAL FM JUL 1 1346 CLOUDY (SCALE 8-10) 8
DPTR FM NORMAL -296
[CDD (BASE 65) ]
TOTAL THIS MO. 0
DPTR FM NORMAL 0 [PRESSURE DATA]
TOTAL FM JAN 1 1246 HIGHEST SLP 30.50 ON 14
DPTR FM NORMAL 29 LOWEST SLP 29.64 ON 11
[REMARKS]
MISSING MONTHLY PCPN TOTAL DUE TO SENSOR ERROR ON 18TH AND 19TH.
#FINAL-12-21#