000
CXUS53 KARX 011232
CF6LSE
PRELIMINARY LOCAL CLIMATOLOGICAL DATA (WS FORM: F-6)
STATION: LA CROSSE WI
MONTH: SEPTEMBER
YEAR: 2023
LATITUDE: 43 52 N
LONGITUDE: 91 15 W
TEMPERATURE IN F: :PCPN: SNOW: WIND :SUNSHINE: SKY :PK WND
================================================================================
1 2 3 4 5 6A 6B 7 8 9 10 11 12 13 14 15 16 17 18
12Z AVG MX 2MIN
DY MAX MIN AVG DEP HDD CDD WTR SNW DPTH SPD SPD DIR MIN PSBL S-S WX SPD DR
================================================================================
1 87 60 74 4 0 9 0.00 0.0 0 11.1 18 160 M M 0 23 170
2 97 67 82 12 0 17 0.00 0.0 0 11.5 20 190 M M 0 30 190
3 99 71 85 16 0 20 0.00 0.0 0 11.2 20 190 M M 0 27 180
4 98 71 85 16 0 20 0.00 0.0 0 10.8 21 180 M M 0 30 160
5 90 78 84 15 0 19 0.00 0.0 0 13.4 23 180 M M 1 30 190
6 79 63 71 3 0 6 T 0.0 0 13.5 21 320 M M 9 18 26 320
7 67 58 63 -5 2 0 0.00 0.0 0 8.4 13 350 M M 9 17 10
8 74 56 65 -3 0 0 0.00 0.0 0 4.3 10 160 M M 6 1 15 160
9 81 52 67 -1 0 2 0.00 0.0 0 5.2 13 290 M M 4 12 16 290
10 70 61 66 -1 0 1 0.00 0.0 0 6.8 14 320 M M 9 1 18 310
11 76 51 64 -3 1 0 T 0.0 0 6.9 20 40 M M 6 1 28 40
12 70 48 59 -7 6 0 0.17 0.0 0 4.1 22 270 M M 5 123 28 270
13 69 49 59 -7 6 0 0.00 0.0 0 4.2 10 280 M M 4 13 280
14 79 45 62 -4 3 0 0.00 0.0 0 8.9 16 170 M M 0 M M
15 71 57 64 -1 1 0 0.01 0.0 0 6.4 16 180 M M 4 20 170
16 70 55 63 -2 2 0 0.15 0.0 0 3.8 17 100 M M 7 123 26 110
17 75 52 64 0 1 0 0.00 0.0 0 4.4 12 320 M M 1 17 300
18 78 48 63 -1 2 0 0.00 0.0 0 6.2 12 180 M M 4 20 180
19 79 60 70 6 0 5 0.19 0.0 0 9.3 18 170 M M 2 1 27 170
20 79 57 68 5 0 3 0.00 0.0 0 5.7 15 190 M M 0 18 180
21 86 61 74 11 0 9 0.00 0.0 0 4.9 15 180 M M 1 3 20 160
22 73 62 68 6 0 3 0.21 0.0 0 6.3 15 120 M M 9 20 130
23 74 63 69 7 0 4 0.88 0.0 0 9.1 16 80 M M 9 13 25 80
24 74 60 67 5 0 2 0.04 0.0 0 9.2 16 140 M M 8 3 28 140
25 70 60 65 4 0 0 0.16 0.0 0 4.6 12 300 M M 7 13 14 80
26 72 60 66 5 0 1 0.37 0.0 0 5.7 16 70 M M 10 25 80
27 71 63 67 7 0 2 0.08 0.0 0 7.6 16 80 M M 10 18 23 80
28 70 59 65 5 0 0 0.00 0.0 0 5.2 12 110 M M 9 16 80
29 80 58 69 10 0 4 0.00 0.0 0 10.0 18 150 M M 4 24 150
30 87 68 78 19 0 13 0.00 0.0 0 10.1 17 180 M M 1 28 120
================================================================================
SM 2345 1773 24 140 2.26 0.0 228.8 M 139
================================================================================
AV 78.2 59.1 7.6 FASTST M M 5 MAX(MPH)
MISC ----> 23 180 # 30 160
================================================================================
NOTES:
# LAST OF SEVERAL OCCURRENCES
COLUMN 17 PEAK WIND IN M.P.H.
PRELIMINARY LOCAL CLIMATOLOGICAL DATA (WS FORM: F-6) , PAGE 2
STATION: LA CROSSE WI
MONTH: SEPTEMBER
YEAR: 2023
LATITUDE: 43 52 N
LONGITUDE: 91 15 W
[TEMPERATURE DATA] [PRECIPITATION DATA] SYMBOLS USED IN COLUMN 16
AVERAGE MONTHLY: 68.6 TOTAL FOR MONTH: 2.26 1 = FOG OR MIST
DPTR FM NORMAL: 3.8 DPTR FM NORMAL: -1.37 2 = FOG REDUCING VISIBILITY
HIGHEST: 99 ON 3 GRTST 24HR 1.08 ON 22-23 TO 1/4 MILE OR LESS
LOWEST: 45 ON 14 3 = THUNDER
SNOW, ICE PELLETS, HAIL 4 = ICE PELLETS
TOTAL MONTH: 0.0 INCH 5 = HAIL
GRTST 24HR 0.0 6 = FREEZING RAIN OR DRIZZLE
GRTST DEPTH: 0 7 = DUSTSTORM OR SANDSTORM:
VSBY 1/2 MILE OR LESS
8 = SMOKE OR HAZE
[NO. OF DAYS WITH] [WEATHER - DAYS WITH] 9 = BLOWING SNOW
X = TORNADO
MAX 32 OR BELOW: 0 0.01 INCH OR MORE: 10
MAX 90 OR ABOVE: 4 0.10 INCH OR MORE: 7
MIN 32 OR BELOW: 0 0.50 INCH OR MORE: 1
MIN 0 OR BELOW: 0 1.00 INCH OR MORE: 0
[HDD (BASE 65) ]
TOTAL THIS MO. 24 CLEAR (SCALE 0-3) 11
DPTR FM NORMAL -81 PTCLDY (SCALE 4-7) 10
TOTAL FM JUL 1 26 CLOUDY (SCALE 8-10) 9
DPTR FM NORMAL -90
[CDD (BASE 65) ]
TOTAL THIS MO. 140
DPTR FM NORMAL 41 [PRESSURE DATA]
TOTAL FM JAN 1 1017 HIGHEST SLP 30.22 ON 9
DPTR FM NORMAL 87 LOWEST SLP 29.62 ON 5
[REMARKS]
#FINAL-09-23#